000
CXUS53 KGRR 011010
CF6LAN
PRELIMINARY LOCAL CLIMATOLOGICAL DATA (WS FORM: F-6)
STATION: LANSING
MONTH: JANUARY
YEAR: 2024
LATITUDE: 42 46 N
LONGITUDE: 84 36 W
TEMPERATURE IN F: :PCPN: SNOW: WIND :SUNSHINE: SKY :PK WND
================================================================================
1 2 3 4 5 6A 6B 7 8 9 10 11 12 13 14 15 16 17 18
12Z AVG MX 2MIN
DY MAX MIN AVG DEP HDD CDD WTR SNW DPTH SPD SPD DIR MIN PSBL S-S WX SPD DR
================================================================================
1 31 28 30 4 35 0 T T 0 8.5 16 270 M M 10 1 24 10
2 33 30 32 6 33 0 0.00 0.0 0 13.6 22 250 M M 9 32 240
3 34 28 31 6 34 0 0.03 0.1 0 8.3 16 330 M M 10 1 23 330
4 29 22 26 1 39 0 0.00 0.0 0 6.9 15 330 M M 8 22 340
5 33 27 30 5 35 0 0.00 0.0 0 7.5 13 210 M M 10 20 200
6 33 27 30 5 35 0 T T 0 5.7 13 100 M M 10 18 16 100
7 35 29 32 7 33 0 0.04 0.3 0 5.2 12 250 M M 10 18 17 250
8 34 31 33 8 32 0 0.00 0.0 0 8.5 16 120 M M 10 8 21 120
9 35 32 34 10 31 0 0.74 0.6 T 9.9 20 90 M M 10 1 28 90
10 33 30 32 8 33 0 0.15 1.9 2 12.5 23 280 M M 10 1 35 300
11 35 30 33 9 32 0 0.12 2.5 3 7.6 16 220 M M 10 1 23 240
12 34 30 32 8 33 0 0.47 3.9 2 11.7 24 100 M M 9 128 32 90
13 33 15 24 0 41 0 0.06 5.5 M 18.9 30 270 M M 10 189 41 200
14 15 -4 6 -18 59 0 T 0.9 M 19.2 29 240 M M 7 18 39 230
15 11 -4 4 -20 61 0 T 0.2 4 12.3 18 200 M M 10 8 24 200
16 10 1 6 -18 59 0 T 0.1 4 14.9 25 230 M M 8 8 34 240
17 17 3 10 -14 55 0 T T 5 16.7 23 220 M M 7 8 33 210
18 25 17 21 -2 44 0 0.01 0.1 5 6.9 14 230 M M 10 18 19 240
19 19 3 11 -12 54 0 0.09 0.7 6 6.9 15 350 M M 8 18 24 360
20 22 -3 10 -13 55 0 T T 4 8.6 17 320 M M 7 8 23 350
21 23 12 18 -5 47 0 T T 5 9.8 17 200 M M 5 1 24 220
22 31 14 23 0 42 0 T T 5 11.9 20 210 M M 8 18 27 190
23 34 31 33 10 32 0 0.46 0.1 5 5.8 10 110 M M 10 16 14 130
24 37 33 35 12 30 0 0.16 0.0 4 2.6 7 100 M M 10 129 8 100
25 37 33 35 12 30 0 0.22 0.0 2 5.3 13 20 M M 10 12 17 30
26 38 33 36 13 29 0 0.69 0.0 1 7.0 15 30 M M 10 12 22 30
27 40 32 36 13 29 0 T 0.0 0 3.8 9 40 M M 10 12 13 30
28 38 33 36 13 29 0 0.03 0.0 0 10.0 18 360 M M 10 1 26 360
29 35 30 33 10 32 0 0.00 0.0 0 9.3 16 190 M M 10 1 23 170
30 34 31 33 10 32 0 0.16 1.2 1 6.5 16 180 M M 10 12 22 200
31 39 33 36 13 29 0 0.00 0.0 0 9.0 20 220 M M 9 12 27 260
================================================================================
SM 937 687 1194 0 3.43 18.1 291.3 M 285
================================================================================
AV 30.2 22.2 9.4 FASTST M M 9 MAX(MPH)
MISC ----> 30 270 41 200
================================================================================
NOTES:
# LAST OF SEVERAL OCCURRENCES
COLUMN 17 PEAK WIND IN M.P.H.
PRELIMINARY LOCAL CLIMATOLOGICAL DATA (WS FORM: F-6) , PAGE 2
STATION: LANSING
MONTH: JANUARY
YEAR: 2024
LATITUDE: 42 46 N
LONGITUDE: 84 36 W
[TEMPERATURE DATA] [PRECIPITATION DATA] SYMBOLS USED IN COLUMN 16
AVERAGE MONTHLY: 26.2 TOTAL FOR MONTH: 3.43 1 = FOG OR MIST
DPTR FM NORMAL: 2.3 DPTR FM NORMAL: 1.37 2 = FOG REDUCING VISIBILITY
HIGHEST: 40 ON 27 GRTST 24HR 0.91 ON 25-26 TO 1/4 MILE OR LESS
LOWEST: -4 ON 15,14 3 = THUNDER
SNOW, ICE PELLETS, HAIL 4 = ICE PELLETS
TOTAL MONTH: 18.1 INCHES 5 = HAIL
GRTST 24HR 5.5 ON 13-13 6 = FREEZING RAIN OR DRIZZLE
GRTST DEPTH: 6 ON 19 7 = DUSTSTORM OR SANDSTORM:
VSBY 1/2 MILE OR LESS
8 = SMOKE OR HAZE
[NO. OF DAYS WITH] [WEATHER - DAYS WITH] 9 = BLOWING SNOW
X = TORNADO
MAX 32 OR BELOW: 11 0.01 INCH OR MORE: 15
MAX 90 OR ABOVE: 0 0.10 INCH OR MORE: 9
MIN 32 OR BELOW: 26 0.50 INCH OR MORE: 2
MIN 0 OR BELOW: 3 1.00 INCH OR MORE: 0
[HDD (BASE 65) ]
TOTAL THIS MO. 1194 CLEAR (SCALE 0-3) 0
DPTR FM NORMAL -80 PTCLDY (SCALE 4-7) 8
TOTAL FM JUL 1 3285 CLOUDY (SCALE 8-10) 23
DPTR FM NORMAL -473
[CDD (BASE 65) ]
TOTAL THIS MO. 0
DPTR FM NORMAL 0 [PRESSURE DATA]
TOTAL FM JAN 1 0 HIGHEST SLP 30.64 ON 21
DPTR FM NORMAL 0 LOWEST SLP 28.89 ON 9
[REMARKS]
#FINAL-01-24#