000
CXUS53 KGRR 010910
CF6LAN
PRELIMINARY LOCAL CLIMATOLOGICAL DATA (WS FORM: F-6)
STATION: LANSING
MONTH: SEPTEMBER
YEAR: 2021
LATITUDE: 42 46 N
LONGITUDE: 84 36 W
TEMPERATURE IN F: :PCPN: SNOW: WIND :SUNSHINE: SKY :PK WND
================================================================================
1 2 3 4 5 6A 6B 7 8 9 10 11 12 13 14 15 16 17 18
12Z AVG MX 2MIN
DY MAX MIN AVG DEP HDD CDD WTR SNW DPTH SPD SPD DIR MIN PSBL S-S WX SPD DR
================================================================================
1 78 57 68 1 0 3 0.00 0.0 0 7.6 17 30 M M 2 24 60
2 78 52 65 -2 0 0 0.00 0.0 0 2.1 10 30 M M 0 15 20
3 77 53 65 -2 0 0 0.00 0.0 0 3.5 10 110 M M 0 12 100
4 77 65 71 4 0 6 0.03 0.0 0 8.3 18 260 M M 10 18 25 260
5 81 59 70 4 0 5 T 0.0 0 9.4 23 280 M M 3 1 31 280
6 77 55 66 0 0 1 0.00 0.0 0 6.9 16 260 M M 2 21 290
7 87 53 70 4 0 5 0.19 0.0 0 10.4 35 170 M M 3 13 49 170
8 77 57 67 2 0 2 0.00 0.0 0 11.6 28 260 M M 4 1 39 260
9 73 53 63 -2 2 0 0.00 0.0 0 7.1 16 300 M M 2 23 310
10 77 50 64 -1 1 0 0.00 0.0 0 3.6 15 240 M M 4 19 210
11 82 59 71 7 0 6 0.00 0.0 0 10.7 21 220 M M 0 29 230
12 82 66 74 10 0 9 0.00 0.0 0 6.7 15 40 M M 7 138 20 320
13 69 63 66 2 0 1 0.89 0.0 0 5.5 28 320 M M 8 13 42 310
14 88 64 76 13 0 11 0.08 0.0 0 11.4 31 230 M M 3 13 40 230
15 77 53 65 2 0 0 0.00 0.0 0 5.4 14 280 M M 1 1 20 280
16 79 52 66 3 0 1 0.00 0.0 0 5.2 14 150 M M 1 18 20 170
17 85 57 71 9 0 6 0.00 0.0 0 5.8 18 220 M M 2 1 23 220
18 78 56 67 5 0 2 0.00 0.0 0 7.8 18 40 M M 2 23 20
19 82 51 67 6 0 2 0.00 0.0 0 6.4 14 140 M M 1 19 150
20 80 66 73 12 0 8 T 0.0 0 12.2 23 170 M M 4 8 34 170
21 76 57 67 6 0 2 0.39 0.0 0 11.0 21 180 M M 10 1 32 180
22 57 48 53 -7 12 0 0.68 0.0 0 13.8 23 340 M M 10 1 34 350
23 51 47 49 -11 16 0 0.97 0.0 0 13.8 23 340 M M 10 1 35 340
24 73 46 60 1 5 0 T 0.0 0 9.7 20 250 M M 3 28 260
25 66 51 59 0 6 0 0.28 0.0 0 11.6 23 260 M M 6 1 31 260
26 76 50 63 4 2 0 T 0.0 0 9.7 21 220 M M 2 33 210
27 82 62 72 14 0 7 0.00 0.0 0 10.8 18 220 M M 1 26 200
28 70 50 60 2 5 0 0.00 0.0 0 4.0 9 30 M M 2 8 15 340
29 75 49 62 5 3 0 0.00 0.0 0 1.4 7 60 M M 1 1 14 30
30 77 47 62 5 3 0 0.00 0.0 0 1.6 8 160 M M 0 1 11 150
================================================================================
SM 2287 1648 55 77 3.51 0.0 235.0 M 104
================================================================================
AV 76.2 54.9 7.8 FASTST M M 3 MAX(MPH)
MISC ----> 35 170 49 170
================================================================================
NOTES:
# LAST OF SEVERAL OCCURRENCES
COLUMN 17 PEAK WIND IN M.P.H.
PRELIMINARY LOCAL CLIMATOLOGICAL DATA (WS FORM: F-6) , PAGE 2
STATION: LANSING
MONTH: SEPTEMBER
YEAR: 2021
LATITUDE: 42 46 N
LONGITUDE: 84 36 W
[TEMPERATURE DATA] [PRECIPITATION DATA] SYMBOLS USED IN COLUMN 16
AVERAGE MONTHLY: 65.6 TOTAL FOR MONTH: 3.51 1 = FOG OR MIST
DPTR FM NORMAL: 3.1 DPTR FM NORMAL: 0.70 2 = FOG REDUCING VISIBILITY
HIGHEST: 88 ON 14 GRTST 24HR 1.08 ON 22-23 TO 1/4 MILE OR LESS
LOWEST: 46 ON 24 3 = THUNDER
SNOW, ICE PELLETS, HAIL 4 = ICE PELLETS
TOTAL MONTH: 0.0 INCH 5 = HAIL
GRTST 24HR 0.0 6 = FREEZING RAIN OR DRIZZLE
GRTST DEPTH: 0 7 = DUSTSTORM OR SANDSTORM:
VSBY 1/2 MILE OR LESS
8 = SMOKE OR HAZE
[NO. OF DAYS WITH] [WEATHER - DAYS WITH] 9 = BLOWING SNOW
X = TORNADO
MAX 32 OR BELOW: 0 0.01 INCH OR MORE: 8
MAX 90 OR ABOVE: 0 0.10 INCH OR MORE: 6
MIN 32 OR BELOW: 0 0.50 INCH OR MORE: 3
MIN 0 OR BELOW: 0 1.00 INCH OR MORE: 0
[HDD (BASE 65) ]
TOTAL THIS MO. 55 CLEAR (SCALE 0-3) 19
DPTR FM NORMAL -85 PTCLDY (SCALE 4-7) 6
TOTAL FM JUL 1 55 CLOUDY (SCALE 8-10) 5
DPTR FM NORMAL -115
[CDD (BASE 65) ]
TOTAL THIS MO. 77
DPTR FM NORMAL 11 [PRESSURE DATA]
TOTAL FM JAN 1 938 HIGHEST SLP 30.25 ON 30
DPTR FM NORMAL 289 LOWEST SLP 29.60 ON 7
[REMARKS]
#FINAL-09-21#