000
CXUS53 KGRR 011017
CF6LAN
PRELIMINARY LOCAL CLIMATOLOGICAL DATA (WS FORM: F-6)

                                          STATION:   LANSING
                                          MONTH:     DECEMBER
                                          YEAR:      2017
                                          LATITUDE:   42 46 N
                                          LONGITUDE:  84 36 W

  TEMPERATURE IN F:       :PCPN:    SNOW:  WIND      :SUNSHINE: SKY     :PK WND
================================================================================
1   2   3   4   5  6A  6B    7    8   9   10  11  12  13   14  15   16   17  18
                                     12Z  AVG MX 2MIN
DY MAX MIN AVG DEP HDD CDD  WTR  SNW DPTH SPD SPD DIR MIN PSBL S-S WX    SPD DR
================================================================================

 1  48  23  36   3  29   0 0.00  0.0    0  3.2 14 230   M    M   0        18 250
 2  52  31  42   9  23   0 0.00  0.0    0  5.8 14 240   M    M   2        17 240
 3  53  27  40   8  25   0 0.00  0.0    0  4.1 12 260   M    M   0 18     14 240
 4  60  42  51  19  14   0    T  0.0    0 16.1 26 190   M    M   4        35 190
 5  60  29  45  13  20   0 0.06  0.0    0 24.4 37 250   M    M   9        50 240
 6  36  24  30  -1  35   0    T    T    0 16.5 30 250   M    M   5        42 260
 7  28  22  25  -6  40   0    T  0.1    T 11.8 22 280   M    M   9 1      25 260
 8  31  19  25  -6  40   0 0.00  0.0    T 13.5 24 230   M    M   6        32 230
 9  29  19  24  -6  41   0 0.14  2.0    T  7.2 21 210   M    M   9 18     25 220
10  26  21  24  -6  41   0    T    T    1 10.6 20 240   M    M  10 1      24 240
11  30  20  25  -5  40   0 0.08  1.0    1  7.3 15 300   M    M  10 16     20 310
12  30  13  22  -7  43   0 0.01  0.4    3 13.6 24 320   M    M   7 16     32 320
13  20  14  17 -12  48   0 0.44  5.7    1 11.0 20  30   M    M  10 12     25 130
14  24   0  12 -16  53   0    T    T    6  6.0 18 350   M    M   5 1      24 360
15  25  19  22  -6  43   0 0.03  0.9    6  9.8 20 250   M    M   9 1      23 260
16  27  16  22  -6  43   0 0.14  1.5    8  7.1 13  70   M    M   9 1      15  70
17  33  15  24  -4  41   0 0.00  0.0    7  7.3 12 130   M    M   8 1      16 150
18  41  33  37  10  28   0 0.05  0.0    5 10.4 17 240   M    M   9 1      23 250
19  45  35  40  13  25   0 0.00  0.0    1 15.9 24 290   M    M   1        30 270
20  35  23  29   2  36   0 0.00  0.0    T  6.4 20 290   M    M   2        25 290
21  34  27  31   4  34   0    T    T    T  7.6 13 100   M    M  10        17  80
22  35  30  33   7  32   0 0.00  0.0    T  4.9 10  70   M    M  10 18     13  80
23  35  21  28   2  37   0 0.00  0.0    T  8.8 20 300   M    M   8 1      25 290
24  22  17  20  -6  45   0 0.17  1.3    T  5.4 13 320   M    M   9 12     16 310
25  21   6  14 -12  51   0 0.14  3.4    2 12.2 29 280   M    M   7 1289   37 280
26  11  -5   3 -23  62   0    T    T    4  6.2 14 260   M    M   6 18     18 260
27  11  -4   4 -21  61   0 0.00  0.0    3  5.6 14 260   M    M   3 8      16 290
28  12  -9   2 -23  63   0 0.01    T    3  4.6 13 180   M    M   5 18     15 180
29  17   8  13 -12  52   0 0.02  0.4    4  7.4 16 260   M    M   9 18     19 250
30  13   0   7 -18  58   0 0.03  0.7    4  9.2 22 290   M    M   7 189    27 280
31  13  -3   5 -20  60   0 0.00  0.0    4  1.7  7  30   M    M   3         8  20
================================================================================
SM  957  533      1263   0  1.32    17.4 281.6          M      201
================================================================================
AV 30.9 17.2                               9.1 FASTST   M    M   6    MAX(MPH)
                                 MISC ---->  # 37 250               # 50  240
================================================================================
NOTES:
# LAST OF SEVERAL OCCURRENCES

COLUMN 17 PEAK WIND IN M.P.H.

PRELIMINARY LOCAL CLIMATOLOGICAL DATA (WS FORM: F-6) , PAGE 2

                                          STATION:  LANSING
                                          MONTH:    DECEMBER
                                          YEAR:     2017
                                          LATITUDE:   42 46 N
                                          LONGITUDE:  84 36 W

[TEMPERATURE DATA]      [PRECIPITATION DATA]       SYMBOLS USED IN COLUMN 16

AVERAGE MONTHLY: 24.0   TOTAL FOR MONTH:   1.32    1 = FOG OR MIST
DPTR FM NORMAL:  -4.3   DPTR FM NORMAL:   -0.55    2 = FOG REDUCING VISIBILITY
HIGHEST:    60 ON  5, 4 GRTST 24HR  0.44 ON 13-13      TO 1/4 MILE OR LESS
LOWEST:     -9 ON 28                               3 = THUNDER
                        SNOW, ICE PELLETS, HAIL    4 = ICE PELLETS
                        TOTAL MONTH:  17.4 INCHES  5 = HAIL
                        GRTST 24HR   5.7 ON 13-13  6 = FREEZING RAIN OR DRIZZLE
                        GRTST DEPTH:   8 ON 16     7 = DUSTSTORM OR SANDSTORM:
                                                       VSBY 1/2 MILE OR LESS
                                                   8 = SMOKE OR HAZE
[NO. OF DAYS WITH]      [WEATHER - DAYS WITH]      9 = BLOWING SNOW
                                                   X = TORNADO
MAX 32 OR BELOW:  18    0.01 INCH OR MORE:  13
MAX 90 OR ABOVE:   0    0.10 INCH OR MORE:   5
MIN 32 OR BELOW:  28    0.50 INCH OR MORE:   0
MIN  0 OR BELOW:   6    1.00 INCH OR MORE:   0

[HDD (BASE 65) ]
TOTAL THIS MO.  1263    CLEAR  (SCALE 0-3)   7
DPTR FM NORMAL   125    PTCLDY (SCALE 4-7)  11
TOTAL FM JUL 1  2519    CLOUDY (SCALE 8-10) 13
DPTR FM NORMAL   -33

[CDD (BASE 65) ]
TOTAL THIS MO.     0
DPTR FM NORMAL     0    [PRESSURE DATA]
TOTAL FM JAN 1   782    HIGHEST SLP 30.76 ON 28
DPTR FM NORMAL   157    LOWEST  SLP 29.44 ON 13

[REMARKS]
#FINAL-12-17#
