466
CDUS43 KGRR 252128
CLILAN


CLIMATE REPORT
NATIONAL WEATHER SERVICE GRAND RAPIDS, MI
525 PM EDT FRI MAY 25 2018


...................................

...THE LANSING MI CLIMATE SUMMARY FOR MAY 25 2018...
VALID TODAY AS OF 0500 PM LOCAL TIME.

CLIMATE NORMAL PERIOD 1981 TO 2010
CLIMATE RECORD PERIOD 1864 TO 2018


WEATHER ITEM   OBSERVED TIME   RECORD YEAR NORMAL DEPARTURE LAST
                VALUE   (LST)  VALUE       VALUE  FROM      YEAR
                                                  NORMAL
..................................................................
TEMPERATURE (F)
 TODAY
  MAXIMUM         88    319 PM  89    1977  72     16       64
                                      1875
  MINIMUM         58    515 AM  29    1992  50      8       57
  AVERAGE         73                        61     12       61

PRECIPITATION (IN)
  TODAY            0.00          1.19 1950   0.11  -0.11      T
  MONTH TO DATE    4.07                      2.68   1.39     2.44
  SINCE MAR 1      8.43                      7.77   0.66    10.73
  SINCE JAN 1     15.04                     10.89   4.15    17.01

SNOWFALL (IN)
  TODAY            0.0           T    1979   0.0    0.0      0.0
  MONTH TO DATE    0.0                       0.0    0.0      0.0
  SINCE MAR 1      8.0                       8.9   -0.9      2.6
  SINCE JUL 1     53.3                      51.1    2.2     30.2
  SNOW DEPTH       0

DEGREE DAYS
 HEATING
  TODAY            0                         6     -6        4
  MONTH TO DATE  111                       228   -117      234
  SINCE MAR 1   1825                      1691    134     1533
  SINCE JUL 1   6603                      6626    -23     5578

 COOLING
  TODAY            8                         2      6        0
  MONTH TO DATE   29                        22      7       20
  SINCE MAR 1     29                        29      0       28
  SINCE JAN 1     29                        29      0       28
..................................................................


WIND (MPH)
  RESULTANT WIND SPEED   7   RESULTANT WIND DIRECTION  SW (230)
  HIGHEST WIND SPEED    16   HIGHEST WIND DIRECTION    SW (230)
  HIGHEST GUST SPEED    23   HIGHEST GUST DIRECTION    SW (220)
  AVERAGE WIND SPEED     7.1


SKY COVER
  AVERAGE SKY COVER 0.0


WEATHER CONDITIONS
 THE FOLLOWING WEATHER WAS RECORDED TODAY.
  NO SIGNIFICANT WEATHER WAS OBSERVED.


RELATIVE HUMIDITY (PERCENT)
 HIGHEST    75           600 AM
 LOWEST     36           300 PM
 AVERAGE    56

..........................................................


THE LANSING MI CLIMATE NORMALS FOR TOMORROW
                         NORMAL    RECORD    YEAR
 MAXIMUM TEMPERATURE (F)   72        90      1911
 MINIMUM TEMPERATURE (F)   50        31      1891


SUNRISE AND SUNSET
MAY 25 2018...........SUNRISE   607 AM EDT   SUNSET   904 PM EDT
MAY 26 2018...........SUNRISE   606 AM EDT   SUNSET   905 PM EDT


-  INDICATES NEGATIVE NUMBERS.
R  INDICATES RECORD WAS SET OR TIED.
MM INDICATES DATA IS MISSING.
T  INDICATES TRACE AMOUNT.




$$

63
