432
CDUS43 KGRR 240520
CLILAN


CLIMATE REPORT
NATIONAL WEATHER SERVICE GRAND RAPIDS, MI
120 AM EDT TUE APR 24 2018


...................................

...THE LANSING MI CLIMATE SUMMARY FOR APRIL 23 2018...

CLIMATE NORMAL PERIOD 1981 TO 2010
CLIMATE RECORD PERIOD 1864 TO 2018


WEATHER ITEM   OBSERVED TIME   RECORD YEAR NORMAL DEPARTURE LAST
                VALUE   (LST)  VALUE       VALUE  FROM      YEAR
                                                  NORMAL
..................................................................
TEMPERATURE (F)
 YESTERDAY
  MAXIMUM         73    521 PM  86    1960  61     12       70
                                      1925
  MINIMUM         36    547 AM  21    1868  40     -4       35
  AVERAGE         55                        50      5       53

PRECIPITATION (IN)
  YESTERDAY        0.00          1.05 1999   0.10  -0.10     0.00
  MONTH TO DATE    3.00                      2.34   0.66     3.73
  SINCE MAR 1      4.29                      4.40  -0.11     7.36
  SINCE JAN 1     10.90                      7.52   3.38    13.64

SNOWFALL (IN)
  YESTERDAY        0.0           0.9  2005   0.1   -0.1      0.0
                                      1963
  MONTH TO DATE    2.7                       1.8    0.9      0.4
  SINCE MAR 1      8.0                       8.8   -0.8      2.6
  SINCE JUL 1     53.3                      51.0    2.3     30.2
  SNOW DEPTH       0

DEGREE DAYS
 HEATING
  YESTERDAY       10                        15     -5       12
  MONTH TO DATE  626                       438    188      310
  SINCE MAR 1   1607                      1367    240     1235
  SINCE JUL 1   6385                      6302     83     5280

 COOLING
  YESTERDAY        0                         0      0        0
  MONTH TO DATE    0                         0      0        2
  SINCE MAR 1      0                         1     -1        2
  SINCE JAN 1      0                         1     -1        2
..................................................................


WIND (MPH)
  RESULTANT WIND SPEED   6   RESULTANT WIND DIRECTION   E (110)
  HIGHEST WIND SPEED    18   HIGHEST WIND DIRECTION     S (170)
  HIGHEST GUST SPEED    25   HIGHEST GUST DIRECTION     S (170)
  AVERAGE WIND SPEED     8.6


SKY COVER
  AVERAGE SKY COVER 0.1


WEATHER CONDITIONS
 THE FOLLOWING WEATHER WAS RECORDED YESTERDAY.
  NO SIGNIFICANT WEATHER WAS OBSERVED.


RELATIVE HUMIDITY (PERCENT)
 HIGHEST    69          1000 PM
 LOWEST     29           200 PM
 AVERAGE    49

..........................................................


THE LANSING MI CLIMATE NORMALS FOR TODAY
                         NORMAL    RECORD    YEAR
 MAXIMUM TEMPERATURE (F)   61        87      1915
 MINIMUM TEMPERATURE (F)   40        23      1999
                                             1892
                                             1883


SUNRISE AND SUNSET
APRIL 24 2018.........SUNRISE   643 AM EDT   SUNSET   831 PM EDT
APRIL 25 2018.........SUNRISE   641 AM EDT   SUNSET   832 PM EDT


-  INDICATES NEGATIVE NUMBERS.
R  INDICATES RECORD WAS SET OR TIED.
MM INDICATES DATA IS MISSING.
T  INDICATES TRACE AMOUNT.




$$
