000
CDUS43 KGRR 221330
CLILAN


CLIMATE REPORT
NATIONAL WEATHER SERVICE GRAND RAPIDS, MI
929 AM EDT SUN APR 22 2018


...................................

...THE LANSING MI CLIMATE SUMMARY FOR APRIL 22 2018...
VALID AS OF 0900 AM LOCAL TIME.

CLIMATE NORMAL PERIOD 1981 TO 2010
CLIMATE RECORD PERIOD 1864 TO 2018


WEATHER ITEM   OBSERVED TIME   RECORD YEAR NORMAL DEPARTURE LAST
                VALUE   (LST)  VALUE       VALUE  FROM      YEAR
                                                  NORMAL
..................................................................
TEMPERATURE (F)
 TODAY
  MAXIMUM         46    759 AM  86    1980  61    -15       61
  MINIMUM         32    625 AM  21    1875  39     -7       36
  AVERAGE         39                        50    -11       49

PRECIPITATION (IN)
  TODAY            0.00          1.47 1999   0.09  -0.09     0.00
  MONTH TO DATE    3.00                      2.24   0.76     3.73
  SINCE MAR 1      4.29                      4.30  -0.01     7.36
  SINCE JAN 1     10.90                      7.42   3.48    13.64

SNOWFALL (IN)
  TODAY            0.0           5.0  1867   0.0    0.0      0.0
  MONTH TO DATE    2.7                       1.7    1.0      0.4
  SINCE MAR 1      8.0                       8.7   -0.7      2.6
  SINCE JUL 1     53.3                      50.9    2.4     30.2
  SNOW DEPTH       0

DEGREE DAYS
 HEATING
  TODAY           26                        15     11       16
  MONTH TO DATE  625                       423    202      298
  SINCE MAR 1   1606                      1352    254     1223
  SINCE JUL 1   6384                      6287     97     5268

 COOLING
  TODAY            0                         0      0        0
  MONTH TO DATE    0                         0      0        2
  SINCE MAR 1      0                         1     -1        2
  SINCE JAN 1      0                         1     -1        2
..................................................................


WIND (MPH)
  RESULTANT WIND SPEED   1   RESULTANT WIND DIRECTION   S (160)
  HIGHEST WIND SPEED     6   HIGHEST WIND DIRECTION    SE (150)
  HIGHEST GUST SPEED     7   HIGHEST GUST DIRECTION     S (190)
  AVERAGE WIND SPEED     1.4


SKY COVER
  AVERAGE SKY COVER 0.0


WEATHER CONDITIONS
 THE FOLLOWING WEATHER WAS RECORDED TODAY.
  NO SIGNIFICANT WEATHER WAS OBSERVED.


RELATIVE HUMIDITY (PERCENT)
 HIGHEST    85           600 AM
 LOWEST     49           800 AM
 AVERAGE    67

..........................................................


THE LANSING MI CLIMATE NORMALS FOR TOMORROW
                         NORMAL    RECORD    YEAR
 MAXIMUM TEMPERATURE (F)   61        86      1960
                                             1925
 MINIMUM TEMPERATURE (F)   40        21      1868


SUNRISE AND SUNSET
APRIL 22 2018.........SUNRISE   646 AM EDT   SUNSET   829 PM EDT
APRIL 23 2018.........SUNRISE   644 AM EDT   SUNSET   830 PM EDT


-  INDICATES NEGATIVE NUMBERS.
R  INDICATES RECORD WAS SET OR TIED.
MM INDICATES DATA IS MISSING.
T  INDICATES TRACE AMOUNT.




$$
