000
CDUS43 KGRR 140520
CLILAN


CLIMATE REPORT
NATIONAL WEATHER SERVICE GRAND RAPIDS, MI
119 AM EDT SAT APR 14 2018


...................................

...THE LANSING MI CLIMATE SUMMARY FOR APRIL 13 2018...

CLIMATE NORMAL PERIOD 1981 TO 2010
CLIMATE RECORD PERIOD 1864 TO 2018


WEATHER ITEM   OBSERVED TIME   RECORD YEAR NORMAL DEPARTURE LAST
                VALUE   (LST)  VALUE       VALUE  FROM      YEAR
                                                  NORMAL
..................................................................
TEMPERATURE (F)
 YESTERDAY
  MAXIMUM         58   1240 PM  82    1941  57      1       49
  MINIMUM         37   1159 PM  17    1950  36      1       43
                                      1869
  AVERAGE         48                        47      1       46

PRECIPITATION (IN)
  YESTERDAY        0.04          1.07 1903   0.11  -0.07     0.02
  MONTH TO DATE    0.98                      1.31  -0.33     2.57
  SINCE MAR 1      2.27                      3.37  -1.10     6.20
  SINCE JAN 1      8.88                      6.49   2.39    12.48

SNOWFALL (IN)
  YESTERDAY        0.0           3.2  1962   0.1   -0.1      0.0
  MONTH TO DATE    1.6                       1.3    0.3      0.4
  SINCE MAR 1      6.9                       8.3   -1.4      2.6
  SINCE JUL 1     52.2                      50.5    1.7     30.2
  SNOW DEPTH       0

DEGREE DAYS
 HEATING
  YESTERDAY       17                        19     -2       19
  MONTH TO DATE  378                       273    105      217
  SINCE MAR 1   1359                      1202    157     1142
  SINCE JUL 1   6137                      6137      0     5187

 COOLING
  YESTERDAY        0                         0      0        0
  MONTH TO DATE    0                         0      0        1
  SINCE MAR 1      0                         1     -1        1
  SINCE JAN 1      0                         1     -1        1
..................................................................


WIND (MPH)
  RESULTANT WIND SPEED  11   RESULTANT WIND DIRECTION  NE (40)
  HIGHEST WIND SPEED    21   HIGHEST WIND DIRECTION    NE (40)
  HIGHEST GUST SPEED    27   HIGHEST GUST DIRECTION    NE (30)
  AVERAGE WIND SPEED    11.8


SKY COVER
  AVERAGE SKY COVER 0.9


WEATHER CONDITIONS
 THE FOLLOWING WEATHER WAS RECORDED YESTERDAY.
  LIGHT RAIN
  FOG


RELATIVE HUMIDITY (PERCENT)
 HIGHEST   100           800 PM
 LOWEST     57           100 PM
 AVERAGE    79

..........................................................


THE LANSING MI CLIMATE NORMALS FOR TODAY
                         NORMAL    RECORD    YEAR
 MAXIMUM TEMPERATURE (F)   57        83      1883
 MINIMUM TEMPERATURE (F)   37        19      1885


SUNRISE AND SUNSET
APRIL 14 2018.........SUNRISE   659 AM EDT   SUNSET   820 PM EDT
APRIL 15 2018.........SUNRISE   657 AM EDT   SUNSET   821 PM EDT


-  INDICATES NEGATIVE NUMBERS.
R  INDICATES RECORD WAS SET OR TIED.
MM INDICATES DATA IS MISSING.
T  INDICATES TRACE AMOUNT.




$$
