791
CDUS43 KGRR 191333
CLILAN


CLIMATE REPORT
NATIONAL WEATHER SERVICE GRAND RAPIDS, MI
930 AM EDT SAT MAY 19 2018


...................................

...THE LANSING MI CLIMATE SUMMARY FOR MAY 19 2018...
VALID AS OF 0900 AM LOCAL TIME.

CLIMATE NORMAL PERIOD 1981 TO 2010
CLIMATE RECORD PERIOD 1864 TO 2018


WEATHER ITEM   OBSERVED TIME   RECORD YEAR NORMAL DEPARTURE LAST
                VALUE   (LST)  VALUE       VALUE  FROM      YEAR
                                                  NORMAL
..................................................................
TEMPERATURE (F)
 TODAY
  MAXIMUM         60    759 AM  91    1911  70    -10       53
  MINIMUM         57    601 AM  26    2002  48      9       43
                                      1868
  AVERAGE         59                        59      0       48

PRECIPITATION (IN)
  TODAY            0.43          1.60 1957   0.11   0.32     0.06
  MONTH TO DATE    3.59                      2.00   1.59     1.13
  SINCE MAR 1      7.95                      7.09   0.86     9.42
  SINCE JAN 1     14.56                     10.21   4.35    15.70

SNOWFALL (IN)
  TODAY            0.0           0.0    MM   0.0    0.0      0.0
  MONTH TO DATE    0.0                       0.0    0.0      0.0
  SINCE MAR 1      8.0                       8.9   -0.9      2.6
  SINCE JUL 1     53.3                      51.1    2.2     30.2
  SNOW DEPTH       0

DEGREE DAYS
 HEATING
  TODAY            6                         8     -2       17
  MONTH TO DATE   88                       188   -100      208
  SINCE MAR 1   1802                      1651    151     1507
  SINCE JUL 1   6580                      6586     -6     5552

 COOLING
  TODAY            0                         1     -1        0
  MONTH TO DATE   19                        13      6       20
  SINCE MAR 1     19                        20     -1       28
  SINCE JAN 1     19                        20     -1       28
..................................................................


WIND (MPH)
  RESULTANT WIND SPEED   6   RESULTANT WIND DIRECTION   E (90)
  HIGHEST WIND SPEED    13   HIGHEST WIND DIRECTION     S (160)
  HIGHEST GUST SPEED    16   HIGHEST GUST DIRECTION    SE (150)
  AVERAGE WIND SPEED     6.9


SKY COVER
  AVERAGE SKY COVER 1.0


WEATHER CONDITIONS
 THE FOLLOWING WEATHER WAS RECORDED TODAY.
  HEAVY RAIN
  RAIN
  LIGHT RAIN
  FOG
  HAZE


RELATIVE HUMIDITY (PERCENT)
 HIGHEST   100           600 AM
 LOWEST     69          1200 AM
 AVERAGE    85

..........................................................


THE LANSING MI CLIMATE NORMALS FOR TOMORROW
                         NORMAL    RECORD    YEAR
 MAXIMUM TEMPERATURE (F)   70        93      1977
 MINIMUM TEMPERATURE (F)   48        25      1895


SUNRISE AND SUNSET
MAY 19 2018...........SUNRISE   612 AM EDT   SUNSET   858 PM EDT
MAY 20 2018...........SUNRISE   611 AM EDT   SUNSET   859 PM EDT


-  INDICATES NEGATIVE NUMBERS.
R  INDICATES RECORD WAS SET OR TIED.
MM INDICATES DATA IS MISSING.
T  INDICATES TRACE AMOUNT.




$$

63
