000
CDUS43 KGRR 080530
CLILAN


CLIMATE REPORT
NATIONAL WEATHER SERVICE GRAND RAPIDS, MI
130 AM EDT SUN APR 8 2018


...................................

...THE LANSING MI CLIMATE SUMMARY FOR APRIL 7 2018...

CLIMATE NORMAL PERIOD 1981 TO 2010
CLIMATE RECORD PERIOD 1864 TO 2018


WEATHER ITEM   OBSERVED TIME   RECORD YEAR NORMAL DEPARTURE LAST
                VALUE   (LST)  VALUE       VALUE  FROM      YEAR
                                                  NORMAL
..................................................................
TEMPERATURE (F)
 YESTERDAY
  MAXIMUM         32   1253 PM  81    1991  54    -22       53
                                      1929
  MINIMUM         19    620 AM  -2    1982  34    -15       33
  AVERAGE         26                        44    -18       43

PRECIPITATION (IN)
  YESTERDAY        T             0.81 2006   0.10  -0.10      T
  MONTH TO DATE    0.74                      0.67   0.07     2.37
  SINCE MAR 1      2.03                      2.73  -0.70     6.00
  SINCE JAN 1      8.64                      5.85   2.79    12.28

SNOWFALL (IN)
  YESTERDAY        T             2.7  1924   0.1   -0.1       T
  MONTH TO DATE    1.6                       0.8    0.8      0.4
  SINCE MAR 1      6.9                       7.8   -0.9      2.6
  SINCE JUL 1     52.2                      50.0    2.2     30.2
  SNOW DEPTH       0

DEGREE DAYS
 HEATING
  YESTERDAY       39                        21     18       22
  MONTH TO DATE  237                       155     82      147
  SINCE MAR 1   1218                      1084    134     1072
  SINCE JUL 1   5996                      6019    -23     5117

 COOLING
  YESTERDAY        0                         0      0        0
  MONTH TO DATE    0                         0      0        0
  SINCE MAR 1      0                         1     -1        0
  SINCE JAN 1      0                         1     -1        0
..................................................................


WIND (MPH)
  RESULTANT WIND SPEED  10   RESULTANT WIND DIRECTION   W (280)
  HIGHEST WIND SPEED    22   HIGHEST WIND DIRECTION     W (250)
  HIGHEST GUST SPEED    26   HIGHEST GUST DIRECTION    NW (300)
  AVERAGE WIND SPEED    10.1


SKY COVER
  AVERAGE SKY COVER 0.5


WEATHER CONDITIONS
 THE FOLLOWING WEATHER WAS RECORDED YESTERDAY.
  NO SIGNIFICANT WEATHER WAS OBSERVED.


RELATIVE HUMIDITY (PERCENT)
 HIGHEST    74          1200 AM
 LOWEST     49           100 PM
 AVERAGE    62

..........................................................


THE LANSING MI CLIMATE NORMALS FOR TODAY
                         NORMAL    RECORD    YEAR
 MAXIMUM TEMPERATURE (F)   55        80      1875
 MINIMUM TEMPERATURE (F)   35         2      1868


SUNRISE AND SUNSET
APRIL  8 2018.........SUNRISE   709 AM EDT   SUNSET   813 PM EDT
APRIL  9 2018.........SUNRISE   707 AM EDT   SUNSET   814 PM EDT


-  INDICATES NEGATIVE NUMBERS.
R  INDICATES RECORD WAS SET OR TIED.
MM INDICATES DATA IS MISSING.
T  INDICATES TRACE AMOUNT.




$$
