319
CDUS43 KGRR 122129
CLILAN


CLIMATE REPORT
NATIONAL WEATHER SERVICE GRAND RAPIDS, MI
529 PM EDT THU APR 12 2018


...................................

...THE LANSING MI CLIMATE SUMMARY FOR APRIL 12 2018...
VALID TODAY AS OF 0500 PM LOCAL TIME.

CLIMATE NORMAL PERIOD 1981 TO 2010
CLIMATE RECORD PERIOD 1864 TO 2018


WEATHER ITEM   OBSERVED TIME   RECORD YEAR NORMAL DEPARTURE LAST
                VALUE   (LST)  VALUE       VALUE  FROM      YEAR
                                                  NORMAL
..................................................................
TEMPERATURE (F)
 TODAY
  MAXIMUM         69    205 PM  83    1977  56     13       59
  MINIMUM         43    324 AM  11    1868  36      7       42
  AVERAGE         56                        46     10       51

PRECIPITATION (IN)
  TODAY            0.16          1.25 1889   0.11   0.05      T
  MONTH TO DATE    0.94                      1.20  -0.26     2.55
  SINCE MAR 1      2.23                      3.26  -1.03     6.18
  SINCE JAN 1      8.84                      6.38   2.46    12.46

SNOWFALL (IN)
  TODAY            0.0           2.0  1932   0.1   -0.1      0.0
  MONTH TO DATE    1.6                       1.2    0.4      0.4
  SINCE MAR 1      6.9                       8.2   -1.3      2.6
  SINCE JUL 1     52.2                      50.4    1.8     30.2
  SNOW DEPTH       0

DEGREE DAYS
 HEATING
  TODAY            9                        19    -10       14
  MONTH TO DATE  361                       254    107      198
  SINCE MAR 1   1342                      1183    159     1123
  SINCE JUL 1   6120                      6118      2     5168

 COOLING
  TODAY            0                         0      0        0
  MONTH TO DATE    0                         0      0        1
  SINCE MAR 1      0                         1     -1        1
  SINCE JAN 1      0                         1     -1        1
..................................................................


WIND (MPH)
  RESULTANT WIND SPEED   9   RESULTANT WIND DIRECTION   S (160)
  HIGHEST WIND SPEED    32   HIGHEST WIND DIRECTION     W (270)
  HIGHEST GUST SPEED    41   HIGHEST GUST DIRECTION     W (280)
  AVERAGE WIND SPEED     9.7


SKY COVER
  AVERAGE SKY COVER 0.8


WEATHER CONDITIONS
 THE FOLLOWING WEATHER WAS RECORDED TODAY.
  LIGHT RAIN
  FOG


RELATIVE HUMIDITY (PERCENT)
 HIGHEST    MM
 LOWEST     MM
 AVERAGE    MM

..........................................................


THE LANSING MI CLIMATE NORMALS FOR TOMORROW
                         NORMAL    RECORD    YEAR
 MAXIMUM TEMPERATURE (F)   57        82      1941
 MINIMUM TEMPERATURE (F)   36        17      1950
                                             1869


SUNRISE AND SUNSET
APRIL 12 2018.........SUNRISE   702 AM EDT   SUNSET   817 PM EDT
APRIL 13 2018.........SUNRISE   700 AM EDT   SUNSET   818 PM EDT


-  INDICATES NEGATIVE NUMBERS.
R  INDICATES RECORD WAS SET OR TIED.
MM INDICATES DATA IS MISSING.
T  INDICATES TRACE AMOUNT.




$$
