000
CDUS43 KGRR 051349
CLILAN


CLIMATE REPORT
NATIONAL WEATHER SERVICE GRAND RAPIDS, MI
949 AM EDT SAT MAY 5 2018


...................................

...THE LANSING MI CLIMATE SUMMARY FOR MAY 5 2018...
VALID AS OF 0900 AM LOCAL TIME.

CLIMATE NORMAL PERIOD 1981 TO 2010
CLIMATE RECORD PERIOD 1864 TO 2018


WEATHER ITEM   OBSERVED TIME   RECORD YEAR NORMAL DEPARTURE LAST
                VALUE   (LST)  VALUE       VALUE  FROM      YEAR
                                                  NORMAL
..................................................................
TEMPERATURE (F)
 TODAY
  MAXIMUM         62    759 AM  92    1895  65     -3       58
  MINIMUM         56    556 AM  27    1987  43     13       41
  AVERAGE         59                        54      5       50

PRECIPITATION (IN)
  TODAY            0.00          1.10 1892   0.11  -0.11     0.00
  MONTH TO DATE    0.72                      0.52   0.20     0.84
  SINCE MAR 1      5.08                      5.61  -0.53     9.13
  SINCE JAN 1     11.69                      8.73   2.96    15.41

SNOWFALL (IN)
  TODAY            0.0           T    1954   0.0    0.0      0.0
  MONTH TO DATE    0.0                       0.0    0.0      0.0
  SINCE MAR 1      8.0                       8.9   -0.9      2.6
  SINCE JUL 1     53.3                      51.1    2.2     30.2
  SNOW DEPTH       0

DEGREE DAYS
 HEATING
  TODAY            6                        11     -5       15
  MONTH TO DATE    7                        58    -51       80
  SINCE MAR 1   1721                      1521    200     1379
  SINCE JUL 1   6499                      6456     43     5424

 COOLING
  TODAY            0                         0      0        0
  MONTH TO DATE   14                         0     14        0
  SINCE MAR 1     14                         7      7        8
  SINCE JAN 1     14                         7      7        8
..................................................................


WIND (MPH)
  RESULTANT WIND SPEED  10   RESULTANT WIND DIRECTION  SW (210)
  HIGHEST WIND SPEED    15   HIGHEST WIND DIRECTION    SW (220)
  HIGHEST GUST SPEED    19   HIGHEST GUST DIRECTION    SW (230)
  AVERAGE WIND SPEED    10.0


SKY COVER
  AVERAGE SKY COVER 0.3


WEATHER CONDITIONS
 THE FOLLOWING WEATHER WAS RECORDED TODAY.
  NO SIGNIFICANT WEATHER WAS OBSERVED.


RELATIVE HUMIDITY (PERCENT)
 HIGHEST    77          1200 AM
 LOWEST     67           800 AM
 AVERAGE    72

..........................................................


THE LANSING MI CLIMATE NORMALS FOR TOMORROW
                         NORMAL    RECORD    YEAR
 MAXIMUM TEMPERATURE (F)   66        89      1949
 MINIMUM TEMPERATURE (F)   44        21      1874


SUNRISE AND SUNSET
MAY  5 2018...........SUNRISE   627 AM EDT   SUNSET   843 PM EDT
MAY  6 2018...........SUNRISE   626 AM EDT   SUNSET   845 PM EDT


-  INDICATES NEGATIVE NUMBERS.
R  INDICATES RECORD WAS SET OR TIED.
MM INDICATES DATA IS MISSING.
T  INDICATES TRACE AMOUNT.




$$
