000
CDUS43 KGRR 092128
CLILAN


CLIMATE REPORT
NATIONAL WEATHER SERVICE GRAND RAPIDS, MI
525 PM EDT WED MAY 9 2018


...................................

...THE LANSING MI CLIMATE SUMMARY FOR MAY 9 2018...
VALID TODAY AS OF 0500 PM LOCAL TIME.

CLIMATE NORMAL PERIOD 1981 TO 2010
CLIMATE RECORD PERIOD 1864 TO 2018


WEATHER ITEM   OBSERVED TIME   RECORD YEAR NORMAL DEPARTURE LAST
                VALUE   (LST)  VALUE       VALUE  FROM      YEAR
                                                  NORMAL
..................................................................
TEMPERATURE (F)
 TODAY
  MAXIMUM         79    313 PM  92    1895  67     12       66
  MINIMUM         53    257 AM  25    1868  44      9       29
  AVERAGE         66                        56     10       48

PRECIPITATION (IN)
  TODAY            0.00          1.76 1956   0.10  -0.10     0.00
  MONTH TO DATE    0.72                      0.93  -0.21     0.84
  SINCE MAR 1      5.08                      6.02  -0.94     9.13
  SINCE JAN 1     11.69                      9.14   2.55    15.41

SNOWFALL (IN)
  TODAY            0.0          11.5  1923   0.0    0.0      0.0
  MONTH TO DATE    0.0                       0.0    0.0      0.0
  SINCE MAR 1      8.0                       8.9   -0.9      2.6
  SINCE JUL 1     53.3                      51.1    2.2     30.2
  SNOW DEPTH       0

DEGREE DAYS
 HEATING
  TODAY            0                        10    -10       17
  MONTH TO DATE   22                       100    -78      153
  SINCE MAR 1   1736                      1563    173     1452
  SINCE JUL 1   6514                      6498     16     5497

 COOLING
  TODAY            1                         1      0        0
  MONTH TO DATE   19                         3     16        0
  SINCE MAR 1     19                        10      9        8
  SINCE JAN 1     19                        10      9        8
..................................................................


WIND (MPH)
  RESULTANT WIND SPEED  12   RESULTANT WIND DIRECTION   S (170)
  HIGHEST WIND SPEED    23   HIGHEST WIND DIRECTION    SW (210)
  HIGHEST GUST SPEED    29   HIGHEST GUST DIRECTION     S (180)
  AVERAGE WIND SPEED    12.5


SKY COVER
  AVERAGE SKY COVER 0.1


WEATHER CONDITIONS
 THE FOLLOWING WEATHER WAS RECORDED TODAY.
  HAZE


RELATIVE HUMIDITY (PERCENT)
 HIGHEST    77           300 AM
 LOWEST     35          1100 AM
 AVERAGE    56

..........................................................


THE LANSING MI CLIMATE NORMALS FOR TOMORROW
                         NORMAL    RECORD    YEAR
 MAXIMUM TEMPERATURE (F)   67        91      1895
 MINIMUM TEMPERATURE (F)   45        19      1966


SUNRISE AND SUNSET
MAY  9 2018...........SUNRISE   622 AM EDT   SUNSET   848 PM EDT
MAY 10 2018...........SUNRISE   621 AM EDT   SUNSET   849 PM EDT


-  INDICATES NEGATIVE NUMBERS.
R  INDICATES RECORD WAS SET OR TIED.
MM INDICATES DATA IS MISSING.
T  INDICATES TRACE AMOUNT.




$$

63
