000
CDUS43 KGRR 110516
CLILAN


CLIMATE REPORT
NATIONAL WEATHER SERVICE GRAND RAPIDS, MI
116 AM EDT WED APR 11 2018


...................................

...THE LANSING MI CLIMATE SUMMARY FOR APRIL 10 2018...

CLIMATE NORMAL PERIOD 1981 TO 2010
CLIMATE RECORD PERIOD 1864 TO 2018


WEATHER ITEM   OBSERVED TIME   RECORD YEAR NORMAL DEPARTURE LAST
                VALUE   (LST)  VALUE       VALUE  FROM      YEAR
                                                  NORMAL
..................................................................
TEMPERATURE (F)
 YESTERDAY
  MAXIMUM         45        MM  83    2011  56    -11       76
  MINIMUM         24        MM  14    1989  35    -11       56
  AVERAGE         35                        45    -10       66

PRECIPITATION (IN)
  YESTERDAY        0.00          1.17 1864   0.11  -0.11     0.18
  MONTH TO DATE    0.78                      0.99  -0.21     2.55
  SINCE MAR 1      2.07                      3.05  -0.98     6.18
  SINCE JAN 1      8.68                      6.17   2.51    12.46

SNOWFALL (IN)
  YESTERDAY        0.0           3.2  1942   0.0    0.0      0.0
  MONTH TO DATE    1.6                       1.0    0.6      0.4
  SINCE MAR 1      6.9                       8.0   -1.1      2.6
  SINCE JUL 1     52.2                      50.2    2.0     30.2
  SNOW DEPTH       0

DEGREE DAYS
 HEATING
  YESTERDAY       30                        20     10        0
  MONTH TO DATE  333                       216    117      169
  SINCE MAR 1   1314                      1145    169     1094
  SINCE JUL 1   6092                      6080     12     5139

 COOLING
  YESTERDAY        0                         0      0        1
  MONTH TO DATE    0                         0      0        1
  SINCE MAR 1      0                         1     -1        1
  SINCE JAN 1      0                         1     -1        1
..................................................................


WIND (MPH)
  RESULTANT WIND SPEED   8   RESULTANT WIND DIRECTION   W (260)
  HIGHEST WIND SPEED    16   HIGHEST WIND DIRECTION     W (280)
  HIGHEST GUST SPEED    23   HIGHEST GUST DIRECTION     W (280)
  AVERAGE WIND SPEED     8.7


SKY COVER
  AVERAGE SKY COVER 0.4


WEATHER CONDITIONS
 THE FOLLOWING WEATHER WAS RECORDED YESTERDAY.
  NO SIGNIFICANT WEATHER WAS OBSERVED.


RELATIVE HUMIDITY (PERCENT)
 HIGHEST    92          1200 AM
 LOWEST     33          1200 PM
 AVERAGE    63

..........................................................


THE LANSING MI CLIMATE NORMALS FOR TODAY
                         NORMAL    RECORD    YEAR
 MAXIMUM TEMPERATURE (F)   56        82      1977
 MINIMUM TEMPERATURE (F)   36        13      1874


SUNRISE AND SUNSET
APRIL 11 2018.........SUNRISE   703 AM EDT   SUNSET   816 PM EDT
APRIL 12 2018.........SUNRISE   702 AM EDT   SUNSET   817 PM EDT


-  INDICATES NEGATIVE NUMBERS.
R  INDICATES RECORD WAS SET OR TIED.
MM INDICATES DATA IS MISSING.
T  INDICATES TRACE AMOUNT.




$$
