264
CDUS43 KGRR 172140
CLILAN


CLIMATE REPORT
NATIONAL WEATHER SERVICE GRAND RAPIDS, MI
540 PM EDT TUE APR 17 2018


...................................

...THE LANSING MI CLIMATE SUMMARY FOR APRIL 17 2018...
VALID TODAY AS OF 0500 PM LOCAL TIME.

CLIMATE NORMAL PERIOD 1981 TO 2010
CLIMATE RECORD PERIOD 1864 TO 2018


WEATHER ITEM   OBSERVED TIME   RECORD YEAR NORMAL DEPARTURE LAST
                VALUE   (LST)  VALUE       VALUE  FROM      YEAR
                                                  NORMAL
..................................................................
TEMPERATURE (F)
 TODAY
  MAXIMUM         36    231 PM  85    1964  59    -23       67
  MINIMUM         26    700 AM   0    1875  38    -12       41
  AVERAGE         31                        48    -17       54

PRECIPITATION (IN)
  TODAY            0.03          1.37 1939   0.11  -0.08     0.00
  MONTH TO DATE    2.99                      1.74   1.25     2.67
  SINCE MAR 1      4.28                      3.80   0.48     6.30
  SINCE JAN 1     10.89                      6.92   3.97    12.58

SNOWFALL (IN)
  TODAY            0.8           2.7  1983   0.0    0.8      0.0
                                      1921
  MONTH TO DATE    2.7                       1.5    1.2      0.4
  SINCE MAR 1      8.0                       8.5   -0.5      2.6
  SINCE JUL 1     53.3                      50.7    2.6     30.2
  SNOW DEPTH       1

DEGREE DAYS
 HEATING
  TODAY           34                        17     17       11
  MONTH TO DATE  509                       343    166      244
  SINCE MAR 1   1490                      1272    218     1169
  SINCE JUL 1   6268                      6207     61     5214

 COOLING
  TODAY            0                         0      0        0
  MONTH TO DATE    0                         0      0        2
  SINCE MAR 1      0                         1     -1        2
  SINCE JAN 1      0                         1     -1        2
..................................................................


WIND (MPH)
  RESULTANT WIND SPEED  15   RESULTANT WIND DIRECTION   W (280)
  HIGHEST WIND SPEED    25   HIGHEST WIND DIRECTION     W (270)
  HIGHEST GUST SPEED    35   HIGHEST GUST DIRECTION     W (270)
  AVERAGE WIND SPEED    15.2


SKY COVER
  AVERAGE SKY COVER 0.9


WEATHER CONDITIONS
 THE FOLLOWING WEATHER WAS RECORDED TODAY.
  LIGHT SNOW
  FOG


RELATIVE HUMIDITY (PERCENT)
 HIGHEST    92           400 AM
 LOWEST     64           100 PM
 AVERAGE    78

..........................................................


THE LANSING MI CLIMATE NORMALS FOR TOMORROW
                         NORMAL    RECORD    YEAR
 MAXIMUM TEMPERATURE (F)   59        86      2002
 MINIMUM TEMPERATURE (F)   38         8      1875


SUNRISE AND SUNSET
APRIL 17 2018.........SUNRISE   654 AM EDT   SUNSET   823 PM EDT
APRIL 18 2018.........SUNRISE   652 AM EDT   SUNSET   824 PM EDT


-  INDICATES NEGATIVE NUMBERS.
R  INDICATES RECORD WAS SET OR TIED.
MM INDICATES DATA IS MISSING.
T  INDICATES TRACE AMOUNT.




$$
