142
CDUS43 KGRR 150520
CLILAN


CLIMATE REPORT
NATIONAL WEATHER SERVICE GRAND RAPIDS, MI
119 AM EDT SUN APR 15 2018


...................................

...THE LANSING MI CLIMATE SUMMARY FOR APRIL 14 2018...

CLIMATE NORMAL PERIOD 1981 TO 2010
CLIMATE RECORD PERIOD 1864 TO 2018


WEATHER ITEM   OBSERVED TIME   RECORD YEAR NORMAL DEPARTURE LAST
                VALUE   (LST)  VALUE       VALUE  FROM      YEAR
                                                  NORMAL
..................................................................
TEMPERATURE (F)
 YESTERDAY
  MAXIMUM         38    706 AM  83    1883  57    -19       66
  MINIMUM         28   1156 PM  19    1885  37     -9       40
  AVERAGE         33                        47    -14       53

PRECIPITATION (IN)
  YESTERDAY        1.15          1.40 1968   0.10   1.05      T
  MONTH TO DATE    2.13                      1.41   0.72     2.57
  SINCE MAR 1      3.42                      3.47  -0.05     6.20
  SINCE JAN 1     10.03                      6.59   3.44    12.48

SNOWFALL (IN)
  YESTERDAY        T             1.5  1939   0.0    0.0      0.0
  MONTH TO DATE    1.6                       1.3    0.3      0.4
  SINCE MAR 1      6.9                       8.3   -1.4      2.6
  SINCE JUL 1     52.2                      50.5    1.7     30.2
  SNOW DEPTH       0

DEGREE DAYS
 HEATING
  YESTERDAY       32                        18     14       12
  MONTH TO DATE  410                       291    119      229
  SINCE MAR 1   1391                      1220    171     1154
  SINCE JUL 1   6169                      6155     14     5199

 COOLING
  YESTERDAY        0                         0      0        0
  MONTH TO DATE    0                         0      0        1
  SINCE MAR 1      0                         1     -1        1
  SINCE JAN 1      0                         1     -1        1
..................................................................


WIND (MPH)
  RESULTANT WIND SPEED  18   RESULTANT WIND DIRECTION  NE (60)
  HIGHEST WIND SPEED    28   HIGHEST WIND DIRECTION    NE (60)
  HIGHEST GUST SPEED    37   HIGHEST GUST DIRECTION    NE (60)
  AVERAGE WIND SPEED    18.8


SKY COVER
  AVERAGE SKY COVER 0.9


WEATHER CONDITIONS
 THE FOLLOWING WEATHER WAS RECORDED YESTERDAY.
  RAIN
  LIGHT RAIN
  LIGHT SNOW
  FOG


RELATIVE HUMIDITY (PERCENT)
 HIGHEST   100           900 AM
 LOWEST     92           200 AM
 AVERAGE    96

..........................................................


THE LANSING MI CLIMATE NORMALS FOR TODAY
                         NORMAL    RECORD    YEAR
 MAXIMUM TEMPERATURE (F)   58        84      2003
                                             2002
 MINIMUM TEMPERATURE (F)   37        14      1875


SUNRISE AND SUNSET
APRIL 15 2018.........SUNRISE   657 AM EDT   SUNSET   821 PM EDT
APRIL 16 2018.........SUNRISE   655 AM EDT   SUNSET   822 PM EDT


-  INDICATES NEGATIVE NUMBERS.
R  INDICATES RECORD WAS SET OR TIED.
MM INDICATES DATA IS MISSING.
T  INDICATES TRACE AMOUNT.




$$
