000
CDUS43 KGRR 181334
CLILAN


CLIMATE REPORT
NATIONAL WEATHER SERVICE GRAND RAPIDS, MI
931 AM EDT FRI MAY 18 2018


...................................

...THE LANSING MI CLIMATE SUMMARY FOR MAY 18 2018...
VALID AS OF 0900 AM LOCAL TIME.

CLIMATE NORMAL PERIOD 1981 TO 2010
CLIMATE RECORD PERIOD 1864 TO 2018


WEATHER ITEM   OBSERVED TIME   RECORD YEAR NORMAL DEPARTURE LAST
                VALUE   (LST)  VALUE       VALUE  FROM      YEAR
                                                  NORMAL
..................................................................
TEMPERATURE (F)
 TODAY
  MAXIMUM         55    759 AM  89    1911  69    -14       84
  MINIMUM         45    408 AM  23    1868  47     -2       50
  AVERAGE         50                        58     -8       67

PRECIPITATION (IN)
  TODAY            0.00          3.22 2000   0.11  -0.11     0.06
  MONTH TO DATE    3.16                      1.89   1.27     1.07
  SINCE MAR 1      7.52                      6.98   0.54     9.36
  SINCE JAN 1     14.13                     10.10   4.03    15.64

SNOWFALL (IN)
  TODAY            0.0           0.4  1915   0.0    0.0      0.0
  MONTH TO DATE    0.0                       0.0    0.0      0.0
  SINCE MAR 1      8.0                       8.9   -0.9      2.6
  SINCE JUL 1     53.3                      51.1    2.2     30.2
  SNOW DEPTH       0

DEGREE DAYS
 HEATING
  TODAY           15                         8      7        0
  MONTH TO DATE   93                       180    -87      191
  SINCE MAR 1   1807                      1643    164     1490
  SINCE JUL 1   6585                      6578      7     5535

 COOLING
  TODAY            0                         1     -1        2
  MONTH TO DATE   19                        12      7       20
  SINCE MAR 1     19                        19      0       28
  SINCE JAN 1     19                        19      0       28
..................................................................


WIND (MPH)
  RESULTANT WIND SPEED   8   RESULTANT WIND DIRECTION  NE (50)
  HIGHEST WIND SPEED    12   HIGHEST WIND DIRECTION    NE (60)
  HIGHEST GUST SPEED    16   HIGHEST GUST DIRECTION     E (70)
  AVERAGE WIND SPEED     8.7


SKY COVER
  AVERAGE SKY COVER 0.0


WEATHER CONDITIONS
 THE FOLLOWING WEATHER WAS RECORDED TODAY.
  NO SIGNIFICANT WEATHER WAS OBSERVED.


RELATIVE HUMIDITY (PERCENT)
 HIGHEST    65           300 AM
 LOWEST     56          1200 AM
 AVERAGE    61

..........................................................


THE LANSING MI CLIMATE NORMALS FOR TOMORROW
                         NORMAL    RECORD    YEAR
 MAXIMUM TEMPERATURE (F)   70        91      1911
 MINIMUM TEMPERATURE (F)   48        26      2002
                                             1868


SUNRISE AND SUNSET
MAY 18 2018...........SUNRISE   613 AM EDT   SUNSET   857 PM EDT
MAY 19 2018...........SUNRISE   612 AM EDT   SUNSET   858 PM EDT


-  INDICATES NEGATIVE NUMBERS.
R  INDICATES RECORD WAS SET OR TIED.
MM INDICATES DATA IS MISSING.
T  INDICATES TRACE AMOUNT.




$$

63
