000
CDUS43 KGRR 162130
CLILAN


CLIMATE REPORT
NATIONAL WEATHER SERVICE GRAND RAPIDS, MI
529 PM EDT SAT JUN 16 2018


...................................

...THE LANSING MI CLIMATE SUMMARY FOR JUNE 16 2018...
VALID TODAY AS OF 0500 PM LOCAL TIME.

CLIMATE NORMAL PERIOD 1981 TO 2010
CLIMATE RECORD PERIOD 1864 TO 2018


WEATHER ITEM   OBSERVED TIME   RECORD YEAR NORMAL DEPARTURE LAST
                VALUE   (LST)  VALUE       VALUE  FROM      YEAR
                                                  NORMAL
..................................................................
TEMPERATURE (F)
 TODAY
  MAXIMUM         83    349 PM  95    1994  79      4       84
                                      1913
  MINIMUM         65    619 AM  36    1869  57      8       67
  AVERAGE         74                        68      6       76

PRECIPITATION (IN)
  TODAY            0.05          1.75 1920   0.12  -0.07     0.05
  MONTH TO DATE    1.44                      1.88  -0.44     0.28
  SINCE JUN 1      1.44                      1.88  -0.44     0.28
  SINCE JAN 1     17.38                     13.45   3.93    17.34

SNOWFALL (IN)
  TODAY            0.0           0.0    MM   0.0    0.0      0.0
  MONTH TO DATE    0.0                       0.0    0.0      0.0
  SINCE JUN 1      0.0                       0.0    0.0      0.0
  SINCE JUL 1     53.3                      51.1    2.2     30.2
  SNOW DEPTH       0

DEGREE DAYS
 HEATING
  TODAY            0                         1     -1        0
  MONTH TO DATE   21                        43    -22        7
  SINCE JUN 1     21                        43    -22        7
  SINCE JUL 1   6624                      6700    -76     5596

 COOLING
  TODAY            9                         4      5       11
  MONTH TO DATE   42                        52    -10      128
  SINCE JUN 1     42                        52    -10      128
  SINCE JAN 1    152                        93     59      163
..................................................................


WIND (MPH)
  RESULTANT WIND SPEED   3   RESULTANT WIND DIRECTION   S (170)
  HIGHEST WIND SPEED    13   HIGHEST WIND DIRECTION    SE (150)
  HIGHEST GUST SPEED    16   HIGHEST GUST DIRECTION     S (170)
  AVERAGE WIND SPEED     4.6


SKY COVER
  AVERAGE SKY COVER 0.6


WEATHER CONDITIONS
 THE FOLLOWING WEATHER WAS RECORDED TODAY.
  RAIN
  LIGHT RAIN
  HAZE


RELATIVE HUMIDITY (PERCENT)
 HIGHEST    90           800 AM
 LOWEST     57          1200 AM
 AVERAGE    74

..........................................................


THE LANSING MI CLIMATE NORMALS FOR TOMORROW
                         NORMAL    RECORD    YEAR
 MAXIMUM TEMPERATURE (F)   79        95      1994
                                             1957
 MINIMUM TEMPERATURE (F)   58        38      1972


SUNRISE AND SUNSET
JUNE 16 2018..........SUNRISE   559 AM EDT   SUNSET   919 PM EDT
JUNE 17 2018..........SUNRISE   600 AM EDT   SUNSET   919 PM EDT


-  INDICATES NEGATIVE NUMBERS.
R  INDICATES RECORD WAS SET OR TIED.
MM INDICATES DATA IS MISSING.
T  INDICATES TRACE AMOUNT.




$$
