000
CDUS43 KGRR 221334
CLILAN


CLIMATE REPORT
NATIONAL WEATHER SERVICE GRAND RAPIDS, MI
932 AM EDT TUE MAY 22 2018


...................................

...THE LANSING MI CLIMATE SUMMARY FOR MAY 22 2018...
VALID AS OF 0900 AM LOCAL TIME.

CLIMATE NORMAL PERIOD 1981 TO 2010
CLIMATE RECORD PERIOD 1864 TO 2018


WEATHER ITEM   OBSERVED TIME   RECORD YEAR NORMAL DEPARTURE LAST
                VALUE   (LST)  VALUE       VALUE  FROM      YEAR
                                                  NORMAL
..................................................................
TEMPERATURE (F)
 TODAY
  MAXIMUM         56    759 AM  90    1964  71    -15       69
  MINIMUM         51    200 AM  27    1866  49      2       49
  AVERAGE         54                        60     -6       59

PRECIPITATION (IN)
  TODAY            T             3.00 1880   0.11  -0.11      T
  MONTH TO DATE    4.07                      2.33   1.74     1.87
  SINCE MAR 1      8.43                      7.42   1.01    10.16
  SINCE JAN 1     15.04                     10.54   4.50    16.44

SNOWFALL (IN)
  TODAY            0.0           T    1963   0.0    0.0      0.0
  MONTH TO DATE    0.0                       0.0    0.0      0.0
  SINCE MAR 1      8.0                       8.9   -0.9      2.6
  SINCE JUL 1     53.3                      51.1    2.2     30.2
  SNOW DEPTH       0

DEGREE DAYS
 HEATING
  TODAY           11                         7      4        6
  MONTH TO DATE  114                       209    -95      225
  SINCE MAR 1   1828                      1672    156     1524
  SINCE JUL 1   6606                      6607     -1     5569

 COOLING
  TODAY            0                         1     -1        0
  MONTH TO DATE   19                        16      3       20
  SINCE MAR 1     19                        23     -4       28
  SINCE JAN 1     19                        23     -4       28
..................................................................


WIND (MPH)
  RESULTANT WIND SPEED   2   RESULTANT WIND DIRECTION   E (80)
  HIGHEST WIND SPEED     7   HIGHEST WIND DIRECTION    SE (150)
  HIGHEST GUST SPEED    10   HIGHEST GUST DIRECTION    SE (150)
  AVERAGE WIND SPEED     2.7


SKY COVER
  AVERAGE SKY COVER 1.0


WEATHER CONDITIONS
 THE FOLLOWING WEATHER WAS RECORDED TODAY.
  LIGHT RAIN
  FOG


RELATIVE HUMIDITY (PERCENT)
 HIGHEST    96           200 AM
 LOWEST     89          1200 AM
 AVERAGE    93

..........................................................


THE LANSING MI CLIMATE NORMALS FOR TOMORROW
                         NORMAL    RECORD    YEAR
 MAXIMUM TEMPERATURE (F)   71        91      1977
 MINIMUM TEMPERATURE (F)   49        26      1866


SUNRISE AND SUNSET
MAY 22 2018...........SUNRISE   609 AM EDT   SUNSET   901 PM EDT
MAY 23 2018...........SUNRISE   609 AM EDT   SUNSET   902 PM EDT


-  INDICATES NEGATIVE NUMBERS.
R  INDICATES RECORD WAS SET OR TIED.
MM INDICATES DATA IS MISSING.
T  INDICATES TRACE AMOUNT.




$$

63
