000
CDUS43 KGRR 112125
CLILAN


CLIMATE REPORT
NATIONAL WEATHER SERVICE GRAND RAPIDS, MI
525 PM EDT WED APR 11 2018


...................................

...THE LANSING MI CLIMATE SUMMARY FOR APRIL 11 2018...
VALID TODAY AS OF 0500 PM LOCAL TIME.

CLIMATE NORMAL PERIOD 1981 TO 2010
CLIMATE RECORD PERIOD 1864 TO 2018


WEATHER ITEM   OBSERVED TIME   RECORD YEAR NORMAL DEPARTURE LAST
                VALUE   (LST)  VALUE       VALUE  FROM      YEAR
                                                  NORMAL
..................................................................
TEMPERATURE (F)
 TODAY
  MAXIMUM         55    355 PM  82    1977  56     -1       57
  MINIMUM         35    738 AM  13    1874  36     -1       43
  AVERAGE         45                        46     -1       50

PRECIPITATION (IN)
  TODAY            T             1.60 1871   0.10  -0.10     0.00
  MONTH TO DATE    0.78                      1.09  -0.31     2.55
  SINCE MAR 1      2.07                      3.15  -1.08     6.18
  SINCE JAN 1      8.68                      6.27   2.41    12.46

SNOWFALL (IN)
  TODAY            T             5.2  2007   0.1   -0.1      0.0
  MONTH TO DATE    1.6                       1.1    0.5      0.4
  SINCE MAR 1      6.9                       8.1   -1.2      2.6
  SINCE JUL 1     52.2                      50.3    1.9     30.2
  SNOW DEPTH       0

DEGREE DAYS
 HEATING
  TODAY           20                        19      1       15
  MONTH TO DATE  353                       235    118      184
  SINCE MAR 1   1334                      1164    170     1109
  SINCE JUL 1   6112                      6099     13     5154

 COOLING
  TODAY            0                         0      0        0
  MONTH TO DATE    0                         0      0        1
  SINCE MAR 1      0                         1     -1        1
  SINCE JAN 1      0                         1     -1        1
..................................................................


WIND (MPH)
  RESULTANT WIND SPEED  13   RESULTANT WIND DIRECTION  SW (230)
  HIGHEST WIND SPEED    24   HIGHEST WIND DIRECTION     W (270)
  HIGHEST GUST SPEED    31   HIGHEST GUST DIRECTION     W (250)
  AVERAGE WIND SPEED    14.1


SKY COVER
  AVERAGE SKY COVER 0.9


WEATHER CONDITIONS
 THE FOLLOWING WEATHER WAS RECORDED TODAY.
  LIGHT RAIN
  LIGHT SNOW
  FOG


RELATIVE HUMIDITY (PERCENT)
 HIGHEST    89           700 AM
 LOWEST     38           400 PM
 AVERAGE    64

..........................................................


THE LANSING MI CLIMATE NORMALS FOR TOMORROW
                         NORMAL    RECORD    YEAR
 MAXIMUM TEMPERATURE (F)   56        83      1977
 MINIMUM TEMPERATURE (F)   36        11      1868


SUNRISE AND SUNSET
APRIL 11 2018.........SUNRISE   703 AM EDT   SUNSET   816 PM EDT
APRIL 12 2018.........SUNRISE   702 AM EDT   SUNSET   817 PM EDT


-  INDICATES NEGATIVE NUMBERS.
R  INDICATES RECORD WAS SET OR TIED.
MM INDICATES DATA IS MISSING.
T  INDICATES TRACE AMOUNT.




$$
