138
CDUS43 KGRR 160524
CLILAN


CLIMATE REPORT
NATIONAL WEATHER SERVICE GRAND RAPIDS, MI
123 AM EDT MON APR 16 2018


...................................

...THE LANSING MI CLIMATE SUMMARY FOR APRIL 15 2018...

CLIMATE NORMAL PERIOD 1981 TO 2010
CLIMATE RECORD PERIOD 1864 TO 2018


WEATHER ITEM   OBSERVED TIME   RECORD YEAR NORMAL DEPARTURE LAST
                VALUE   (LST)  VALUE       VALUE  FROM      YEAR
                                                  NORMAL
..................................................................
TEMPERATURE (F)
 YESTERDAY
  MAXIMUM         33   1013 PM  84    2003  58    -25       83
                                      2002
  MINIMUM         29    659 AM  14    1875  37     -8       49
  AVERAGE         31                        47    -16       66

PRECIPITATION (IN)
  YESTERDAY        0.81          1.49 1937   0.11   0.70     0.10
  MONTH TO DATE    2.94                      1.52   1.42     2.67
  SINCE MAR 1      4.23                      3.58   0.65     6.30
  SINCE JAN 1     10.84                      6.70   4.14    12.58

SNOWFALL (IN)
  YESTERDAY        0.3           7.0  1937   0.1    0.2      0.0
  MONTH TO DATE    1.9                       1.4    0.5      0.4
  SINCE MAR 1      7.2                       8.4   -1.2      2.6
  SINCE JUL 1     52.5                      50.6    1.9     30.2
  SNOW DEPTH       T

DEGREE DAYS
 HEATING
  YESTERDAY       34                        18     16        0
  MONTH TO DATE  444                       309    135      229
  SINCE MAR 1   1425                      1238    187     1154
  SINCE JUL 1   6203                      6173     30     5199

 COOLING
  YESTERDAY        0                         0      0        1
  MONTH TO DATE    0                         0      0        2
  SINCE MAR 1      0                         1     -1        2
  SINCE JAN 1      0                         1     -1        2
..................................................................


WIND (MPH)
  RESULTANT WIND SPEED  10   RESULTANT WIND DIRECTION  NE (60)
  HIGHEST WIND SPEED    25   HIGHEST WIND DIRECTION     E (80)
  HIGHEST GUST SPEED    33   HIGHEST GUST DIRECTION    NE (60)
  AVERAGE WIND SPEED    10.8


SKY COVER
  AVERAGE SKY COVER 1.0


WEATHER CONDITIONS
 THE FOLLOWING WEATHER WAS RECORDED YESTERDAY.
  FREEZING RAIN
  LT FREEZING RAIN
  LIGHT SNOW
  FOG


RELATIVE HUMIDITY (PERCENT)
 HIGHEST   100           500 AM
 LOWEST     92          1200 AM
 AVERAGE    96

..........................................................


THE LANSING MI CLIMATE NORMALS FOR TODAY
                         NORMAL    RECORD    YEAR
 MAXIMUM TEMPERATURE (F)   58        86      2002
                                             1896
 MINIMUM TEMPERATURE (F)   37        10      1875


SUNRISE AND SUNSET
APRIL 16 2018.........SUNRISE   655 AM EDT   SUNSET   822 PM EDT
APRIL 17 2018.........SUNRISE   654 AM EDT   SUNSET   823 PM EDT


-  INDICATES NEGATIVE NUMBERS.
R  INDICATES RECORD WAS SET OR TIED.
MM INDICATES DATA IS MISSING.
T  INDICATES TRACE AMOUNT.




$$
