000
CDUS43 KGRR 162128
CLILAN


CLIMATE REPORT
NATIONAL WEATHER SERVICE GRAND RAPIDS, MI
528 PM EDT MON APR 16 2018


...................................

...THE LANSING MI CLIMATE SUMMARY FOR APRIL 16 2018...
VALID TODAY AS OF 0500 PM LOCAL TIME.

CLIMATE NORMAL PERIOD 1981 TO 2010
CLIMATE RECORD PERIOD 1864 TO 2018


WEATHER ITEM   OBSERVED TIME   RECORD YEAR NORMAL DEPARTURE LAST
                VALUE   (LST)  VALUE       VALUE  FROM      YEAR
                                                  NORMAL
..................................................................
TEMPERATURE (F)
 TODAY
  MAXIMUM         37   1128 AM  86    2002  58    -21       69
                                      1896
  MINIMUM         32    824 AM  10    1875  37     -5       53
  AVERAGE         35                        48    -13       61

PRECIPITATION (IN)
  TODAY            0.01          2.06 1972   0.11  -0.10     0.00
  MONTH TO DATE    2.95                      1.63   1.32     2.67
  SINCE MAR 1      4.24                      3.69   0.55     6.30
  SINCE JAN 1     10.85                      6.81   4.04    12.58

SNOWFALL (IN)
  TODAY            T             4.0  1961   0.1   -0.1      0.0
  MONTH TO DATE    1.9                       1.5    0.4      0.4
  SINCE MAR 1      7.2                       8.5   -1.3      2.6
  SINCE JUL 1     52.5                      50.7    1.8     30.2
  SNOW DEPTH       T

DEGREE DAYS
 HEATING
  TODAY           30                        17     13        4
  MONTH TO DATE  474                       326    148      233
  SINCE MAR 1   1455                      1255    200     1158
  SINCE JUL 1   6233                      6190     43     5203

 COOLING
  TODAY            0                         0      0        0
  MONTH TO DATE    0                         0      0        2
  SINCE MAR 1      0                         1     -1        2
  SINCE JAN 1      0                         1     -1        2
..................................................................


WIND (MPH)
  RESULTANT WIND SPEED  11   RESULTANT WIND DIRECTION   W (270)
  HIGHEST WIND SPEED    23   HIGHEST WIND DIRECTION     W (280)
  HIGHEST GUST SPEED    28   HIGHEST GUST DIRECTION     W (270)
  AVERAGE WIND SPEED    11.2


SKY COVER
  AVERAGE SKY COVER 1.0


WEATHER CONDITIONS
 THE FOLLOWING WEATHER WAS RECORDED TODAY.
  LIGHT SNOW
  FOG
  FOG W/VISIBILITY <= 1/4 MILE


RELATIVE HUMIDITY (PERCENT)
 HIGHEST   100          1200 AM
 LOWEST     82           200 PM
 AVERAGE    91

..........................................................


THE LANSING MI CLIMATE NORMALS FOR TOMORROW
                         NORMAL    RECORD    YEAR
 MAXIMUM TEMPERATURE (F)   59        85      1964
 MINIMUM TEMPERATURE (F)   38         0      1875


SUNRISE AND SUNSET
APRIL 16 2018.........SUNRISE   655 AM EDT   SUNSET   822 PM EDT
APRIL 17 2018.........SUNRISE   654 AM EDT   SUNSET   823 PM EDT


-  INDICATES NEGATIVE NUMBERS.
R  INDICATES RECORD WAS SET OR TIED.
MM INDICATES DATA IS MISSING.
T  INDICATES TRACE AMOUNT.




$$
