000
CDUS43 KGRR 100517
CLILAN


CLIMATE REPORT
NATIONAL WEATHER SERVICE GRAND RAPIDS, MI
117 AM EDT TUE APR 10 2018


...................................

...THE LANSING MI CLIMATE SUMMARY FOR APRIL 9 2018...

CLIMATE NORMAL PERIOD 1981 TO 2010
CLIMATE RECORD PERIOD 1864 TO 2018


WEATHER ITEM   OBSERVED TIME   RECORD YEAR NORMAL DEPARTURE LAST
                VALUE   (LST)  VALUE       VALUE  FROM      YEAR
                                                  NORMAL
..................................................................
TEMPERATURE (F)
 YESTERDAY
  MAXIMUM         41    407 PM  80    1931  55    -14       75
  MINIMUM         30    944 AM  11    1868  35     -5       50
  AVERAGE         36                        45     -9       63

PRECIPITATION (IN)
  YESTERDAY        0.04          1.39 2013   0.11  -0.07     0.00
  MONTH TO DATE    0.78                      0.88  -0.10     2.37
  SINCE MAR 1      2.07                      2.94  -0.87     6.00
  SINCE JAN 1      8.68                      6.06   2.62    12.28

SNOWFALL (IN)
  YESTERDAY        T             5.2  1973   0.1   -0.1      0.0
  MONTH TO DATE    1.6                       1.0    0.6      0.4
  SINCE MAR 1      6.9                       8.0   -1.1      2.6
  SINCE JUL 1     52.2                      50.2    2.0     30.2
  SNOW DEPTH       T

DEGREE DAYS
 HEATING
  YESTERDAY       29                        20      9        2
  MONTH TO DATE  303                       196    107      169
  SINCE MAR 1   1284                      1125    159     1094
  SINCE JUL 1   6062                      6060      2     5139

 COOLING
  YESTERDAY        0                         0      0        0
  MONTH TO DATE    0                         0      0        0
  SINCE MAR 1      0                         1     -1        0
  SINCE JAN 1      0                         1     -1        0
..................................................................


WIND (MPH)
  RESULTANT WIND SPEED   2   RESULTANT WIND DIRECTION  SE (140)
  HIGHEST WIND SPEED    17   HIGHEST WIND DIRECTION    NW (330)
  HIGHEST GUST SPEED    22   HIGHEST GUST DIRECTION    NW (310)
  AVERAGE WIND SPEED     5.4


SKY COVER
  AVERAGE SKY COVER 0.9


WEATHER CONDITIONS
 THE FOLLOWING WEATHER WAS RECORDED YESTERDAY.
  LIGHT SNOW
  FOG
  HAZE


RELATIVE HUMIDITY (PERCENT)
 HIGHEST    92           900 AM
 LOWEST     58          1200 AM
 AVERAGE    75

..........................................................


THE LANSING MI CLIMATE NORMALS FOR TODAY
                         NORMAL    RECORD    YEAR
 MAXIMUM TEMPERATURE (F)   56        83      2011
 MINIMUM TEMPERATURE (F)   35        14      1989


SUNRISE AND SUNSET
APRIL 10 2018.........SUNRISE   705 AM EDT   SUNSET   815 PM EDT
APRIL 11 2018.........SUNRISE   703 AM EDT   SUNSET   816 PM EDT


-  INDICATES NEGATIVE NUMBERS.
R  INDICATES RECORD WAS SET OR TIED.
MM INDICATES DATA IS MISSING.
T  INDICATES TRACE AMOUNT.




$$
