530
CDUS43 KGRR 250522
CLILAN


CLIMATE REPORT
NATIONAL WEATHER SERVICE GRAND RAPIDS, MI
122 AM EDT WED APR 25 2018


...................................

...THE LANSING MI CLIMATE SUMMARY FOR APRIL 24 2018...

CLIMATE NORMAL PERIOD 1981 TO 2010
CLIMATE RECORD PERIOD 1864 TO 2018


WEATHER ITEM   OBSERVED TIME   RECORD YEAR NORMAL DEPARTURE LAST
                VALUE   (LST)  VALUE       VALUE  FROM      YEAR
                                                  NORMAL
..................................................................
TEMPERATURE (F)
 YESTERDAY
  MAXIMUM         63    148 PM  87    1915  61      2       72
  MINIMUM         51   1159 PM  23    1999  40     11       37
                                      1892
                                      1883
  AVERAGE         57                        51      6       55

PRECIPITATION (IN)
  YESTERDAY        0.07          1.08 1950   0.09  -0.02     0.00
  MONTH TO DATE    3.07                      2.43   0.64     3.73
  SINCE MAR 1      4.36                      4.49  -0.13     7.36
  SINCE JAN 1     10.97                      7.61   3.36    13.64

SNOWFALL (IN)
  YESTERDAY        0.0           3.4  2005   0.0    0.0      0.0
  MONTH TO DATE    2.7                       1.8    0.9      0.4
  SINCE MAR 1      8.0                       8.8   -0.8      2.6
  SINCE JUL 1     53.3                      51.0    2.3     30.2
  SNOW DEPTH       0

DEGREE DAYS
 HEATING
  YESTERDAY        8                        15     -7       10
  MONTH TO DATE  634                       453    181      320
  SINCE MAR 1   1615                      1382    233     1245
  SINCE JUL 1   6393                      6317     76     5290

 COOLING
  YESTERDAY        0                         0      0        0
  MONTH TO DATE    0                         0      0        2
  SINCE MAR 1      0                         1     -1        2
  SINCE JAN 1      0                         1     -1        2
..................................................................


WIND (MPH)
  RESULTANT WIND SPEED   5   RESULTANT WIND DIRECTION  SE (130)
  HIGHEST WIND SPEED    17   HIGHEST WIND DIRECTION    SE (130)
  HIGHEST GUST SPEED    22   HIGHEST GUST DIRECTION    SE (130)
  AVERAGE WIND SPEED     6.7


SKY COVER
  AVERAGE SKY COVER 1.0


WEATHER CONDITIONS
 THE FOLLOWING WEATHER WAS RECORDED YESTERDAY.
  LIGHT RAIN
  FOG
  HAZE


RELATIVE HUMIDITY (PERCENT)
 HIGHEST   100           700 PM
 LOWEST     60           300 PM
 AVERAGE    80

..........................................................


THE LANSING MI CLIMATE NORMALS FOR TODAY
                         NORMAL    RECORD    YEAR
 MAXIMUM TEMPERATURE (F)   62        86      1915
 MINIMUM TEMPERATURE (F)   40        17      1909


SUNRISE AND SUNSET
APRIL 25 2018.........SUNRISE   641 AM EDT   SUNSET   832 PM EDT
APRIL 26 2018.........SUNRISE   640 AM EDT   SUNSET   833 PM EDT


-  INDICATES NEGATIVE NUMBERS.
R  INDICATES RECORD WAS SET OR TIED.
MM INDICATES DATA IS MISSING.
T  INDICATES TRACE AMOUNT.




$$
