000
CXUS54 KOUN 010910
CF6LAW
PRELIMINARY LOCAL CLIMATOLOGICAL DATA (WS FORM: F-6)
STATION: LAWTON
MONTH: FEBRUARY
YEAR: 2021
LATITUDE: 34 34 N
LONGITUDE: 98 25 W
TEMPERATURE IN F: :PCPN: SNOW: WIND :SUNSHINE: SKY :PK WND
================================================================================
1 2 3 4 5 6A 6B 7 8 9 10 11 12 13 14 15 16 17 18
12Z AVG MX 2MIN
DY MAX MIN AVG DEP HDD CDD WTR SNW DPTH SPD SPD DIR MIN PSBL S-S WX SPD DR
================================================================================
1 60 27 44 2 21 0 0.00 0.0 0 4.1 10 130 M M 0 12 200
2 65 35 50 7 15 0 0.00 0.0 0 9.6 20 170 M M 0 26 160
3 71 36 54 11 11 0 0.00 0.0 0 10.7 20 170 M M 0 26 180
4 60 29 45 2 20 0 0.00 0.0 0 13.1 31 340 M M 0 8 41 350
5 58 24 41 -2 24 0 0.00 0.0 0 5.4 15 180 M M 3 18 19 170
6 55 29 42 -1 23 0 0.00 0.0 0 11.8 29 10 M M 7 18 33 10
7 52 30 41 -3 24 0 0.00 0.0 0 9.2 16 140 M M 7 1 20 130
8 40 23 32 -12 33 0 0.00 0.0 0 15.2 25 360 M M 8 1 31 360
9 26 20 23 -21 42 0 0.00 0.0 0 13.7 21 10 M M 10 18 27 20
10 24 21 23 -21 42 0 0.00 0.0 0 14.8 23 20 M M 10 1 27 20
11 25 19 22 -22 43 0 T T 0 15.2 22 10 M M 10 1 26 10
12 23 16 20 -24 45 0 T T 0 17.6 25 10 M M 10 29 360
13 26 12 19 -26 46 0 0.00 0.0 0 16.5 22 40 M M 6 28 30
14 17 5 11 -34 54 0 0.18 5.5 T 20.9 30 10 M M 10 37 30
15 10 -8 1 -44 64 0 0.01 T 5 12.9 29 360 M M 3 34 360
16 12 -12 0 -45 65 0 0.25 4.1 4 5.6 14 100 M M 7 18 17 100
17 24 12 18 -28 47 0 0.05 1.1 8 8.6 15 10 M M 7 1 17 360
18 29 5 17 -29 48 0 0.00 0.0 6 9.9 20 10 M M 1 24 360
19 32 -1 16 -30 49 0 0.00 0.0 5 3.3 15 160 M M 0 8 19 160
20 45 10 28 -18 37 0 0.00 0.0 4 7.1 20 140 M M 0 18 28 130
21 61 30 46 0 19 0 0.00 0.0 2 8.9 21 350 M M 0 29 350
22 67 24 46 -1 19 0 0.00 0.0 0 5.0 18 200 M M 0 25 200
23 79 27 53 6 12 0 0.00 0.0 0 7.2 22 200 M M 0 30 190
24 64 40 52 5 13 0 0.00 0.0 0 18.0 33 10 M M 0 41 10
25 55 34 45 -3 20 0 0.02 0.0 0 12.8 23 10 M M 6 28 10
26 60 41 51 3 14 0 0.00 0.0 0 5.5 14 190 M M 6 19 200
27 60 35 48 0 17 0 0.00 0.0 0 6.6 16 130 M M 8 12 20 130
28 60 45 53 4 12 0 0.00 0.0 0 16.3 32 10 M M 3 12 38 10
================================================================================
SM 1260 608 879 0 0.51 10.7 305.5 M 122
================================================================================
AV 45.0 21.7 10.9 FASTST M M 4 MAX(MPH)
MISC ----> 33 10 # 41 350
================================================================================
NOTES:
# LAST OF SEVERAL OCCURRENCES
COLUMN 17 PEAK WIND IN M.P.H.
PRELIMINARY LOCAL CLIMATOLOGICAL DATA (WS FORM: F-6) , PAGE 2
STATION: LAWTON
MONTH: FEBRUARY
YEAR: 2021
LATITUDE: 34 34 N
LONGITUDE: 98 25 W
[TEMPERATURE DATA] [PRECIPITATION DATA] SYMBOLS USED IN COLUMN 16
AVERAGE MONTHLY: 33.4 TOTAL FOR MONTH: 0.51 1 = FOG OR MIST
DPTR FM NORMAL: -11.7 DPTR FM NORMAL: -0.83 2 = FOG REDUCING VISIBILITY
HIGHEST: 79 ON 23 GRTST 24HR 0.25 ON 16-16 TO 1/4 MILE OR LESS
LOWEST: -12 ON 16 3 = THUNDER
SNOW, ICE PELLETS, HAIL 4 = ICE PELLETS
TOTAL MONTH: 10.7 INCHES 5 = HAIL
GRTST 24HR 5.5 ON 14-14 6 = FREEZING RAIN OR DRIZZLE
GRTST DEPTH: 8 ON 17 7 = DUSTSTORM OR SANDSTORM:
VSBY 1/2 MILE OR LESS
8 = SMOKE OR HAZE
[NO. OF DAYS WITH] [WEATHER - DAYS WITH] 9 = BLOWING SNOW
X = TORNADO
MAX 32 OR BELOW: 11 0.01 INCH OR MORE: 5
MAX 90 OR ABOVE: 0 0.10 INCH OR MORE: 2
MIN 32 OR BELOW: 21 0.50 INCH OR MORE: 0
MIN 0 OR BELOW: 3 1.00 INCH OR MORE: 0
[HDD (BASE 65) ]
TOTAL THIS MO. 879 CLEAR (SCALE 0-3) 14
DPTR FM NORMAL 322 PTCLDY (SCALE 4-7) 9
TOTAL FM JUL 1 2802 CLOUDY (SCALE 8-10) 5
DPTR FM NORMAL 184
[CDD (BASE 65) ]
TOTAL THIS MO. 0
DPTR FM NORMAL -1 [PRESSURE DATA]
TOTAL FM JAN 1 0 HIGHEST SLP 30.58 ON 18
DPTR FM NORMAL 0 LOWEST SLP 29.53 ON 4
[REMARKS]
#FINAL-02-21#