000
CXUS54 KLUB 010830
CF6LBB
PRELIMINARY LOCAL CLIMATOLOGICAL DATA (WS FORM: F-6)
STATION: LUBBOCK
MONTH: DECEMBER
YEAR: 2022
LATITUDE: 33 39 N
LONGITUDE: 101 49 W
TEMPERATURE IN F: :PCPN: SNOW: WIND :SUNSHINE: SKY :PK WND
================================================================================
1 2 3 4 5 6A 6B 7 8 9 10 11 12 13 14 15 16 17 18
12Z AVG MX 2MIN
DY MAX MIN AVG DEP HDD CDD WTR SNW DPTH SPD SPD DIR MIN PSBL S-S WX SPD DR
================================================================================
1 55 29 42 -3 23 0 0.00 0.0 0 11.3 22 200 M M 3 27 190
2 76 38 57 13 8 0 0.00 0.0 0 13.6 30 270 M M 5 40 270
3 52 31 42 -2 23 0 T 0.0 0 10.1 26 40 M M 7 8 36 40
4 66 39 53 9 12 0 0.06 0.0 0 10.7 18 220 M M 9 23 250
5 76 49 63 19 2 0 0.00 0.0 0 13.0 30 260 M M 5 35 260
6 71 43 57 14 8 0 0.00 0.0 0 6.2 14 210 M M 6 19 210
7 61 49 55 12 10 0 0.31 0.0 0 5.8 17 210 M M 10 1 20 210
8 67 44 56 13 9 0 0.00 0.0 0 7.7 20 290 M M 3 12 25 290
9 49 39 44 1 21 0 0.02 0.0 0 5.0 13 110 M M 9 128 16 110
10 59 36 48 6 17 0 0.00 0.0 0 6.2 13 40 M M 7 12 16 30
11 62 34 48 6 17 0 T 0.0 0 10.3 22 200 M M 7 12 27 200
12 68 47 58 16 7 0 0.02 0.0 0 18.1 28 180 M M 7 13 37 180
13 54 35 45 3 20 0 0.00 0.0 0 15.6 32 270 M M 2 47 270
14 45 31 38 -4 27 0 0.00 0.0 0 7.6 15 310 M M 1 19 240
15 44 25 35 -6 30 0 0.00 0.0 0 10.4 21 140 M M 0 30 90
16 41 23 32 -9 33 0 0.00 0.0 0 5.0 14 100 M M 2 17 80
17 50 18 34 -7 31 0 0.00 0.0 0 8.7 21 230 M M 1 27 210
18 49 26 38 -3 27 0 0.00 0.0 0 10.7 23 170 M M 6 30 170
19 59 33 46 5 19 0 0.00 0.0 0 13.6 29 290 M M 0 37 290
20 48 24 36 -5 29 0 0.00 0.0 0 9.8 17 140 M M 4 1 21 170
21 55 33 44 3 21 0 0.00 0.0 0 16.1 25 230 M M 6 1 31 220
22 44 5 25 -16 40 0 0.00 0.0 0 21.4 33 360 M M 4 178 51 10
23 18 6 12 -28 53 0 0.00 0.0 0 7.8 20 360 M M 8 25 10
24 36 14 25 -15 40 0 0.00 0.0 0 6.2 15 220 M M 2 26 210
25 56 18 37 -3 28 0 0.00 0.0 0 8.4 18 210 M M 5 23 230
26 57 29 43 3 22 0 0.00 0.0 0 11.6 25 30 M M 4 35 10
27 64 29 47 7 18 0 0.00 0.0 0 17.1 29 230 M M 4 37 220
28 69 45 57 17 8 0 0.00 0.0 0 19.6 37 230 M M 8 59 230
29 63 36 50 10 15 0 0.00 0.0 0 14.9 39 290 M M 7 60 290
30 59 29 44 4 21 0 0.00 0.0 0 7.8 16 240 M M 6 20 240
31 72 43 58 18 7 0 0.00 0.0 0 16.1 31 270 M M 6 38 270
================================================================================
SM 1745 980 646 0 0.41 0.0 346.4 M 154
================================================================================
AV 56.3 31.6 11.2 FASTST M M 5 MAX(MPH)
MISC ----> 39 290 60 290
================================================================================
NOTES:
# LAST OF SEVERAL OCCURRENCES
COLUMN 17 PEAK WIND IN M.P.H.
PRELIMINARY LOCAL CLIMATOLOGICAL DATA (WS FORM: F-6) , PAGE 2
STATION: LUBBOCK
MONTH: DECEMBER
YEAR: 2022
LATITUDE: 33 39 N
LONGITUDE: 101 49 W
[TEMPERATURE DATA] [PRECIPITATION DATA] SYMBOLS USED IN COLUMN 16
AVERAGE MONTHLY: 44.0 TOTAL FOR MONTH: 0.41 1 = FOG OR MIST
DPTR FM NORMAL: 2.3 DPTR FM NORMAL: -0.34 2 = FOG REDUCING VISIBILITY
HIGHEST: 76 ON 5, 2 GRTST 24HR 0.31 ON 7- 7 TO 1/4 MILE OR LESS
LOWEST: 5 ON 22 3 = THUNDER
SNOW, ICE PELLETS, HAIL 4 = ICE PELLETS
TOTAL MONTH: 0.0 INCH 5 = HAIL
GRTST 24HR 0.0 6 = FREEZING RAIN OR DRIZZLE
GRTST DEPTH: 0 7 = DUSTSTORM OR SANDSTORM:
VSBY 1/2 MILE OR LESS
8 = SMOKE OR HAZE
[NO. OF DAYS WITH] [WEATHER - DAYS WITH] 9 = BLOWING SNOW
X = TORNADO
MAX 32 OR BELOW: 1 0.01 INCH OR MORE: 4
MAX 90 OR ABOVE: 0 0.10 INCH OR MORE: 1
MIN 32 OR BELOW: 15 0.50 INCH OR MORE: 0
MIN 0 OR BELOW: 0 1.00 INCH OR MORE: 0
[HDD (BASE 65) ]
TOTAL THIS MO. 646 CLEAR (SCALE 0-3) 9
DPTR FM NORMAL -76 PTCLDY (SCALE 4-7) 18
TOTAL FM JUL 1 1344 CLOUDY (SCALE 8-10) 4
DPTR FM NORMAL -12
[CDD (BASE 65) ]
TOTAL THIS MO. 0
DPTR FM NORMAL 0 [PRESSURE DATA]
TOTAL FM JAN 1 2503 HIGHEST SLP 30.76 ON 23
DPTR FM NORMAL 555 LOWEST SLP 29.51 ON 12
[REMARKS]
#FINAL-12-22#