000
CXUS54 KLUB 010830
CF6LBB
PRELIMINARY LOCAL CLIMATOLOGICAL DATA (WS FORM: F-6)
STATION: LUBBOCK
MONTH: FEBRUARY
YEAR: 2022
LATITUDE: 33 39 N
LONGITUDE: 101 49 W
TEMPERATURE IN F: :PCPN: SNOW: WIND :SUNSHINE: SKY :PK WND
================================================================================
1 2 3 4 5 6A 6B 7 8 9 10 11 12 13 14 15 16 17 18
12Z AVG MX 2MIN
DY MAX MIN AVG DEP HDD CDD WTR SNW DPTH SPD SPD DIR MIN PSBL S-S WX SPD DR
================================================================================
1 56 37 47 4 18 0 0.00 0.0 0 13.3 22 350 M M 6 29 350
2 38 13 26 -17 39 0 0.07 0.7 0 16.2 22 20 M M 10 1 31 30
3 17 9 13 -30 52 0 0.05 0.9 2 16.6 24 360 M M 9 189 33 360
4 40 -1 20 -23 45 0 0.00 0.0 T 7.4 14 290 M M 0 19 340
5 52 12 32 -11 33 0 0.00 0.0 0 11.7 25 220 M M 0 33 210
6 55 20 38 -5 27 0 0.00 0.0 0 15.0 29 30 M M 2 39 50
7 55 18 37 -7 28 0 0.00 0.0 0 7.8 15 290 M M 1 25 310
8 68 26 47 3 18 0 0.00 0.0 0 13.3 30 260 M M 3 46 230
9 64 23 44 0 21 0 0.00 0.0 0 8.3 14 210 M M 2 20 250
10 62 31 47 3 18 0 0.00 0.0 0 8.9 20 60 M M 4 27 80
11 67 35 51 7 14 0 0.00 0.0 0 16.1 31 40 M M 2 55 40
12 46 28 37 -7 28 0 T T 0 11.2 28 50 M M 4 36 40
13 61 20 41 -4 24 0 0.00 0.0 0 8.6 17 210 M M 0 24 220
14 71 28 50 5 15 0 0.00 0.0 0 11.0 26 200 M M 0 36 210
15 77 39 58 13 7 0 0.00 0.0 0 19.6 35 200 M M 3 46 200
16 76 47 62 17 3 0 T 0.0 0 18.2 38 220 M M 5 56 210
17 60 24 42 -4 23 0 0.00 0.0 0 16.2 35 10 M M 5 50 360
18 58 20 39 -7 26 0 0.00 0.0 0 8.9 20 200 M M 0 26 200
19 62 27 45 -1 20 0 0.00 0.0 0 10.1 24 200 M M 1 31 190
20 76 39 58 12 7 0 0.00 0.0 0 16.4 26 210 M M 5 37 230
21 75 45 60 14 5 0 0.01 0.0 0 14.8 35 200 M M 7 8 47 240
22 57 19 38 -9 27 0 0.00 0.0 0 15.2 26 240 M M 4 36 250
23 26 14 20 -27 45 0 0.00 0.0 0 12.0 24 20 M M 9 33 20
24 52 15 34 -13 31 0 T T 0 10.3 30 290 M M 7 18 41 290
25 35 17 26 -21 39 0 0.00 0.0 0 12.4 18 120 M M 8 128 24 130
26 50 15 33 -15 32 0 0.00 0.0 0 5.5 12 50 M M 4 14 50
27 58 15 37 -11 28 0 0.00 0.0 0 6.3 10 200 M M 0 15 240
28 64 25 45 -3 20 0 0.00 0.0 0 8.1 17 220 M M 7 21 220
================================================================================
SM 1578 660 693 0 0.13 1.6 339.4 M 108
================================================================================
AV 56.4 23.6 12.1 FASTST M M 4 MAX(MPH)
MISC ----> 38 220 56 210
================================================================================
NOTES:
# LAST OF SEVERAL OCCURRENCES
COLUMN 17 PEAK WIND IN M.P.H.
PRELIMINARY LOCAL CLIMATOLOGICAL DATA (WS FORM: F-6) , PAGE 2
STATION: LUBBOCK
MONTH: FEBRUARY
YEAR: 2022
LATITUDE: 33 39 N
LONGITUDE: 101 49 W
[TEMPERATURE DATA] [PRECIPITATION DATA] SYMBOLS USED IN COLUMN 16
AVERAGE MONTHLY: 40.0 TOTAL FOR MONTH: 0.13 1 = FOG OR MIST
DPTR FM NORMAL: -5.1 DPTR FM NORMAL: -0.52 2 = FOG REDUCING VISIBILITY
HIGHEST: 77 ON 15 GRTST 24HR 0.11 ON 2- 3 TO 1/4 MILE OR LESS
LOWEST: -1 ON 4 3 = THUNDER
SNOW, ICE PELLETS, HAIL 4 = ICE PELLETS
TOTAL MONTH: 1.6 INCHES 5 = HAIL
GRTST 24HR 0.9 ON 3- 3 6 = FREEZING RAIN OR DRIZZLE
GRTST DEPTH: 2 ON 3 7 = DUSTSTORM OR SANDSTORM:
VSBY 1/2 MILE OR LESS
8 = SMOKE OR HAZE
[NO. OF DAYS WITH] [WEATHER - DAYS WITH] 9 = BLOWING SNOW
X = TORNADO
MAX 32 OR BELOW: 2 0.01 INCH OR MORE: 3
MAX 90 OR ABOVE: 0 0.10 INCH OR MORE: 0
MIN 32 OR BELOW: 22 0.50 INCH OR MORE: 0
MIN 0 OR BELOW: 1 1.00 INCH OR MORE: 0
[HDD (BASE 65) ]
TOTAL THIS MO. 693 CLEAR (SCALE 0-3) 13
DPTR FM NORMAL 137 PTCLDY (SCALE 4-7) 11
TOTAL FM JUL 1 2350 CLOUDY (SCALE 8-10) 4
DPTR FM NORMAL -301
[CDD (BASE 65) ]
TOTAL THIS MO. 0
DPTR FM NORMAL 0 [PRESSURE DATA]
TOTAL FM JAN 1 0 HIGHEST SLP 30.69 ON 4
DPTR FM NORMAL 0 LOWEST SLP 29.49 ON 16
[REMARKS]
#FINAL-02-22#