000
CXUS54 KLUB 011401
CLMLBB
CLIMATE REPORT
NATIONAL WEATHER SERVICE LUBBOCK TX
901 AM CDT THU JUN 01 2023
...................................
...THE LUBBOCK CLIMATE SUMMARY FOR THE MONTH OF MAY 2023...
CLIMATE NORMAL PERIOD 1991 TO 2020
CLIMATE RECORD PERIOD 1911 TO 2023
WEATHER OBSERVED NORMAL DEPART LAST YEAR`S
VALUE DATE(S) VALUE FROM VALUE DATE(S)
NORMAL
................................................................
TEMPERATURE (F)
RECORD
HIGH 109 05/24/2000
LOW 27 05/03/2013
HIGHEST 95 05/07 103 05/28
05/08
05/09
LOWEST 44 05/01 41 05/03
AVG. MAXIMUM 82.7 84.2 -1.5 90.9
AVG. MINIMUM 58.0 56.7 1.3 59.2
MEAN 70.3 70.4 -0.1 75.1
DAYS MAX >= 90 5 10.5 -5.5 21
DAYS MAX <= 32 0 0.0 0.0 0
DAYS MIN <= 32 0 0.1 -0.1 0
DAYS MIN <= 0 0 0.0 0.0 0
PRECIPITATION (INCHES)
RECORD
MAXIMUM 12.69 1941
MINIMUM T 1927
TOTALS 5.32 2.69 2.63 3.58
DAILY AVG. 0.17 0.09 0.08 0.12
DAYS >= .01 18 7.0 11.0 5
DAYS >= .10 10 3.8 6.2 4
DAYS >= .50 4 1.7 2.3 2
DAYS >= 1.00 1 0.8 0.2 1
GREATEST
24 HR. TOTAL 1.10 05/26 TO 05/27
SNOWFALL (INCHES)
RECORDS
TOTAL 0.7 1991
24 HR TOTAL MM
SNOW DEPTH MM MM
TOTALS 0.0 0.0 0.0 0.0
SINCE 7/1 7.2 7.0 0.2 MM
SNOWDEPTH AVG. 0 0
DAYS >= TRACE 0 0.0 0.0 0
DAYS >= 1.0 0 0.0 0.0 0
GREATEST
SNOW DEPTH 0 0 MM
24 HR TOTAL MM MM 0.0
DEGREE DAYS
HEATING TOTAL 9 42 -33 24
SINCE 7/1 3048 3240 -192 MM
COOLING TOTAL 182 210 -28 344
SINCE 1/1 223 273 -50 MM
................................................................
WIND (MPH)
AVERAGE WIND SPEED 12.0
HIGHEST WIND SPEED/DIRECTION 45/350 DATE 05/26
HIGHEST GUST SPEED/DIRECTION 62/350 DATE 05/26
SKY COVER
POSSIBLE SUNSHINE (PERCENT) MM
AVERAGE SKY COVER 0.58
NUMBER OF DAYS FAIR 7
NUMBER OF DAYS PC 15
NUMBER OF DAYS CLOUDY 9
AVERAGE RH (PERCENT) 61
WEATHER CONDITIONS. NUMBER OF DAYS WITH
THUNDERSTORM 15 MIXED PRECIP 0
HEAVY RAIN 8 RAIN 6
LIGHT RAIN 18 FREEZING RAIN 0
LT FREEZING RAIN 0 HAIL 0
HEAVY SNOW 0 SNOW 0
LIGHT SNOW 0 SLEET 0
FOG 14 FOG W/VIS <= 1/4 MILE 1
HAZE 3
- INDICATES NEGATIVE NUMBERS.
R INDICATES RECORD WAS SET OR TIED.
MM INDICATES DATA IS MISSING.
T INDICATES TRACE AMOUNT.
$$