000
CXUS55 KLBF 011510
CF6LBF
PRELIMINARY LOCAL CLIMATOLOGICAL DATA (WS FORM: F-6)
STATION: NORTH PLATTE
MONTH: JANUARY
YEAR: 2023
LATITUDE: 41 7 N
LONGITUDE: 100 41 W
TEMPERATURE IN F: :PCPN: SNOW: WIND :SUNSHINE: SKY :PK WND
================================================================================
1 2 3 4 5 6A 6B 7 8 9 10 11 12 13 14 15 16 17 18
12Z AVG MX 2MIN
DY MAX MIN AVG DEP HDD CDD WTR SNW DPTH SPD SPD DIR MIN PSBL S-S WX SPD DR
================================================================================
1 43 31 37 11 28 0 T 0.0 T 5.2 13 50 M M 6 17 40
2 36 30 33 7 32 0 0.24 1.0 T 14.7 24 60 M M 10 126 37 70
3 31 8 20 -6 45 0 0.50 5.9 6 15.3 31 340 M M 6 128 44 340
4 32 10 21 -5 44 0 0.00 0.0 7 9.9 21 300 M M 4 27 320
5 27 7 17 -9 48 0 0.00 0.0 6 6.0 15 290 M M 0 18 19 290
6 33 6 20 -6 45 0 0.00 0.0 6 3.9 14 50 M M 2 18 19 50
7 34 16 25 -1 40 0 0.00 0.0 5 3.2 9 220 M M 8 128 12 210
8 35 12 24 -2 41 0 0.00 0.0 4 4.9 12 260 M M 0 18 13 270
9 43 10 27 1 38 0 0.00 0.0 4 5.5 13 270 M M 1 18 16 260
10 40 18 29 3 36 0 0.00 0.0 3 3.7 13 240 M M 2 18 16 260
11 37 21 29 3 36 0 0.00 0.0 2 8.2 18 20 M M 5 1 26 20
12 39 17 28 2 37 0 0.00 0.0 1 6.3 18 340 M M 1 1 25 340
13 34 14 24 -2 41 0 0.00 0.0 1 3.4 12 210 M M 0 18 16 200
14 42 21 32 6 33 0 0.00 0.0 1 2.5 10 280 M M 0 18 13 290
15 39 20 30 4 35 0 T 0.0 1 2.6 9 310 M M 6 128 12 70
16 43 30 37 11 28 0 T 0.0 1 8.7 20 300 M M 6 23 300
17 39 31 35 9 30 0 0.00 0.0 1 6.2 15 90 M M 10 1 21 80
18 32 22 27 1 38 0 1.03 13.9 5 16.7 24 20 M M 10 12 33 30
19 34 2 18 -8 47 0 T T 15 9.8 21 300 M M 5 28 350
20 30 -1 15 -11 50 0 0.00 0.0 13 4.9 9 310 M M 1 10 320
21 34 6 20 -6 45 0 0.01 0.1 12 4.2 10 300 M M 6 18 13 300
22 29 -1 14 -12 51 0 0.00 0.0 11 3.4 9 270 M M 3 128 11 270
23 38 2 20 -6 45 0 0.00 0.0 10 5.0 10 200 M M 4 18 13 200
24 37 12 25 -1 40 0 0.00 0.0 9 7.9 20 340 M M 5 128 26 350
25 31 7 19 -8 46 0 T T 9 9.8 21 320 M M 7 8 26 320
26 38 27 33 6 32 0 0.03 0.3 8 12.2 26 290 M M 7 1 35 290
27 43 27 35 8 30 0 0.00 0.0 8 11.1 32 290 M M 3 40 280
28 34 1 18 -9 47 0 0.01 0.4 6 14.9 29 40 M M 8 128 36 40
29 5 -2 2 -25 63 0 0.03 0.8 6 7.5 13 20 M M 9 17 350
30 8 -7 1 -26 64 0 0.02 0.2 7 3.6 12 250 M M 6 18 16 240
31 18 -11 4 -23 61 0 0.00 0.0 7 7.8 18 260 M M 1 23 250
================================================================================
SM 1038 386 1296 0 1.87 22.6 229.0 M 142
================================================================================
AV 33.5 12.5 7.4 FASTST M M 5 MAX(MPH)
MISC ----> 32 290 44 340
================================================================================
NOTES:
# LAST OF SEVERAL OCCURRENCES
COLUMN 17 PEAK WIND IN M.P.H.
PRELIMINARY LOCAL CLIMATOLOGICAL DATA (WS FORM: F-6) , PAGE 2
STATION: NORTH PLATTE
MONTH: JANUARY
YEAR: 2023
LATITUDE: 41 7 N
LONGITUDE: 100 41 W
[TEMPERATURE DATA] [PRECIPITATION DATA] SYMBOLS USED IN COLUMN 16
AVERAGE MONTHLY: 23.0 TOTAL FOR MONTH: 1.87 1 = FOG OR MIST
DPTR FM NORMAL: -3.3 DPTR FM NORMAL: 1.48 2 = FOG REDUCING VISIBILITY
HIGHEST: 43 ON 27,16 GRTST 24HR 1.03 ON 18-18 TO 1/4 MILE OR LESS
LOWEST: -11 ON 31 3 = THUNDER
SNOW, ICE PELLETS, HAIL 4 = ICE PELLETS
TOTAL MONTH: 22.6 INCHES 5 = HAIL
GRTST 24HR 13.9 ON 18-18 6 = FREEZING RAIN OR DRIZZLE
GRTST DEPTH: 15 ON 19 7 = DUSTSTORM OR SANDSTORM:
VSBY 1/2 MILE OR LESS
8 = SMOKE OR HAZE
[NO. OF DAYS WITH] [WEATHER - DAYS WITH] 9 = BLOWING SNOW
X = TORNADO
MAX 32 OR BELOW: 10 0.01 INCH OR MORE: 8
MAX 90 OR ABOVE: 0 0.10 INCH OR MORE: 3
MIN 32 OR BELOW: 31 0.50 INCH OR MORE: 2
MIN 0 OR BELOW: 5 1.00 INCH OR MORE: 1
[HDD (BASE 65) ]
TOTAL THIS MO. 1296 CLEAR (SCALE 0-3) 12
DPTR FM NORMAL 96 PTCLDY (SCALE 4-7) 14
TOTAL FM JUL 1 3895 CLOUDY (SCALE 8-10) 5
DPTR FM NORMAL 94
[CDD (BASE 65) ]
TOTAL THIS MO. 0
DPTR FM NORMAL 0 [PRESSURE DATA]
TOTAL FM JAN 1 0 HIGHEST SLP 30.59 ON 29
DPTR FM NORMAL 0 LOWEST SLP 29.45 ON 16
[REMARKS]
#FINAL-01-23#