000
CXUS55 KLBF 011410
CF6LBF
PRELIMINARY LOCAL CLIMATOLOGICAL DATA (WS FORM: F-6)
STATION: NORTH PLATTE
MONTH: OCTOBER
YEAR: 2022
LATITUDE: 41 7 N
LONGITUDE: 100 41 W
TEMPERATURE IN F: :PCPN: SNOW: WIND :SUNSHINE: SKY :PK WND
================================================================================
1 2 3 4 5 6A 6B 7 8 9 10 11 12 13 14 15 16 17 18
12Z AVG MX 2MIN
DY MAX MIN AVG DEP HDD CDD WTR SNW DPTH SPD SPD DIR MIN PSBL S-S WX SPD DR
================================================================================
1 86 44 65 8 0 0 0.00 0.0 0 8.8 21 270 M M 0 30 160
2 89 53 71 14 0 6 0.00 0.0 0 14.1 26 160 M M 2 40 170
3 74 54 64 8 1 0 0.11 0.0 0 7.5 16 160 M M 7 3 26 160
4 74 46 60 4 5 0 0.03 0.0 0 3.9 15 290 M M 2 1 20 300
5 78 40 59 4 6 0 0.00 0.0 0 6.3 18 320 M M 1 24 310
6 66 40 53 -2 12 0 0.00 0.0 0 8.2 18 40 M M 1 24 40
7 46 39 43 -11 22 0 0.40 0.0 0 2.7 18 20 M M 10 26 20
8 69 31 50 -4 15 0 0.00 0.0 0 2.9 14 270 M M 2 12 18 270
9 77 33 55 2 10 0 0.00 0.0 0 2.7 12 300 M M 0 15 280
10 81 34 58 5 7 0 0.00 0.0 0 7.6 22 180 M M 0 30 200
11 87 40 64 12 1 0 0.00 0.0 0 10.9 28 290 M M 1 41 290
12 61 31 46 -6 19 0 0.00 0.0 0 12.0 28 300 M M 4 36 330
13 64 29 47 -5 18 0 0.00 0.0 0 12.5 36 320 M M 0 48 310
14 77 28 53 2 12 0 0.00 0.0 0 9.5 37 310 M M 1 49 300
15 74 38 56 6 9 0 0.00 0.0 0 7.7 21 340 M M 2 31 340
16 60 28 44 -6 21 0 0.00 0.0 0 9.2 21 320 M M 4 29 330
17 62 24 43 -7 22 0 0.00 0.0 0 5.2 13 340 M M 3 17 300
18 58 26 42 -7 23 0 0.00 0.0 0 2.8 9 100 M M 3 14 160
19 77 23 50 1 15 0 0.00 0.0 0 4.6 20 360 M M 0 26 10
20 80 31 56 8 9 0 0.00 0.0 0 6.2 17 270 M M 0 24 240
21 79 32 56 8 9 0 0.00 0.0 0 5.2 10 300 M M 0 15 170
22 87 31 59 12 6 0 0.00 0.0 0 5.7 20 160 M M 0 24 160
23 86 38 62 15 3 0 T 0.0 0 15.3 32 210 M M 1 45 210
24 55 27 41 -5 24 0 0.00 0.0 0 14.8 36 300 M M 0 49 320
25 65 21 43 -3 22 0 0.00 0.0 0 4.4 13 280 M M 1 20 280
26 60 23 42 -4 23 0 T 0.0 0 7.7 21 110 M M 4 32 130
27 56 36 46 1 19 0 0.03 0.0 0 8.0 35 160 M M 7 49 170
28 67 33 50 5 15 0 0.00 0.0 0 4.9 10 280 M M 4 12 15 310
29 70 28 49 5 16 0 0.00 0.0 0 5.4 13 260 M M 0 17 250
30 67 24 46 2 19 0 0.00 0.0 0 4.7 13 20 M M 0 20 30
31 72 22 47 4 18 0 0.00 0.0 0 4.2 16 250 M M 0 20 250
================================================================================
SM 2204 1027 401 6 0.57 0.0 225.6 M 60
================================================================================
AV 71.1 33.1 7.3 FASTST M M 2 MAX(MPH)
MISC ----> 37 310 # 49 300
================================================================================
NOTES:
# LAST OF SEVERAL OCCURRENCES
COLUMN 17 PEAK WIND IN M.P.H.
PRELIMINARY LOCAL CLIMATOLOGICAL DATA (WS FORM: F-6) , PAGE 2
STATION: NORTH PLATTE
MONTH: OCTOBER
YEAR: 2022
LATITUDE: 41 7 N
LONGITUDE: 100 41 W
[TEMPERATURE DATA] [PRECIPITATION DATA] SYMBOLS USED IN COLUMN 16
AVERAGE MONTHLY: 52.1 TOTAL FOR MONTH: 0.57 1 = FOG OR MIST
DPTR FM NORMAL: 1.9 DPTR FM NORMAL: -1.08 2 = FOG REDUCING VISIBILITY
HIGHEST: 89 ON 2 GRTST 24HR 0.40 ON 7- 7 TO 1/4 MILE OR LESS
LOWEST: 21 ON 25 3 = THUNDER
SNOW, ICE PELLETS, HAIL 4 = ICE PELLETS
TOTAL MONTH: 0.0 INCH 5 = HAIL
GRTST 24HR 0.0 6 = FREEZING RAIN OR DRIZZLE
GRTST DEPTH: 0 7 = DUSTSTORM OR SANDSTORM:
VSBY 1/2 MILE OR LESS
8 = SMOKE OR HAZE
[NO. OF DAYS WITH] [WEATHER - DAYS WITH] 9 = BLOWING SNOW
X = TORNADO
MAX 32 OR BELOW: 0 0.01 INCH OR MORE: 4
MAX 90 OR ABOVE: 0 0.10 INCH OR MORE: 2
MIN 32 OR BELOW: 17 0.50 INCH OR MORE: 0
MIN 0 OR BELOW: 0 1.00 INCH OR MORE: 0
[HDD (BASE 65) ]
TOTAL THIS MO. 401 CLEAR (SCALE 0-3) 24
DPTR FM NORMAL -66 PTCLDY (SCALE 4-7) 6
TOTAL FM JUL 1 453 CLOUDY (SCALE 8-10) 1
DPTR FM NORMAL -148
[CDD (BASE 65) ]
TOTAL THIS MO. 6
DPTR FM NORMAL 0 [PRESSURE DATA]
TOTAL FM JAN 1 1314 HIGHEST SLP 30.62 ON 7
DPTR FM NORMAL 411 LOWEST SLP 29.09 ON 23
[REMARKS]
#FINAL-10-22#