000
CXUS54 KHGX 011535
CF6LBX
PRELIMINARY LOCAL CLIMATOLOGICAL DATA (WS FORM: F-6)
STATION: ANGLETON/LAKE_JACKS
MONTH: FEBRUARY
YEAR: 2022
LATITUDE: 29 6 N
LONGITUDE: 95 28 W
TEMPERATURE IN F: :PCPN: SNOW: WIND :SUNSHINE: SKY :PK WND
================================================================================
1 2 3 4 5 6A 6B 7 8 9 10 11 12 13 14 15 16 17 18
12Z AVG MX 2MIN
DY MAX MIN AVG DEP HDD CDD WTR SNW DPTH SPD SPD DIR MIN PSBL S-S WX SPD DR
================================================================================
1 70 52 61 5 4 0 0.15 0.0 0 4.9 14 40 M M 9 12 21 120
2 75 49 62 6 3 0 0.01 0.0 0 5.2 14 320 M M 10 12 23 310
3 56 31 44 -13 21 0 0.57 0.0 0 16.2 24 350 M M 10 13 35 360
4 36 27 32 -25 33 0 0.00 0.0 0 15.3 21 350 M M 10 32 350
5 52 27 40 -17 25 0 0.00 0.0 0 4.9 16 360 M M 1 20 360
6 58 29 44 -13 21 0 0.00 0.0 0 5.3 14 120 M M 5 8 20 100
7 65 46 56 -1 9 0 0.00 0.0 0 6.8 18 10 M M 2 29 10
8 66 33 50 -8 15 0 0.00 0.0 0 3.0 14 190 M M 0 21 170
9 72 34 53 -5 12 0 0.00 0.0 0 2.9 10 180 M M 0 1 21 200
10 72 37 55 -3 10 0 0.00 0.0 0 3.0 13 140 M M 2 128 19 140
11 75 40 58 0 7 0 0.00 0.0 0 3.8 20 170 M M 1 128 25 180
12 68 40 54 -4 11 0 T 0.0 0 12.2 33 10 M M 8 12 46 20
13 62 32 47 -11 18 0 0.00 0.0 0 7.0 16 360 M M 0 22 360
14 67 33 50 -9 15 0 0.00 0.0 0 3.8 16 180 M M 0 23 170
15 76 44 60 1 5 0 T 0.0 0 8.3 21 150 M M 7 1 26 150
16 78 63 71 12 0 6 T 0.0 0 15.8 31 170 M M 9 45 180
17 84 43 64 5 1 0 0.03 0.0 0 14.0 25 350 M M 6 18 38 330
18 60 37 49 -10 16 0 0.00 0.0 0 10.7 24 350 M M 0 34 340
19 65 41 53 -7 12 0 0.00 0.0 0 6.2 15 60 M M 0 22 80
20 69 45 57 -3 8 0 T 0.0 0 5.5 14 140 M M 9 18 20 150
21 82 63 73 13 0 8 T 0.0 0 19.9 31 180 M M 7 1 46 180
22 81 67 74 14 0 9 T 0.0 0 11.4 23 170 M M 9 1 32 190
23 71 41 56 -4 9 0 0.03 0.0 0 10.5 20 10 M M 10 18 26 360
24 54 41 48 -12 17 0 T 0.0 0 9.8 18 10 M M 10 18 26 350
25 48 41 45 -16 20 0 0.01 0.0 0 12.9 20 20 M M 10 26 20
26 46 43 45 -16 20 0 0.01 0.0 0 10.7 15 10 M M 10 1 21 10
27 62 41 52 -9 13 0 T 0.0 0 10.2 21 10 M M 6 18 28 10
28 67 31 49 -12 16 0 0.00 0.0 0 4.0 14 50 M M 0 20 80
================================================================================
SM 1837 1151 341 23 0.81 0.0 244.2 M 151
================================================================================
AV 65.6 41.1 8.7 FASTST M M 5 MAX(MPH)
MISC ----> 33 10 # 46 20
================================================================================
NOTES:
# LAST OF SEVERAL OCCURRENCES
COLUMN 17 PEAK WIND IN M.P.H.
PRELIMINARY LOCAL CLIMATOLOGICAL DATA (WS FORM: F-6) , PAGE 2
STATION: ANGLETON/LAKE_JACKS
MONTH: FEBRUARY
YEAR: 2022
LATITUDE: 29 6 N
LONGITUDE: 95 28 W
[TEMPERATURE DATA] [PRECIPITATION DATA] SYMBOLS USED IN COLUMN 16
AVERAGE MONTHLY: 53.4 TOTAL FOR MONTH: 0.81 1 = FOG OR MIST
DPTR FM NORMAL: -5.3 DPTR FM NORMAL: -1.42 2 = FOG REDUCING VISIBILITY
HIGHEST: 84 ON 17 GRTST 24HR 1.69 ON 31- 1 TO 1/4 MILE OR LESS
LOWEST: 27 ON 5, 4 3 = THUNDER
SNOW, ICE PELLETS, HAIL 4 = ICE PELLETS
TOTAL MONTH: 0.0 INCH 5 = HAIL
GRTST 24HR 0.0 6 = FREEZING RAIN OR DRIZZLE
GRTST DEPTH: 0 7 = DUSTSTORM OR SANDSTORM:
VSBY 1/2 MILE OR LESS
8 = SMOKE OR HAZE
[NO. OF DAYS WITH] [WEATHER - DAYS WITH] 9 = BLOWING SNOW
X = TORNADO
MAX 32 OR BELOW: 0 0.01 INCH OR MORE: 7
MAX 90 OR ABOVE: 0 0.10 INCH OR MORE: 2
MIN 32 OR BELOW: 6 0.50 INCH OR MORE: 1
MIN 0 OR BELOW: 0 1.00 INCH OR MORE: 0
[HDD (BASE 65) ]
TOTAL THIS MO. 341 CLEAR (SCALE 0-3) 11
DPTR FM NORMAL 127 PTCLDY (SCALE 4-7) 6
TOTAL FM JUL 1 872 CLOUDY (SCALE 8-10) 11
DPTR FM NORMAL -111
[CDD (BASE 65) ]
TOTAL THIS MO. 23
DPTR FM NORMAL -16 [PRESSURE DATA]
TOTAL FM JAN 1 50 HIGHEST SLP 30.61 ON 4
DPTR FM NORMAL -10 LOWEST SLP 29.77 ON 2
[REMARKS]
#FINAL-02-22#