000
CXUS52 KMLB 010723
CF6LEE
PRELIMINARY LOCAL CLIMATOLOGICAL DATA (WS FORM: F-6)
STATION: LEESBURG
MONTH: JANUARY
YEAR: 2023
LATITUDE: 28 49 N
LONGITUDE: 81 49 W
TEMPERATURE IN F: :PCPN: SNOW: WIND :SUNSHINE: SKY :PK WND
================================================================================
1 2 3 4 5 6A 6B 7 8 9 10 11 12 13 14 15 16 17 18
12Z AVG MX 2MIN
DY MAX MIN AVG DEP HDD CDD WTR SNW DPTH SPD SPD DIR MIN PSBL S-S WX SPD DR
================================================================================
1 79 61 70 10 0 5 0.00 0.0 0 1.1 7 120 M M 5 12 8 120
2 82 57 70 10 0 5 0.00 0.0 0 3.8 10 90 M M 2 12 14 110
3 81 59 70 10 0 5 0.00 0.0 0 3.6 14 170 M M 2 12 19 170
4 84 65 75 16 0 10 0.02 0.0 0 7.6 17 210 M M 6 22 220
5 75 60 68 9 0 3 0.29 0.0 0 4.3 12 270 M M 7 1 17 310
6 70 48 59 0 6 0 0.00 0.0 0 5.5 15 360 M M 0 20 340
7 71 43 57 -2 8 0 0.00 0.0 0 4.0 9 40 M M 0 12 20
8 76 46 61 2 4 0 0.00 0.0 0 3.9 13 150 M M 1 18 150
9 77 52 65 6 0 0 0.00 0.0 0 3.8 10 300 M M 1 12 15 300
10 71 51 61 2 4 0 0.00 0.0 0 4.2 10 290 M M 0 16 290
11 74 45 60 1 5 0 0.00 0.0 0 1.5 8 350 M M 0 1 12 340
12 79 51 65 6 0 0 0.00 0.0 0 6.8 13 170 M M 0 1 17 160
13 64 46 55 -4 10 0 0.41 0.0 0 11.7 21 280 M M 6 13 29 280
14 54 39 47 -12 18 0 0.00 0.0 0 9.9 17 320 M M 0 26 300
15 59 35 47 -12 18 0 0.00 0.0 0 4.5 12 20 M M 0 14 330
16 67 37 52 -7 13 0 0.00 0.0 0 2.3 8 300 M M 0 11 210
17 75 41 58 -1 7 0 0.00 0.0 0 4.6 15 200 M M 0 12 18 190
18 76 53 65 6 0 0 0.00 0.0 0 3.3 10 170 M M 0 1 13 170
19 82 57 70 11 0 5 0.00 0.0 0 7.6 14 220 M M 2 1 19 220
20 80 57 69 10 0 4 0.00 0.0 0 2.8 9 220 M M 2 1 14 220
21 65 55 60 1 5 0 0.04 0.0 0 6.5 14 40 M M 8 1 17 30
22 82 57 70 11 0 5 0.26 0.0 0 9.9 23 210 M M 4 1 34 200
23 67 53 60 1 5 0 T 0.0 0 6.6 17 340 M M 4 1 24 340
24 76 47 62 2 3 0 0.00 0.0 0 7.9 15 100 M M 0 19 100
25 85 61 73 13 0 8 0.18 0.0 0 10.2 20 200 M M 4 1 29 190
26 67 49 58 -2 7 0 0.02 0.0 0 7.6 15 270 M M 4 1 22 270
27 64 46 55 -5 10 0 0.00 0.0 0 7.5 16 30 M M 0 22 10
28 70 45 58 -2 7 0 0.00 0.0 0 8.7 15 40 M M 5 21 30
29 82 60 71 11 0 6 0.00 0.0 0 5.6 13 140 M M 4 17 150
30 85 61 73 13 0 8 0.00 0.0 0 2.7 8 160 M M 1 1 11 150
31 84 64 74 14 0 9 0.00 0.0 0 2.3 7 280 M M 3 1 10 290
================================================================================
SM 2303 1601 130 73 1.22 0.0 172.3 M 71
================================================================================
AV 74.3 51.6 5.6 FASTST M M 2 MAX(MPH)
MISC ----> 23 210 34 200
================================================================================
NOTES:
# LAST OF SEVERAL OCCURRENCES
COLUMN 17 PEAK WIND IN M.P.H.
PRELIMINARY LOCAL CLIMATOLOGICAL DATA (WS FORM: F-6) , PAGE 2
STATION: LEESBURG
MONTH: JANUARY
YEAR: 2023
LATITUDE: 28 49 N
LONGITUDE: 81 49 W
[TEMPERATURE DATA] [PRECIPITATION DATA] SYMBOLS USED IN COLUMN 16
AVERAGE MONTHLY: 63.0 TOTAL FOR MONTH: 1.22 1 = FOG OR MIST
DPTR FM NORMAL: 3.6 DPTR FM NORMAL: -1.29 2 = FOG REDUCING VISIBILITY
HIGHEST: 85 ON 30,25 GRTST 24HR 0.41 ON 13-13 TO 1/4 MILE OR LESS
LOWEST: 35 ON 15 3 = THUNDER
SNOW, ICE PELLETS, HAIL 4 = ICE PELLETS
TOTAL MONTH: 0.0 INCH 5 = HAIL
GRTST 24HR 0.0 6 = FREEZING RAIN OR DRIZZLE
GRTST DEPTH: 0 7 = DUSTSTORM OR SANDSTORM:
VSBY 1/2 MILE OR LESS
8 = SMOKE OR HAZE
[NO. OF DAYS WITH] [WEATHER - DAYS WITH] 9 = BLOWING SNOW
X = TORNADO
MAX 32 OR BELOW: 0 0.01 INCH OR MORE: 7
MAX 90 OR ABOVE: 0 0.10 INCH OR MORE: 4
MIN 32 OR BELOW: 0 0.50 INCH OR MORE: 0
MIN 0 OR BELOW: 0 1.00 INCH OR MORE: 0
[HDD (BASE 65) ]
TOTAL THIS MO. 130 CLEAR (SCALE 0-3) 19
DPTR FM NORMAL -82 PTCLDY (SCALE 4-7) 11
TOTAL FM JUL 1 324 CLOUDY (SCALE 8-10) 1
DPTR FM NORMAL -101
[CDD (BASE 65) ]
TOTAL THIS MO. 73
DPTR FM NORMAL 35 [PRESSURE DATA]
TOTAL FM JAN 1 73 HIGHEST SLP 30.41 ON 28
DPTR FM NORMAL 35 LOWEST SLP 29.85 ON 22
[REMARKS]
#FINAL-01-23#