000
CXUS54 KSHV 011300
CF6LFK
PRELIMINARY LOCAL CLIMATOLOGICAL DATA (WS FORM: F-6)
STATION: LUFKIN
MONTH: MAY
YEAR: 2022
LATITUDE: 31 14 N
LONGITUDE: 94 45 W
TEMPERATURE IN F: :PCPN: SNOW: WIND :SUNSHINE: SKY :PK WND
================================================================================
1 2 3 4 5 6A 6B 7 8 9 10 11 12 13 14 15 16 17 18
12Z AVG MX 2MIN
DY MAX MIN AVG DEP HDD CDD WTR SNW DPTH SPD SPD DIR MIN PSBL S-S WX SPD DR
================================================================================
1 89 71 80 10 0 15 0.04 0.0 0 4.4 15 150 M M 7 138 20 130
2 88 70 79 9 0 14 0.01 0.0 0 10.3 21 170 M M 4 1 28 160
3 85 66 76 6 0 11 0.05 0.0 0 9.2 17 140 M M 7 1 22 10
4 90 72 81 11 0 16 0.00 0.0 0 8.9 20 150 M M 5 1 25 160
5 88 66 77 6 0 12 0.86 0.0 0 7.4 28 120 M M 7 13 35 130
6 86 61 74 3 0 9 0.00 0.0 0 3.2 9 360 M M 3 1 12 360
7 90 69 80 9 0 15 0.33 0.0 0 6.7 14 150 M M 6 13 18 160
8 92 73 83 11 0 18 0.00 0.0 0 10.2 17 170 M M 5 18 27 150
9 93 75 84 12 0 19 0.00 0.0 0 11.2 21 150 M M 4 28 150
10 91 74 83 11 0 18 0.00 0.0 0 9.4 17 150 M M 3 22 140
11 92 69 81 9 0 16 0.00 0.0 0 5.7 13 140 M M 2 12 17 130
12 92 65 79 6 0 14 0.00 0.0 0 5.0 13 140 M M 0 16 180
13 91 65 78 5 0 13 0.00 0.0 0 5.1 15 160 M M 1 1 20 170
14 89 69 79 6 0 14 0.00 0.0 0 3.9 13 200 M M 2 17 220
15 90 69 80 6 0 15 0.00 0.0 0 4.9 13 210 M M 1 17 220
16 93 69 81 7 0 16 0.03 0.0 0 4.0 16 350 M M 1 3 24 360
17 93 68 81 7 0 16 0.00 0.0 0 5.3 15 160 M M 1 1 20 190
18 94 72 83 9 0 18 0.00 0.0 0 9.6 16 170 M M 2 23 170
19 93 71 82 7 0 17 0.00 0.0 0 10.4 20 160 M M 1 1 26 140
20 95 73 84 9 0 19 0.00 0.0 0 13.8 23 150 M M 4 32 170
21 95 70 83 8 0 18 0.41 0.0 0 10.9 20 300 M M 6 13 32 140
22 80 65 73 -2 0 8 0.40 0.0 0 5.8 12 350 M M 6 13 16 320
23 78 66 72 -4 0 7 0.00 0.0 0 5.1 13 80 M M 10 17 60
24 81 69 75 -1 0 10 0.43 0.0 0 8.2 22 170 M M 7 13 34 130
25 81 60 71 -5 0 6 0.75 0.0 0 5.7 18 120 M M 5 13 26 120
26 90 58 74 -2 0 9 0.00 0.0 0 6.0 20 250 M M 0 30 240
27 90 59 75 -2 0 10 0.00 0.0 0 3.0 14 320 M M 0 19 320
28 92 59 76 -1 0 11 0.00 0.0 0 5.2 13 150 M M 0 16 160
29 93 72 83 6 0 18 0.00 0.0 0 9.9 20 150 M M 4 27 190
30 93 72 83 6 0 18 0.00 0.0 0 12.0 22 160 M M 2 27 150
31 94 74 84 6 0 19 0.00 0.0 0 8.1 18 160 M M 4 23 150
================================================================================
SM 2781 2111 0 439 3.31 0.0 228.5 M 110
================================================================================
AV 89.7 68.1 7.4 FASTST M M 4 MAX(MPH)
MISC ----> 28 120 35 130
================================================================================
NOTES:
# LAST OF SEVERAL OCCURRENCES
COLUMN 17 PEAK WIND IN M.P.H.
PRELIMINARY LOCAL CLIMATOLOGICAL DATA (WS FORM: F-6) , PAGE 2
STATION: LUFKIN
MONTH: MAY
YEAR: 2022
LATITUDE: 31 14 N
LONGITUDE: 94 45 W
[TEMPERATURE DATA] [PRECIPITATION DATA] SYMBOLS USED IN COLUMN 16
AVERAGE MONTHLY: 78.9 TOTAL FOR MONTH: 3.31 1 = FOG OR MIST
DPTR FM NORMAL: 5.1 DPTR FM NORMAL: -1.33 2 = FOG REDUCING VISIBILITY
HIGHEST: 95 ON 21,20 GRTST 24HR 1.18 ON 24-25 TO 1/4 MILE OR LESS
LOWEST: 58 ON 26 3 = THUNDER
SNOW, ICE PELLETS, HAIL 4 = ICE PELLETS
TOTAL MONTH: 0.0 INCH 5 = HAIL
GRTST 24HR 0.0 6 = FREEZING RAIN OR DRIZZLE
GRTST DEPTH: 0 7 = DUSTSTORM OR SANDSTORM:
VSBY 1/2 MILE OR LESS
8 = SMOKE OR HAZE
[NO. OF DAYS WITH] [WEATHER - DAYS WITH] 9 = BLOWING SNOW
X = TORNADO
MAX 32 OR BELOW: 0 0.01 INCH OR MORE: 10
MAX 90 OR ABOVE: 21 0.10 INCH OR MORE: 6
MIN 32 OR BELOW: 0 0.50 INCH OR MORE: 2
MIN 0 OR BELOW: 0 1.00 INCH OR MORE: 0
[HDD (BASE 65) ]
TOTAL THIS MO. 0 CLEAR (SCALE 0-3) 15
DPTR FM NORMAL -7 PTCLDY (SCALE 4-7) 15
TOTAL FM JUL 1 1593 CLOUDY (SCALE 8-10) 1
DPTR FM NORMAL -377
[CDD (BASE 65) ]
TOTAL THIS MO. 439
DPTR FM NORMAL 161 [PRESSURE DATA]
TOTAL FM JAN 1 664 HIGHEST SLP 30.16 ON 22
DPTR FM NORMAL 222 LOWEST SLP 29.65 ON 25
[REMARKS]
#FINAL-05-22#