000
CXUS54 KSHV 011300
CF6LFK
PRELIMINARY LOCAL CLIMATOLOGICAL DATA (WS FORM: F-6)
STATION: LUFKIN
MONTH: JULY
YEAR: 2021
LATITUDE: 31 14 N
LONGITUDE: 94 45 W
TEMPERATURE IN F: :PCPN: SNOW: WIND :SUNSHINE: SKY :PK WND
================================================================================
1 2 3 4 5 6A 6B 7 8 9 10 11 12 13 14 15 16 17 18
12Z AVG MX 2MIN
DY MAX MIN AVG DEP HDD CDD WTR SNW DPTH SPD SPD DIR MIN PSBL S-S WX SPD DR
================================================================================
1 94 73 84 2 0 19 0.00 0.0 0 2.3 9 260 M M 1 12 250
2 92 76 84 2 0 19 0.02 0.0 0 2.6 13 230 M M 5 123 17 220
3 89 76 83 1 0 18 0.00 0.0 0 4.2 10 70 M M 8 12 15 80
4 91 72 82 0 0 17 0.00 0.0 0 4.4 12 100 M M 4 14 90
5 93 73 83 1 0 18 0.48 0.0 0 4.0 22 190 M M 7 13 30 180
6 92 72 82 0 0 17 1.21 0.0 0 3.4 44 70 M M 3 13 62 80
7 86 72 79 -3 0 14 0.32 0.0 0 2.9 21 200 M M 4 1 29 190
8 93 73 83 1 0 18 0.00 0.0 0 5.7 16 140 M M 2 22 130
9 89 74 82 0 0 17 0.07 0.0 0 6.8 20 190 M M 6 1 26 180
10 93 74 84 2 0 19 T 0.0 0 5.8 15 190 M M 6 123 18 200
11 87 71 79 -3 0 14 0.12 0.0 0 5.8 18 50 M M 3 13 23 290
12 82 68 75 -7 0 10 0.59 0.0 0 4.8 16 340 M M 5 13 27 330
13 93 68 81 -1 0 16 2.96 0.0 0 2.9 26 60 M M 2 123 40 70
14 92 70 81 -1 0 16 0.02 0.0 0 4.3 17 170 M M 1 3 23 150
15 90 75 83 1 0 18 0.39 0.0 0 5.7 23 170 M M 2 13 29 160
16 92 74 83 0 0 18 0.00 0.0 0 6.3 14 210 M M 4 123 20 180
17 93 76 85 2 0 20 0.00 0.0 0 5.0 12 170 M M 3 12 15 160
18 94 75 85 2 0 20 0.00 0.0 0 4.2 13 160 M M 1 15 150
19 88 74 81 -2 0 16 0.04 0.0 0 5.3 15 330 M M 4 21 330
20 90 73 82 -1 0 17 0.02 0.0 0 4.3 13 20 M M 5 13 17 10
21 92 73 83 0 0 18 0.16 0.0 0 4.0 14 60 M M 2 13 17 70
22 91 73 82 -1 0 17 T 0.0 0 3.1 14 180 M M 1 18 190
23 95 74 85 2 0 20 0.00 0.0 0 4.6 13 210 M M 3 22 220
24 95 76 86 3 0 21 0.00 0.0 0 5.0 12 220 M M 2 15 240
25 95 74 85 2 0 20 0.00 0.0 0 2.7 9 210 M M 2 1 13 260
26 96 75 86 3 0 21 0.00 0.0 0 1.9 9 180 M M 0 1 11 170
27 97 75 86 3 0 21 T 0.0 0 3.5 26 100 M M 1 3 33 100
28 96 74 85 2 0 20 0.00 0.0 0 2.9 9 100 M M 1 16 70
29 98 76 87 4 0 22 0.00 0.0 0 2.0 10 260 M M 1 13 14 260
30 97 76 87 4 0 22 0.00 0.0 0 2.0 8 190 M M 2 1 10 190
31 96 77 87 4 0 22 0.00 0.0 0 3.2 8 160 M M 1 12 190
================================================================================
SM 2861 2282 0 565 6.40 0.0 125.6 M 92
================================================================================
AV 92.3 73.6 4.1 FASTST M M 3 MAX(MPH)
MISC ----> 44 70 62 80
================================================================================
NOTES:
# LAST OF SEVERAL OCCURRENCES
COLUMN 17 PEAK WIND IN M.P.H.
PRELIMINARY LOCAL CLIMATOLOGICAL DATA (WS FORM: F-6) , PAGE 2
STATION: LUFKIN
MONTH: JULY
YEAR: 2021
LATITUDE: 31 14 N
LONGITUDE: 94 45 W
[TEMPERATURE DATA] [PRECIPITATION DATA] SYMBOLS USED IN COLUMN 16
AVERAGE MONTHLY: 83.0 TOTAL FOR MONTH: 6.40 1 = FOG OR MIST
DPTR FM NORMAL: 0.5 DPTR FM NORMAL: 3.06 2 = FOG REDUCING VISIBILITY
HIGHEST: 98 ON 29 GRTST 24HR 2.98 ON 13-14 TO 1/4 MILE OR LESS
LOWEST: 68 ON 13,12 3 = THUNDER
SNOW, ICE PELLETS, HAIL 4 = ICE PELLETS
TOTAL MONTH: 0.0 INCH 5 = HAIL
GRTST 24HR 0.0 6 = FREEZING RAIN OR DRIZZLE
GRTST DEPTH: 0 7 = DUSTSTORM OR SANDSTORM:
VSBY 1/2 MILE OR LESS
8 = SMOKE OR HAZE
[NO. OF DAYS WITH] [WEATHER - DAYS WITH] 9 = BLOWING SNOW
X = TORNADO
MAX 32 OR BELOW: 0 0.01 INCH OR MORE: 13
MAX 90 OR ABOVE: 25 0.10 INCH OR MORE: 8
MIN 32 OR BELOW: 0 0.50 INCH OR MORE: 3
MIN 0 OR BELOW: 0 1.00 INCH OR MORE: 2
[HDD (BASE 65) ]
TOTAL THIS MO. 0 CLEAR (SCALE 0-3) 20
DPTR FM NORMAL 0 PTCLDY (SCALE 4-7) 11
TOTAL FM JUL 1 0 CLOUDY (SCALE 8-10) 0
DPTR FM NORMAL 0
[CDD (BASE 65) ]
TOTAL THIS MO. 565
DPTR FM NORMAL 23 [PRESSURE DATA]
TOTAL FM JAN 1 1534 HIGHEST SLP 30.22 ON 13
DPTR FM NORMAL 104 LOWEST SLP 29.87 ON 26
[REMARKS]
#FINAL-07-21#