000
CXUS54 KLCH 010830
CF6LFT
PRELIMINARY LOCAL CLIMATOLOGICAL DATA (WS FORM: F-6)
STATION: LAFAYETTE
MONTH: JULY
YEAR: 2023
LATITUDE: 30 12 N
LONGITUDE: 92 0 W
TEMPERATURE IN F: :PCPN: SNOW: WIND :SUNSHINE: SKY :PK WND
================================================================================
1 2 3 4 5 6A 6B 7 8 9 10 11 12 13 14 15 16 17 18
12Z AVG MX 2MIN
DY MAX MIN AVG DEP HDD CDD WTR SNW DPTH SPD SPD DIR MIN PSBL S-S WX SPD DR
================================================================================
1 98 80 89 6 0 24 0.00 0.0 M 3.8 14 200 M M 2 18 16 210
2 98 81 90 7 0 25 0.00 0.0 M 5.3 14 210 M M 2 19 160
3 96 78 87 4 0 22 0.00 0.0 M 4.7 18 220 M M 1 13 27 210
4 95 79 87 4 0 22 T 0.0 M 4.5 21 220 M M 2 3 31 230
5 96 76 86 3 0 21 0.47 0.0 M 3.7 25 40 M M 5 138 36 30
6 93 76 85 2 0 20 0.06 0.0 M 4.8 17 210 M M 3 22 190
7 95 76 86 3 0 21 0.00 0.0 M 3.7 16 210 M M 2 38 26 200
8 90 78 84 1 0 19 T 0.0 M 6.2 22 180 M M 1 138 31 180
9 92 80 86 3 0 21 0.01 0.0 M 8.7 23 230 M M 3 138 33 230
10 95 79 87 4 0 22 0.02 0.0 M 5.3 28 360 M M 3 13 38 360
11 96 79 88 5 0 23 0.94 0.0 M 4.3 16 250 M M 3 13 24 240
12 96 80 88 5 0 23 0.00 0.0 M 7.7 17 230 M M 1 23 290
13 96 81 89 6 0 24 0.00 0.0 M 8.2 17 210 M M 3 24 220
14 95 79 87 4 0 22 0.00 0.0 M 6.8 15 200 M M 2 20 250
15 97 80 89 6 0 24 0.00 0.0 M 8.1 16 260 M M 2 21 250
16 98 73 86 3 0 21 1.22 0.0 M 7.7 24 40 M M 4 138 34 40
17 96 73 85 2 0 20 0.74 0.0 M 2.5 32 230 M M 3 13 47 220
18 96 76 86 3 0 21 0.00 0.0 M 4.4 13 180 M M 2 1 18 190
19 96 78 87 4 0 22 0.00 0.0 M 4.7 15 200 M M 2 1 19 210
20 98 79 89 5 0 24 0.00 0.0 M 4.3 13 200 M M 2 3 17 210
21 98 79 89 5 0 24 0.00 0.0 0 4.6 13 210 M M 3 17 240
22 98 78 88 4 0 23 0.09 0.0 M 6.3 25 360 M M 2 3 36 360
23 93 76 85 1 0 20 0.00 0.0 M 5.5 14 10 M M 4 20 50
24 95 72 84 0 0 19 0.00 0.0 M 2.8 9 50 M M 1 14 60
25 96 75 86 2 0 21 0.00 0.0 M 1.6 10 180 M M 0 1 17 170
26 96 75 86 2 0 21 0.00 0.0 M 1.6 8 210 M M 1 1 13 140
27 97 75 86 2 0 21 0.00 0.0 M 3.1 16 180 M M 1 26 180
28 97 75 86 2 0 21 0.00 0.0 M 3.5 13 180 M M 2 19 180
29 99 75 87 3 0 22 0.00 0.0 M 3.9 15 200 M M 2 21 200
30 101 77 89 5 0 24 0.00 0.0 M 5.2 13 230 M M 0 18 240
31 103 79 91 7 0 26 0.19 0.0 M 5.2 38 320 M M 1 38 53 330
================================================================================
SM 2985 2397 0 683 3.74 0.0 152.7 M 65
================================================================================
AV 96.3 77.3 4.9 FASTST M M 2 MAX(MPH)
MISC ----> 38 320 53 330
================================================================================
NOTES:
# LAST OF SEVERAL OCCURRENCES
COLUMN 17 PEAK WIND IN M.P.H.
PRELIMINARY LOCAL CLIMATOLOGICAL DATA (WS FORM: F-6) , PAGE 2
STATION: LAFAYETTE
MONTH: JULY
YEAR: 2023
LATITUDE: 30 12 N
LONGITUDE: 92 0 W
[TEMPERATURE DATA] [PRECIPITATION DATA] SYMBOLS USED IN COLUMN 16
AVERAGE MONTHLY: 86.8 TOTAL FOR MONTH: 3.74 1 = FOG OR MIST
DPTR FM NORMAL: 3.5 DPTR FM NORMAL: -2.53 2 = FOG REDUCING VISIBILITY
HIGHEST: 103 ON 31 GRTST 24HR 1.38 ON 16-17 TO 1/4 MILE OR LESS
LOWEST: 72 ON 24 3 = THUNDER
SNOW, ICE PELLETS, HAIL 4 = ICE PELLETS
TOTAL MONTH: 0.0 INCH 5 = HAIL
GRTST 24HR 0.0 6 = FREEZING RAIN OR DRIZZLE
GRTST DEPTH: 0 7 = DUSTSTORM OR SANDSTORM:
VSBY 1/2 MILE OR LESS
8 = SMOKE OR HAZE
[NO. OF DAYS WITH] [WEATHER - DAYS WITH] 9 = BLOWING SNOW
X = TORNADO
MAX 32 OR BELOW: 0 0.01 INCH OR MORE: 9
MAX 90 OR ABOVE: 31 0.10 INCH OR MORE: 5
MIN 32 OR BELOW: 0 0.50 INCH OR MORE: 3
MIN 0 OR BELOW: 0 1.00 INCH OR MORE: 1
[HDD (BASE 65) ]
TOTAL THIS MO. 0 CLEAR (SCALE 0-3) 25
DPTR FM NORMAL 0 PTCLDY (SCALE 4-7) 6
TOTAL FM JUL 1 0 CLOUDY (SCALE 8-10) 0
DPTR FM NORMAL 0
[CDD (BASE 65) ]
TOTAL THIS MO. 683
DPTR FM NORMAL 116 [PRESSURE DATA]
TOTAL FM JAN 1 2208 HIGHEST SLP 30.18 ON 25
DPTR FM NORMAL 507 LOWEST SLP 29.84 ON 22
[REMARKS]
#FINAL-07-23#