000
CXUS51 KOKX 010910
CF6LGA
PRELIMINARY LOCAL CLIMATOLOGICAL DATA (WS FORM: F-6)
STATION: LAGUARDIA NY
MONTH: APRIL
YEAR: 2023
LATITUDE: 40 46 N
LONGITUDE: 73 54 W
TEMPERATURE IN F: :PCPN: SNOW: WIND :SUNSHINE: SKY :PK WND
================================================================================
1 2 3 4 5 6A 6B 7 8 9 10 11 12 13 14 15 16 17 18
12Z AVG MX 2MIN
DY MAX MIN AVG DEP HDD CDD WTR SNW DPTH SPD SPD DIR MIN PSBL S-S WX SPD DR
================================================================================
1 71 51 61 13 4 0 0.36 0.0 0 12.7 30 320 M M 9 138 37 290
2 52 41 47 -1 18 0 0.00 0.0 0 17.8 35 310 M M 3 45 300
3 57 38 48 -1 17 0 0.00 0.0 0 10.7 24 180 M M 3 32 180
4 72 46 59 10 6 0 0.00 0.0 0 7.3 21 160 M M 5 18 24 160
5 54 45 50 0 15 0 0.01 0.0 0 13.0 20 60 M M 10 128 24 60
6 78 45 62 12 3 0 T 0.0 0 8.2 25 350 M M 9 128 30 350
7 59 44 52 2 13 0 0.00 0.0 0 15.2 26 320 M M 9 32 320
8 52 39 46 -5 19 0 0.00 0.0 0 9.0 18 330 M M 8 24 340
9 54 42 48 -3 17 0 0.00 0.0 0 9.8 18 190 M M 3 22 190
10 65 43 54 2 11 0 0.00 0.0 0 8.3 18 170 M M 1 23 170
11 75 51 63 11 2 0 0.00 0.0 0 10.0 24 270 M M 6 32 270
12 83 66 75 23 0 10 0.00 0.0 0 11.9 23 310 M M 6 30 290
13 89 62 76 23 0 11 0.00 0.0 0 9.4 18 220 M M 1 24 220
14 89 67 78 25 0 13 0.00 0.0 0 7.7 17 160 M M 6 22 190
15 73 54 64 10 1 0 T 0.0 0 8.7 15 60 M M 9 18 18 70
16 68 53 61 7 4 0 0.00 0.0 0 7.5 15 50 M M 9 1 23 50
17 68 51 60 6 5 0 0.01 0.0 0 12.1 25 280 M M 9 12 32 230
18 57 47 52 -3 13 0 0.00 0.0 0 16.4 28 300 M M 5 38 270
19 65 46 56 1 9 0 0.00 0.0 0 11.4 20 320 M M 6 28 270
20 63 45 54 -1 11 0 0.00 0.0 0 8.2 14 160 M M 6 18 50
21 70 51 61 5 4 0 0.00 0.0 0 11.1 20 140 M M 5 24 100
22 68 50 59 3 6 0 0.48 0.0 0 14.7 22 110 M M 10 138 25 60
23 67 51 59 3 6 0 1.46 0.0 0 9.0 20 300 M M 8 1 23 310
24 62 46 54 -3 11 0 0.00 0.0 0 8.6 18 320 M M 5 23 310
25 58 47 53 -4 12 0 0.00 0.0 0 5.9 15 300 M M 5 20 310
26 58 47 53 -5 12 0 T 0.0 0 8.7 17 180 M M 6 22 170
27 58 50 54 -4 11 0 T 0.0 0 7.3 16 50 M M 9 21 60
28 57 48 53 -5 12 0 0.35 0.0 0 12.3 22 100 M M 10 1 25 90
29 53 48 51 -8 14 0 2.49 0.0 0 15.7 23 60 M M 10 1 29 80
30 62 50 56 -3 9 0 3.09 0.0 0 12.0 22 50 M M 10 123 27 50
================================================================================
SM 1957 1464 265 34 8.25 0.0 320.6 M 201
================================================================================
AV 65.2 48.8 10.7 FASTST M M 7 MAX(MPH)
MISC ----> 35 310 45 300
================================================================================
NOTES:
# LAST OF SEVERAL OCCURRENCES
COLUMN 17 PEAK WIND IN M.P.H.
PRELIMINARY LOCAL CLIMATOLOGICAL DATA (WS FORM: F-6) , PAGE 2
STATION: LAGUARDIA NY
MONTH: APRIL
YEAR: 2023
LATITUDE: 40 46 N
LONGITUDE: 73 54 W
[TEMPERATURE DATA] [PRECIPITATION DATA] SYMBOLS USED IN COLUMN 16
AVERAGE MONTHLY: 57.0 TOTAL FOR MONTH: 8.25 1 = FOG OR MIST
DPTR FM NORMAL: 3.4 DPTR FM NORMAL: 4.40 2 = FOG REDUCING VISIBILITY
HIGHEST: 89 ON 14,13 GRTST 24HR 3.09 ON 30-30 TO 1/4 MILE OR LESS
LOWEST: 38 ON 3 3 = THUNDER
SNOW, ICE PELLETS, HAIL 4 = ICE PELLETS
TOTAL MONTH: 0.0 INCH 5 = HAIL
GRTST 24HR 0.0 6 = FREEZING RAIN OR DRIZZLE
GRTST DEPTH: 0 7 = DUSTSTORM OR SANDSTORM:
VSBY 1/2 MILE OR LESS
8 = SMOKE OR HAZE
[NO. OF DAYS WITH] [WEATHER - DAYS WITH] 9 = BLOWING SNOW
X = TORNADO
MAX 32 OR BELOW: 0 0.01 INCH OR MORE: 8
MAX 90 OR ABOVE: 0 0.10 INCH OR MORE: 6
MIN 32 OR BELOW: 0 0.50 INCH OR MORE: 3
MIN 0 OR BELOW: 0 1.00 INCH OR MORE: 3
[HDD (BASE 65) ]
TOTAL THIS MO. 265 CLEAR (SCALE 0-3) 5
DPTR FM NORMAL -86 PTCLDY (SCALE 4-7) 12
TOTAL FM JUL 1 3664 CLOUDY (SCALE 8-10) 13
DPTR FM NORMAL -592
[CDD (BASE 65) ]
TOTAL THIS MO. 34
DPTR FM NORMAL 24 [PRESSURE DATA]
TOTAL FM JAN 1 34 HIGHEST SLP M ON M
DPTR FM NORMAL 23 LOWEST SLP 29.00 ON 30
[REMARKS]
#FINAL-04-23#