000
CXUS54 KFWD 010731
CF6LHB
PRELIMINARY LOCAL CLIMATOLOGICAL DATA (WS FORM: F-6)
STATION: HEARNE
MONTH: JULY
YEAR: 2021
LATITUDE: 30 52 N
LONGITUDE: 96 36 W
TEMPERATURE IN F: :PCPN: SNOW: WIND :SUNSHINE: SKY :PK WND
================================================================================
1 2 3 4 5 6A 6B 7 8 9 10 11 12 13 14 15 16 17 18
12Z AVG MX 2MIN
DY MAX MIN AVG DEP HDD CDD WTR SNW DPTH SPD SPD DIR MIN PSBL S-S WX SPD DR
================================================================================
1 93 74 84 M 0 19 0.00 M M 0.0 M M M M 2 1 M M
2 93 77 85 M 0 20 T M M 0.0 M M M M 2 M M
3 82 76 79 M 0 14 0.01 M M 0.0 M M M M 7 3 M M
4 87 75 81 M 0 16 0.00 M M 0.0 M M M M 8 13 M M
5 91 74 83 M 0 18 0.05 M M 0.0 M M M M 6 1 M M
6 89 73 81 M 0 16 0.04 M M 0.0 M M M M 5 1 M M
7 89 73 81 M 0 16 0.00 M M 0.0 M M M M 3 M M
8 91 73 82 M 0 17 0.01 M M 0.0 M M M M 4 M M
9 84 72 78 M 0 13 M M M 0.0 M M M M 7 1 M M
10 93 74 84 M 0 19 0.01 M M 0.0 M M M M 6 1 M M
11 92 76 84 M 0 19 M M M 0.0 M M M M 4 M M
12 81 70 76 M 0 11 0.00 M M 0.0 M M M M 4 3 M M
13 92 71 82 M 0 17 0.01 M M 0.0 M M M M 4 M M
14 92 70 81 M 0 16 0.01 M M 0.0 M M M M 2 3 M M
15 92 76 84 M 0 19 M M M 2.6 10 140 M M 3 17 140
16 92 76 84 M 0 19 M M M 7.7 16 200 M M 4 21 200
17 93 75 84 M 0 19 M M M 4.5 10 200 M M 2 17 150
18 93 74 84 M 0 19 M M M 2.7 7 190 M M 1 M M
19 90 76 83 M 0 18 M M M 3.4 13 350 M M 2 M M
20 90 72 81 M 0 16 M M M 3.5 10 50 M M 5 18 50
21 90 73 82 M 0 17 0.41 M M 2.5 9 50 M M 2 3 20 40
22 92 73 83 M 0 18 0.00 M M 2.7 10 170 M M 2 13 20 180
23 94 74 84 M 0 19 0.01 M M 6.4 13 170 M M 4 1 18 200
24 95 76 86 M 0 21 0.00 M M 5.7 9 190 M M 2 1 M M
25 95 73 84 M 0 19 0.00 M M 2.6 8 170 M M 1 1 M M
26 95 73 84 M 0 19 0.00 M M 2.2 8 180 M M 1 M M
27 96 75 86 M 0 21 0.00 M M 1.8 6 150 M M 0 M M
28 97 76 87 M 0 22 0.00 M M 2.0 8 140 M M 1 17 160
29 97 75 86 M 0 21 0.00 M M 1.5 12 120 M M 2 3 16 120
30 96 75 86 M 0 21 0.00 M M 1.4 6 150 M M 1 M M
31 97 76 87 M 0 22 0.00 M M 3.2 7 170 M M 1 M M
================================================================================
SM 2843 2296 0 561 0.56 M 56.6 M 98
================================================================================
AV 91.7 74.1 1.8 FASTST M M 3 MAX(MPH)
MISC ----> 16 200 21 200
================================================================================
NOTES:
# LAST OF SEVERAL OCCURRENCES
COLUMN 17 PEAK WIND IN M.P.H.
PRELIMINARY LOCAL CLIMATOLOGICAL DATA (WS FORM: F-6) , PAGE 2
STATION: HEARNE
MONTH: JULY
YEAR: 2021
LATITUDE: 30 52 N
LONGITUDE: 96 36 W
[TEMPERATURE DATA] [PRECIPITATION DATA] SYMBOLS USED IN COLUMN 16
AVERAGE MONTHLY: 82.9 TOTAL FOR MONTH: 0.56 1 = FOG OR MIST
DPTR FM NORMAL: 0.0 DPTR FM NORMAL: M 2 = FOG REDUCING VISIBILITY
HIGHEST: 97 ON 31,29 GRTST 24HR 0.41 ON 21-21 TO 1/4 MILE OR LESS
LOWEST: 70 ON 14,12 3 = THUNDER
SNOW, ICE PELLETS, HAIL 4 = ICE PELLETS
TOTAL MONTH: M 5 = HAIL
GRTST 24HR M ON M 6 = FREEZING RAIN OR DRIZZLE
GRTST DEPTH: M ON M 7 = DUSTSTORM OR SANDSTORM:
VSBY 1/2 MILE OR LESS
8 = SMOKE OR HAZE
[NO. OF DAYS WITH] [WEATHER - DAYS WITH] 9 = BLOWING SNOW
X = TORNADO
MAX 32 OR BELOW: 0 0.01 INCH OR MORE: 9
MAX 90 OR ABOVE: 25 0.10 INCH OR MORE: 1
MIN 32 OR BELOW: 0 0.50 INCH OR MORE: 0
MIN 0 OR BELOW: 0 1.00 INCH OR MORE: 0
[HDD (BASE 65) ]
TOTAL THIS MO. 0 CLEAR (SCALE 0-3) 18
DPTR FM NORMAL M PTCLDY (SCALE 4-7) 13
TOTAL FM JUL 1 0 CLOUDY (SCALE 8-10) 0
DPTR FM NORMAL M
[CDD (BASE 65) ]
TOTAL THIS MO. 561
DPTR FM NORMAL M [PRESSURE DATA]
TOTAL FM JAN 1 1593 HIGHEST SLP M ON M
DPTR FM NORMAL M LOWEST SLP M ON M
[REMARKS]
#FINAL-07-21#