000
CXUS55 KPUB 011652
CF6LHX
PRELIMINARY LOCAL CLIMATOLOGICAL DATA (WS FORM: F-6)
STATION: LA JUNTA CO
MONTH: AUGUST
YEAR: 2020
LATITUDE: 38 2 N
LONGITUDE: 103 31 W
TEMPERATURE IN F: :PCPN: SNOW: WIND :SUNSHINE: SKY :PK WND
================================================================================
1 2 3 4 5 6A 6B 7 8 9 10 11 12 13 14 15 16 17 18
12Z AVG MX 2MIN
DY MAX MIN AVG DEP HDD CDD WTR SNW DPTH SPD SPD DIR MIN PSBL S-S WX SPD DR
================================================================================
1 91 59 75 -3 0 10 0.05 M M 6.5 25 360 M M 1 36 360
2 89 60 75 -3 0 10 0.00 M M 12.0 22 100 M M 0 8 31 90
3 89 60 75 -3 0 10 0.00 M M 15.2 26 100 M M 0 35 100
4 92 60 76 -2 0 11 0.03 M M 11.8 38 50 M M 1 66 60
5 95 62 79 1 0 14 0.06 M M 12.9 28 170 M M 1 8 36 160
6 96 66 81 3 0 16 0.00 M M 11.5 26 50 M M 1 18 40 40
7 102 61 82 5 0 17 0.00 M M 10.4 21 280 M M 0 28 280
8 103 63 83 6 0 18 0.00 M M 9.3 21 210 M M 0 29 210
9 104 60 82 5 0 17 0.00 M M 7.6 14 250 M M 0 20 260
10 98 60 79 2 0 14 0.00 M M 10.5 26 60 M M 0 34 60
11 102 61 82 5 0 17 0.00 M M 8.8 26 70 M M 0 8 35 80
12 100 65 83 6 0 18 0.00 M M 10.4 26 60 M M 1 34 50
13 101 68 85 8 0 20 0.00 M M 7.3 16 100 M M 2 1 17 220
14 104 66 85 8 0 20 0.00 M M 12.7 29 80 M M 0 40 70
15 97 63 80 4 0 15 0.00 M M 10.8 25 180 M M 1 12 33 170
16 98 63 81 5 0 16 T M M 10.6 35 110 M M 1 44 120
17 96 60 78 2 0 13 0.00 M M 10.3 21 120 M M 0 32 120
18 100 62 81 5 0 16 0.00 M M 6.6 15 210 M M 0 19 210
19 97 60 79 3 0 14 0.00 M M 9.6 23 80 M M 0 32 80
20 97 61 79 3 0 14 0.04 M M 8.5 32 320 M M 1 44 320
21 95 62 79 3 0 14 0.00 0.0 M 6.5 16 280 M M 1 21 280
22 103 62 83 8 0 18 0.00 0.0 M 6.8 17 210 M M 0 21 220
23 100 60 80 5 0 15 0.00 0.0 M 8.4 16 80 M M 0 8 22 90
24 102 59 81 6 0 16 0.00 0.0 M 6.8 17 160 M M 0 24 160
25 102 63 83 8 0 18 0.00 0.0 M 9.5 20 150 M M 0 28 150
26 101 63 82 7 0 17 0.00 0.0 M 8.8 26 330 M M 0 34 330
27 100 68 84 10 0 19 0.00 M M 6.5 17 220 M M 0 22 220
28 95 66 81 7 0 16 0.16 M M 13.7 25 20 M M 1 34 30
29 80 62 71 -3 0 6 0.04 M M 6.7 17 140 M M 2 1 24 130
30 96 56 76 2 0 11 0.00 M M 7.8 17 240 M M 1 12 22 230
31 81 52 67 -6 0 2 T 0.0 0 12.1 33 20 M M 0 47 20
================================================================================
SM 3006 1913 0 452 0.38 0.0 296.9 M 15
================================================================================
AV 97.0 61.7 9.6 FASTST M M 0 MAX(MPH)
MISC ----> 38 50 66 60
================================================================================
NOTES:
COLUMN 17 PEAK WIND IN M.P.H.
PRELIMINARY LOCAL CLIMATOLOGICAL DATA (WS FORM: F-6) , PAGE 2
STATION: LA JUNTA CO
MONTH: AUGUST
YEAR: 2020
LATITUDE: 38 2 N
LONGITUDE: 103 31 W
[TEMPERATURE DATA] [PRECIPITATION DATA] SYMBOLS USED IN COLUMN 16
AVERAGE MONTHLY: 79.3 TOTAL FOR MONTH: 0.38 1 = FOG OR MIST
DPTR FM NORMAL: 3.2 DPTR FM NORMAL: -1.22 2 = FOG REDUCING VISIBILITY
HIGHEST: 104 ON 9,14 GRTST 24HR 0.20 ON 28-29 TO 1/4 MILE OR LESS
LOWEST: 52 ON 31 3 = THUNDER
SNOW, ICE PELLETS, HAIL 4 = ICE PELLETS
TOTAL MONTH: 0.0 INCH 5 = HAIL
GRTST 24HR 0.0 6 = FREEZING RAIN OR DRIZZLE
GRTST DEPTH: 0 7 = DUSTSTORM OR SANDSTORM:
VSBY 1/2 MILE OR LESS
8 = SMOKE OR HAZE
[NO. OF DAYS WITH] [WEATHER - DAYS WITH] 9 = BLOWING SNOW
X = TORNADO
MAX 32 OR BELOW: 0 0.01 INCH OR MORE: 6
MAX 90 OR ABOVE: 27 0.10 INCH OR MORE: 1
MIN 32 OR BELOW: 0 0.50 INCH OR MORE: 0
MIN 0 OR BELOW: 0 1.00 INCH OR MORE: 0
[HDD (BASE 65) ]
TOTAL THIS MO. 0 CLEAR (SCALE 0-3) 31
DPTR FM NORMAL -3 PTCLDY (SCALE 4-7) 0
TOTAL FM JUL 1 0 CLOUDY (SCALE 8-10) 0
DPTR FM NORMAL -1
[CDD (BASE 65) ]
TOTAL THIS MO. 452
DPTR FM NORMAL 105 [PRESSURE DATA]
TOTAL FM JAN 1 1472 HIGHEST SLP 30.20 ON 17
DPTR FM NORMAL 394 LOWEST SLP 29.57 ON 30
[REMARKS]
#FINAL-08-20#