000
CXHW51 PHFO 011250
CF6LIH
PRELIMINARY LOCAL CLIMATOLOGICAL DATA (WS FORM: F-6)
STATION: LIHUE HI
MONTH: SEPTEMBER
YEAR: 2021
LATITUDE: 21 58 N
LONGITUDE: 159 21 W
TEMPERATURE IN F: :PCPN: SNOW: WIND :SUNSHINE: SKY :PK WND
================================================================================
1 2 3 4 5 6A 6B 7 8 9 10 11 12 13 14 15 16 17 18
12Z AVG MX 2MIN
DY MAX MIN AVG DEP HDD CDD WTR SNW DPTH SPD SPD DIR MIN PSBL S-S WX SPD DR
================================================================================
1 86 71 79 -1 0 14 0.03 M M 8.8 14 80 M M 3 1 17 60
2 88 78 83 3 0 18 T M M 13.9 20 70 M M 5 24 70
3 87 77 82 2 0 17 T M M 18.7 30 60 M M 5 8 35 60
4 87 78 83 3 0 18 0.03 M M 18.4 28 80 M M 6 33 30
5 87 75 81 1 0 16 0.05 M M 14.7 23 50 M M 7 8 28 40
6 87 73 80 0 0 15 T M M 12.4 17 40 M M 4 22 40
7 87 74 81 1 0 16 0.02 M M 12.3 23 60 M M 4 26 40
8 87 77 82 2 0 17 T M M 14.3 21 70 M M 5 24 70
9 87 75 81 1 0 16 0.00 M M 13.5 20 30 M M 3 23 60
10 86 72 79 -1 0 14 0.05 M M 10.1 24 50 M M 6 1 29 40
11 85 72 79 -1 0 14 0.11 M M 13.2 21 20 M M 5 1 25 20
12 86 74 80 0 0 15 0.07 M M 15.1 25 70 M M 5 18 31 70
13 86 75 81 1 0 16 T M M 15.6 21 50 M M 5 25 50
14 85 73 79 -1 0 14 0.17 M M 18.7 23 30 M M 5 24 60
15 84 72 78 -2 0 13 0.54 M M 14.4 24 40 M M 5 1 30 30
16 85 72 79 -1 0 14 0.32 M M 11.9 20 90 M M 6 1 25 70
17 84 77 81 1 0 16 0.01 M M 15.7 18 60 M M 6 30 70
18 84 73 79 -1 0 14 T M M 15.7 29 60 M M 5 1 36 60
19 82 72 77 -3 0 12 0.26 M M 15.2 29 90 M M 7 18 35 90
20 84 74 79 -1 0 14 0.05 M M 14.7 21 70 M M 6 1 24 80
21 83 74 79 -1 0 14 0.00 M M 16.2 22 70 M M 5 26 60
22 83 77 80 0 0 15 T M M 15.8 21 70 M M 4 25 80
23 83 72 78 -2 0 13 0.02 M M 14.1 24 90 M M 7 1 30 80
24 81 74 78 -2 0 13 0.13 M M 16.3 26 70 M M 8 18 30 70
25 84 74 79 -1 0 14 0.01 M M 14.2 25 90 M M 7 1 30 70
26 84 74 79 -1 0 14 0.03 M M 16.1 24 70 M M 6 18 28 80
27 84 76 80 0 0 15 T M M 16.1 24 40 M M 5 18 28 40
28 85 73 79 -1 0 14 0.02 M M 15.2 24 70 M M 7 18 28 70
29 84 74 79 -1 0 14 T M M 13.8 21 50 M M 5 18 26 70
30 84 74 79 -1 0 14 0.04 M M 14.8 22 40 M M 6 18 24 40
================================================================================
SM 2549 2226 0 443 1.96 M 439.9 M 163
================================================================================
AV 85.0 74.2 14.7 FASTST M M 5 MAX(MPH)
MISC ----> 30 60 36 60
================================================================================
NOTES:
# LAST OF SEVERAL OCCURRENCES
COLUMN 17 PEAK WIND IN M.P.H.
PRELIMINARY LOCAL CLIMATOLOGICAL DATA (WS FORM: F-6) , PAGE 2
STATION: LIHUE HI
MONTH: SEPTEMBER
YEAR: 2021
LATITUDE: 21 58 N
LONGITUDE: 159 21 W
[TEMPERATURE DATA] [PRECIPITATION DATA] SYMBOLS USED IN COLUMN 16
AVERAGE MONTHLY: 79.6 TOTAL FOR MONTH: 1.96 1 = FOG OR MIST
DPTR FM NORMAL: -0.4 DPTR FM NORMAL: -0.22 2 = FOG REDUCING VISIBILITY
HIGHEST: 88 ON 2 GRTST 24HR 0.77 ON 15-16 TO 1/4 MILE OR LESS
LOWEST: 71 ON 1 3 = THUNDER
SNOW, ICE PELLETS, HAIL 4 = ICE PELLETS
TOTAL MONTH: M 5 = HAIL
GRTST 24HR M ON M 6 = FREEZING RAIN OR DRIZZLE
GRTST DEPTH: M ON M 7 = DUSTSTORM OR SANDSTORM:
VSBY 1/2 MILE OR LESS
8 = SMOKE OR HAZE
[NO. OF DAYS WITH] [WEATHER - DAYS WITH] 9 = BLOWING SNOW
X = TORNADO
MAX 32 OR BELOW: 0 0.01 INCH OR MORE: 19
MAX 90 OR ABOVE: 0 0.10 INCH OR MORE: 6
MIN 32 OR BELOW: 0 0.50 INCH OR MORE: 1
MIN 0 OR BELOW: 0 1.00 INCH OR MORE: 0
[HDD (BASE 65) ]
TOTAL THIS MO. 0 CLEAR (SCALE 0-3) 0
DPTR FM NORMAL 0 PTCLDY (SCALE 4-7) 30
TOTAL FM JUL 1 0 CLOUDY (SCALE 8-10) 0
DPTR FM NORMAL 0
[CDD (BASE 65) ]
TOTAL THIS MO. 443
DPTR FM NORMAL -9 [PRESSURE DATA]
TOTAL FM JAN 1 3279 HIGHEST SLP 30.16 ON 27
DPTR FM NORMAL 193 LOWEST SLP 29.92 ON 1
[REMARKS]
#FINAL-09-21#