000
CXHW51 PHFO 011250
CF6LIH
PRELIMINARY LOCAL CLIMATOLOGICAL DATA (WS FORM: F-6)
STATION: LIHUE HI
MONTH: JULY
YEAR: 2021
LATITUDE: 21 58 N
LONGITUDE: 159 21 W
TEMPERATURE IN F: :PCPN: SNOW: WIND :SUNSHINE: SKY :PK WND
================================================================================
1 2 3 4 5 6A 6B 7 8 9 10 11 12 13 14 15 16 17 18
12Z AVG MX 2MIN
DY MAX MIN AVG DEP HDD CDD WTR SNW DPTH SPD SPD DIR MIN PSBL S-S WX SPD DR
================================================================================
1 88 76 82 3 0 17 0.01 M M 14.8 23 80 M M 6 8 27 70
2 87 78 83 4 0 18 0.04 M M 16.8 25 50 M M 8 18 30 60
3 87 75 81 2 0 16 0.04 M M 19.6 30 60 M M 6 18 36 60
4 87 76 82 3 0 17 0.11 M M 18.3 26 40 M M 8 18 32 40
5 87 76 82 3 0 17 0.02 M M 15.0 23 70 M M 7 8 26 80
6 87 74 81 2 0 16 0.15 M M 15.0 23 70 M M 7 18 26 70
7 86 74 80 1 0 15 0.04 M M 12.3 18 70 M M 5 1 22 80
8 86 73 80 1 0 15 0.02 M M 10.9 15 70 M M 5 20 30
9 86 76 81 2 0 16 T M M 11.5 15 70 M M 5 18 20
10 87 77 82 3 0 17 T M M 14.0 22 60 M M 4 27 60
11 88 75 82 3 0 17 0.04 M M 16.3 24 60 M M 5 8 31 60
12 86 75 81 1 0 16 0.44 M M 13.4 22 60 M M 8 18 27 50
13 87 77 82 2 0 17 0.01 M M 14.3 23 50 M M 7 8 27 50
14 85 75 80 0 0 15 0.16 M M 12.9 26 40 M M 8 18 32 50
15 86 75 81 1 0 16 0.25 M M 14.5 24 80 M M 7 18 29 70
16 86 75 81 1 0 16 0.02 M M 15.0 28 70 M M 8 18 33 70
17 86 74 80 0 0 15 0.07 M M 15.8 28 70 M M 8 18 32 70
18 85 77 81 1 0 16 0.02 M M 16.8 23 60 M M 8 8 28 80
19 86 76 81 1 0 16 T M M 17.4 25 70 M M 8 18 31 70
20 84 75 80 0 0 15 T M M 17.9 24 70 M M 6 8 30 50
21 83 75 79 -1 0 14 0.07 M M 17.1 24 70 M M 7 18 28 60
22 84 75 80 0 0 15 0.04 M M 17.9 24 70 M M 8 32 70
23 84 74 79 -1 0 14 0.02 M M 17.0 28 70 M M 9 18 34 60
24 85 76 81 1 0 16 0.08 M M 16.7 25 60 M M 9 18 32 60
25 86 77 82 2 0 17 0.04 M M 15.2 21 50 M M 7 18 26 50
26 87 79 83 3 0 18 T M M 13.9 20 60 M M 4 23 50
27 87 78 83 3 0 18 T M M 13.8 18 70 M M 7 21 50
28 87 77 82 2 0 17 0.07 M M 12.4 20 70 M M 7 1 23 70
29 87 77 82 2 0 17 T M M 14.4 21 80 M M 7 18 25 70
30 88 77 83 3 0 18 0.01 M M 14.6 21 80 M M 7 18 26 80
31 87 79 83 3 0 18 0.00 M M 16.8 21 70 M M 5 26 80
================================================================================
SM 2672 2353 0 505 1.77 M 472.3 M 211
================================================================================
AV 86.2 75.9 15.2 FASTST M M 7 MAX(MPH)
MISC ----> 30 60 36 60
================================================================================
NOTES:
# LAST OF SEVERAL OCCURRENCES
COLUMN 17 PEAK WIND IN M.P.H.
PRELIMINARY LOCAL CLIMATOLOGICAL DATA (WS FORM: F-6) , PAGE 2
STATION: LIHUE HI
MONTH: JULY
YEAR: 2021
LATITUDE: 21 58 N
LONGITUDE: 159 21 W
[TEMPERATURE DATA] [PRECIPITATION DATA] SYMBOLS USED IN COLUMN 16
AVERAGE MONTHLY: 81.0 TOTAL FOR MONTH: 1.77 1 = FOG OR MIST
DPTR FM NORMAL: 1.4 DPTR FM NORMAL: 0.02 2 = FOG REDUCING VISIBILITY
HIGHEST: 88 ON 30,11 GRTST 24HR 0.44 ON 11-12 TO 1/4 MILE OR LESS
LOWEST: 73 ON 8 3 = THUNDER
SNOW, ICE PELLETS, HAIL 4 = ICE PELLETS
TOTAL MONTH: M 5 = HAIL
GRTST 24HR M ON M 6 = FREEZING RAIN OR DRIZZLE
GRTST DEPTH: M ON M 7 = DUSTSTORM OR SANDSTORM:
VSBY 1/2 MILE OR LESS
8 = SMOKE OR HAZE
[NO. OF DAYS WITH] [WEATHER - DAYS WITH] 9 = BLOWING SNOW
X = TORNADO
MAX 32 OR BELOW: 0 0.01 INCH OR MORE: 23
MAX 90 OR ABOVE: 0 0.10 INCH OR MORE: 5
MIN 32 OR BELOW: 0 0.50 INCH OR MORE: 0
MIN 0 OR BELOW: 0 1.00 INCH OR MORE: 0
[HDD (BASE 65) ]
TOTAL THIS MO. 0 CLEAR (SCALE 0-3) 0
DPTR FM NORMAL 0 PTCLDY (SCALE 4-7) 26
TOTAL FM JUL 1 0 CLOUDY (SCALE 8-10) 5
DPTR FM NORMAL 0
[CDD (BASE 65) ]
TOTAL THIS MO. 505
DPTR FM NORMAL 52 [PRESSURE DATA]
TOTAL FM JAN 1 2315 HIGHEST SLP 30.15 ON 24
DPTR FM NORMAL 152 LOWEST SLP 29.96 ON 9
[REMARKS]
#FINAL-07-21#