980
CXUS56 KMFR 011000
CF6LMT
PRELIMINARY LOCAL CLIMATOLOGICAL DATA (WS FORM: F-6)
STATION: KLAMATH FALLS OR
MONTH: SEPTEMBER
YEAR: 2020
LATITUDE: 42 9 N
LONGITUDE: 121 44 W
TEMPERATURE IN F: :PCPN: SNOW: WIND :SUNSHINE: SKY :PK WND
================================================================================
1 2 3 4 5 6A 6B 7 8 9 10 11 12 13 14 15 16 17 18
12Z AVG MX 2MIN
DY MAX MIN AVG DEP HDD CDD WTR SNW DPTH SPD SPD DIR MIN PSBL S-S WX SPD DR
================================================================================
1 89 50 70 8 0 5 0.00 M M 4.4 12 60 M M 0 14 160
2 96 48 72 11 0 7 0.00 M M 4.6 15 330 M M 0 18 330
3 98 51 75 14 0 10 0.00 M M 2.9 12 300 M M 0 12 340
4 96 48 72 11 0 7 0.00 M M 2.7 16 180 M M 2 8 20 180
5 93 46 70 10 0 5 0.00 M M 1.8 9 290 M M 8 18 11 290
6 95 47 71 11 0 6 0.00 M M 2.8 17 330 M M 1 18 21 330
7 94 46 70 10 0 5 0.00 M M 10.4 28 50 M M 3 8 36 50
8 76 47 62 2 3 0 0.00 M M 12.0 24 60 M M 3 8 30 50
9 85 38 62 3 3 0 0.00 M M 4.7 15 170 M M 0 8 23 130
10 87 36 62 3 3 0 0.00 M M 2.4 12 150 M M 1 8 13 150
11 85 39 62 3 3 0 0.00 M M 2.1 12 340 M M 9 8 13 340
12 88 40 64 5 1 0 0.00 M M 3.0 18 270 M M 9 18 22 270
13 88 40 64 6 1 0 0.00 M M 4.9 23 180 M M 5 8 31 170
14 86 41 64 6 1 0 0.00 M M 7.9 23 150 M M 2 8 29 150
15 86 36 61 3 4 0 0.00 M M 4.5 18 160 M M 1 8 23 170
16 85 36 61 4 4 0 0.00 M M 4.3 16 180 M M 0 8 19 190
17 82 36 59 2 6 0 0.00 M M 8.1 26 200 M M 0 8 32 200
18 69 48 59 2 6 0 0.00 M M 9.5 18 280 M M 4 8 25 220
19 69 40 55 -1 10 0 0.00 M M 3.1 10 330 M M 4 18 15 300
20 78 32 55 -1 10 0 0.00 M M 2.1 10 340 M M 0 12 12 340
21 77 33 55 -1 10 0 0.00 M M 3.4 14 280 M M 0 8 18 270
22 76 38 57 1 8 0 0.00 M M 5.8 18 280 M M 0 18 22 280
23 78 38 58 3 7 0 0.00 M M 7.2 21 260 M M 1 18 26 260
24 67 40 54 -1 11 0 0.00 M M 7.3 18 350 M M 5 8 25 340
25 70 34 52 -3 13 0 T M M 8.8 23 260 M M 5 1 28 250
26 66 45 56 2 9 0 0.00 M M 7.4 20 330 M M 4 24 350
27 77 33 55 1 10 0 0.00 M M 6.2 17 50 M M 0 23 60
28 84 42 63 9 2 0 0.00 M M 6.4 14 60 M M 0 16 50
29 86 37 62 9 3 0 0.00 M M 2.6 13 170 M M 0 16 170
30 82 38 60 7 5 0 0.00 M M 1.9 8 330 M M 0 8 10 350
================================================================================
SM 2488 1223 133 45 T M 155.2 M 67
================================================================================
AV 82.9 40.8 5.2 FASTST M M 2 MAX(MPH)
MISC ----> # 28 50 # 36 50
================================================================================
NOTES:
# LAST OF SEVERAL OCCURRENCES
COLUMN 17 PEAK WIND IN M.P.H.
PRELIMINARY LOCAL CLIMATOLOGICAL DATA (WS FORM: F-6) , PAGE 2
STATION: KLAMATH FALLS OR
MONTH: SEPTEMBER
YEAR: 2020
LATITUDE: 42 9 N
LONGITUDE: 121 44 W
[TEMPERATURE DATA] [PRECIPITATION DATA] SYMBOLS USED IN COLUMN 16
AVERAGE MONTHLY: 61.9 TOTAL FOR MONTH: T 1 = FOG OR MIST
DPTR FM NORMAL: 4.4 DPTR FM NORMAL: -0.53 2 = FOG REDUCING VISIBILITY
HIGHEST: 98 ON 3 GRTST 24HR T ON 25-25 TO 1/4 MILE OR LESS
LOWEST: 32 ON 20 3 = THUNDER
SNOW, ICE PELLETS, HAIL 4 = ICE PELLETS
TOTAL MONTH: M 5 = HAIL
GRTST 24HR M ON M 6 = FREEZING RAIN OR DRIZZLE
GRTST DEPTH: M ON M 7 = DUSTSTORM OR SANDSTORM:
VSBY 1/2 MILE OR LESS
8 = SMOKE OR HAZE
[NO. OF DAYS WITH] [WEATHER - DAYS WITH] 9 = BLOWING SNOW
X = TORNADO
MAX 32 OR BELOW: 0 0.01 INCH OR MORE: 0
MAX 90 OR ABOVE: 6 0.10 INCH OR MORE: 0
MIN 32 OR BELOW: 1 0.50 INCH OR MORE: 0
MIN 0 OR BELOW: 0 1.00 INCH OR MORE: 0
[HDD (BASE 65) ]
TOTAL THIS MO. 133 CLEAR (SCALE 0-3) 20
DPTR FM NORMAL -104 PTCLDY (SCALE 4-7) 8
TOTAL FM JUL 1 201 CLOUDY (SCALE 8-10) 2
DPTR FM NORMAL -155
[CDD (BASE 65) ]
TOTAL THIS MO. 45
DPTR FM NORMAL 35 [PRESSURE DATA]
TOTAL FM JAN 1 304 HIGHEST SLP 30.34 ON 27
DPTR FM NORMAL 135 LOWEST SLP 29.73 ON 9
[REMARKS]
#FINAL-09-20#