000
CXUS56 KMFR 010930
CF6LMT
PRELIMINARY LOCAL CLIMATOLOGICAL DATA (WS FORM: F-6)
STATION: KLAMATH FALLS OR
MONTH: JULY
YEAR: 2023
LATITUDE: 42 9 N
LONGITUDE: 121 44 W
TEMPERATURE IN F: :PCPN: SNOW: WIND :SUNSHINE: SKY :PK WND
================================================================================
1 2 3 4 5 6A 6B 7 8 9 10 11 12 13 14 15 16 17 18
12Z AVG MX 2MIN
DY MAX MIN AVG DEP HDD CDD WTR SNW DPTH SPD SPD DIR MIN PSBL S-S WX SPD DR
================================================================================
1 93 49 71 7 0 6 0.00 M M 7.2 18 340 M M 0 24 350
2 94 51 73 9 0 8 0.00 M M 6.8 21 350 M M 0 27 360
3 91 51 71 7 0 6 0.00 M M 7.0 23 330 M M 0 30 340
4 89 55 72 7 0 7 0.00 M M 6.3 15 320 M M 0 20 320
5 91 49 70 5 0 5 0.00 M M 5.8 20 330 M M 1 25 330
6 89 51 70 5 0 5 0.00 M M 5.9 21 320 M M 0 31 180
7 88 49 69 3 0 4 0.00 M M 6.7 22 320 M M 0 29 280
8 88 48 68 2 0 3 0.00 M M 5.0 20 320 M M 1 24 330
9 87 46 67 1 0 2 0.00 M M 6.4 20 330 M M 0 26 330
10 82 45 64 -2 1 0 0.00 M M 6.5 14 250 M M 0 24 250
11 86 42 64 -3 1 0 0.00 M M 5.7 21 330 M M 0 25 280
12 85 48 67 0 0 2 0.00 M M 5.8 20 320 M M 0 30 320
13 86 48 67 0 0 2 0.00 M M 5.0 18 330 M M 0 8 23 320
14 92 51 72 5 0 7 0.00 M M 4.6 17 330 M M 0 21 330
15 98 55 77 9 0 12 0.00 M M 6.3 18 330 M M 0 23 330
16 96 54 75 7 0 10 0.00 M M 5.6 17 330 M M 0 21 330
17 88 51 70 2 0 5 0.00 M M 5.8 21 330 M M 0 27 310
18 92 50 71 3 0 6 0.00 M M 6.1 18 330 M M 0 24 320
19 93 51 72 4 0 7 0.00 M M 5.0 18 320 M M 0 24 320
20 93 53 73 5 0 8 0.00 M M 5.6 17 340 M M 0 23 340
21 95 48 72 4 0 7 0.00 M M 5.2 20 330 M M 0 25 320
22 95 49 72 4 0 7 0.00 M M 5.6 21 330 M M 0 25 330
23 92 50 71 3 0 6 0.00 M M 3.8 14 270 M M 0 20 210
24 85 51 68 0 0 3 0.00 M M 6.5 21 290 M M 0 27 290
25 86 46 66 -2 0 1 0.00 M M 6.0 18 330 M M 0 24 330
26 88 49 69 1 0 4 0.00 M M M 32 330 M M M 26 340
27 85 48 67 -1 0 2 0.00 M M 7.0 21 330 M M 1 30 330
28 88 46 67 -1 0 2 0.00 M M 5.0 18 220 M M 0 27 210
29 88 46 67 -1 0 2 0.00 M M 4.4 21 230 M M 0 29 200
30 86 45 66 -2 0 1 0.00 M M 5.4 21 330 M M 0 27 330
31 88 44 66 -2 0 1 0.00 M M 4.9 20 330 M M 0 26 320
================================================================================
SM 2777 1519 2 141 0.00 M 172.9 M 3
================================================================================
AV 89.6 49.0 5.8 FASTST M M 0 MAX(MPH)
MISC ----> 32 330 31 180
================================================================================
NOTES:
# LAST OF SEVERAL OCCURRENCES
COLUMN 17 PEAK WIND IN M.P.H.
PRELIMINARY LOCAL CLIMATOLOGICAL DATA (WS FORM: F-6) , PAGE 2
STATION: KLAMATH FALLS OR
MONTH: JULY
YEAR: 2023
LATITUDE: 42 9 N
LONGITUDE: 121 44 W
[TEMPERATURE DATA] [PRECIPITATION DATA] SYMBOLS USED IN COLUMN 16
AVERAGE MONTHLY: 69.3 TOTAL FOR MONTH: 0.00 1 = FOG OR MIST
DPTR FM NORMAL: 2.2 DPTR FM NORMAL: -0.22 2 = FOG REDUCING VISIBILITY
HIGHEST: 98 ON 15 GRTST 24HR 0.00 ON 1- 1 TO 1/4 MILE OR LESS
LOWEST: 42 ON 11 3 = THUNDER
SNOW, ICE PELLETS, HAIL 4 = ICE PELLETS
TOTAL MONTH: M 5 = HAIL
GRTST 24HR M ON M 6 = FREEZING RAIN OR DRIZZLE
GRTST DEPTH: M ON M 7 = DUSTSTORM OR SANDSTORM:
VSBY 1/2 MILE OR LESS
8 = SMOKE OR HAZE
[NO. OF DAYS WITH] [WEATHER - DAYS WITH] 9 = BLOWING SNOW
X = TORNADO
MAX 32 OR BELOW: 0 0.01 INCH OR MORE: 0
MAX 90 OR ABOVE: 13 0.10 INCH OR MORE: 0
MIN 32 OR BELOW: 0 0.50 INCH OR MORE: 0
MIN 0 OR BELOW: 0 1.00 INCH OR MORE: 0
[HDD (BASE 65) ]
TOTAL THIS MO. 2 CLEAR (SCALE 0-3) 30
DPTR FM NORMAL -39 PTCLDY (SCALE 4-7) 0
TOTAL FM JUL 1 2 CLOUDY (SCALE 8-10) 1
DPTR FM NORMAL -42
[CDD (BASE 65) ]
TOTAL THIS MO. 141
DPTR FM NORMAL 37 [PRESSURE DATA]
TOTAL FM JAN 1 161 HIGHEST SLP M ON M
DPTR FM NORMAL 33 LOWEST SLP 29.74 ON 7
[REMARKS]
#FINAL-07-23#