000
CXUS55 KRIW 011110
CF6LND
PRELIMINARY LOCAL CLIMATOLOGICAL DATA (WS FORM: F-6)
STATION: LANDER WY
MONTH: DECEMBER
YEAR: 2022
LATITUDE: 42 49 N
LONGITUDE: 108 44 W
TEMPERATURE IN F: :PCPN: SNOW: WIND :SUNSHINE: SKY :PK WND
================================================================================
1 2 3 4 5 6A 6B 7 8 9 10 11 12 13 14 15 16 17 18
12Z AVG MX 2MIN
DY MAX MIN AVG DEP HDD CDD WTR SNW DPTH SPD SPD DIR MIN PSBL S-S WX SPD DR
================================================================================
1 43 4 24 -1 41 0 0.00 0.0 5 16.2 47 220 M M 1 66 230
2 38 7 23 -2 42 0 T 0.0 5 10.2 30 270 M M 4 41 270
3 28 3 16 -8 49 0 0.00 0.0 5 3.7 10 20 M M 0 12 280
4 25 4 15 -9 50 0 0.00 0.0 5 4.7 14 350 M M 1 18 350
5 41 13 27 3 38 0 0.00 0.0 2 10.5 29 250 M M 0 41 250
6 37 11 24 1 41 0 0.00 0.0 2 3.7 14 250 M M 0 16 250
7 35 10 23 0 42 0 0.00 0.0 2 3.0 10 320 M M 0 10 320
8 38 11 25 2 40 0 0.00 0.0 2 5.0 10 130 M M 3 12 120
9 36 6 21 -1 44 0 0.00 0.0 1 5.9 23 250 M M 1 34 250
10 27 9 18 -4 47 0 0.00 0.0 1 4.4 13 240 M M 0 15 240
11 46 13 30 8 35 0 0.00 0.0 1 8.0 37 220 M M 0 51 220
12 32 17 25 3 40 0 0.49 5.4 1 6.6 16 330 M M 7 12 20 340
13 20 14 17 -4 48 0 0.27 2.4 7 8.4 18 140 M M 10 1 22 140
14 28 8 18 -3 47 0 0.00 0.0 7 2.5 13 240 M M 1 18 15 240
15 20 4 12 -9 53 0 0.15 1.3 8 7.2 17 150 M M 6 18 21 150
16 20 -3 9 -12 56 0 0.00 0.0 8 3.1 9 300 M M 0 12 320
17 7 -6 1 -20 64 0 0.00 0.0 7 1.1 8 270 M M 0 10 270
18 11 -6 3 -18 62 0 0.00 0.0 7 2.0 9 270 M M 0 11 260
19 28 -4 12 -8 53 0 0.00 0.0 7 5.1 17 250 M M 0 21 240
20 26 8 17 -3 48 0 0.00 0.0 7 5.1 14 320 M M 0 20 310
21 36 -18 9 -11 56 0 0.41 5.7 7 9.7 33 230 M M 7 128 47 210
22 -13 -32 -22 -42 87 0 0.00 0.0 12 2.7 12 240 M M 1 18 15 230
23 -9 -28 -18 -38 83 0 0.00 0.0 12 2.3 9 60 M M 0 10 60
24 10 -11 0 -20 65 0 0.00 0.0 12 3.6 12 340 M M 1 14 340
25 47 5 26 6 39 0 0.00 0.0 12 7.5 23 250 M M 2 28 270
26 32 17 25 5 40 0 0.00 0.0 12 3.5 16 340 M M 0 21 350
27 51 17 34 14 31 0 0.00 0.0 11 11.5 36 240 M M 0 48 240
28 41 16 29 9 36 0 0.00 0.0 11 10.6 29 240 M M 1 40 250
29 33 14 24 4 41 0 0.00 0.0 10 3.2 12 340 M M 3 15 250
30 32 8 20 0 45 0 0.00 0.0 10 4.3 12 10 M M 1 13 260
31 45 15 30 10 35 0 0.00 0.0 10 5.4 18 280 M M 3 29 290
================================================================================
SM 891 126 1498 0 1.32 14.8 180.7 M 53
================================================================================
AV 28.7 4.1 5.8 FASTST M M 2 MAX(MPH)
MISC ----> 47 220 66 230
================================================================================
NOTES:
# LAST OF SEVERAL OCCURRENCES
COLUMN 17 PEAK WIND IN M.P.H.
PRELIMINARY LOCAL CLIMATOLOGICAL DATA (WS FORM: F-6) , PAGE 2
STATION: LANDER WY
MONTH: DECEMBER
YEAR: 2022
LATITUDE: 42 49 N
LONGITUDE: 108 44 W
[TEMPERATURE DATA] [PRECIPITATION DATA] SYMBOLS USED IN COLUMN 16
AVERAGE MONTHLY: 16.4 TOTAL FOR MONTH: 1.32 1 = FOG OR MIST
DPTR FM NORMAL: -5.2 DPTR FM NORMAL: 0.69 2 = FOG REDUCING VISIBILITY
HIGHEST: 51 ON 27 GRTST 24HR 0.76 ON 12-13 TO 1/4 MILE OR LESS
LOWEST: -32 ON 22 3 = THUNDER
SNOW, ICE PELLETS, HAIL 4 = ICE PELLETS
TOTAL MONTH: 14.8 INCHES 5 = HAIL
GRTST 24HR 5.7 ON 21-21 6 = FREEZING RAIN OR DRIZZLE
GRTST DEPTH: 12 ON 26,25 7 = DUSTSTORM OR SANDSTORM:
VSBY 1/2 MILE OR LESS
8 = SMOKE OR HAZE
[NO. OF DAYS WITH] [WEATHER - DAYS WITH] 9 = BLOWING SNOW
X = TORNADO
MAX 32 OR BELOW: 17 0.01 INCH OR MORE: 4
MAX 90 OR ABOVE: 0 0.10 INCH OR MORE: 4
MIN 32 OR BELOW: 31 0.50 INCH OR MORE: 0
MIN 0 OR BELOW: 8 1.00 INCH OR MORE: 0
[HDD (BASE 65) ]
TOTAL THIS MO. 1498 CLEAR (SCALE 0-3) 26
DPTR FM NORMAL 151 PTCLDY (SCALE 4-7) 4
TOTAL FM JUL 1 3245 CLOUDY (SCALE 8-10) 1
DPTR FM NORMAL 68
[CDD (BASE 65) ]
TOTAL THIS MO. 0
DPTR FM NORMAL 0 [PRESSURE DATA]
TOTAL FM JAN 1 720 HIGHEST SLP 30.94 ON 22
DPTR FM NORMAL 235 LOWEST SLP 29.32 ON 27
[REMARKS]
#FINAL-12-22#