000
CXUS53 KMKX 010810
CF6LNR
PRELIMINARY LOCAL CLIMATOLOGICAL DATA (WS FORM: F-6)
STATION: LONE ROCK WI
MONTH: JULY
YEAR: 2022
LATITUDE: 43 12 N
LONGITUDE: 90 11 W
TEMPERATURE IN F: :PCPN: SNOW: WIND :SUNSHINE: SKY :PK WND
================================================================================
1 2 3 4 5 6A 6B 7 8 9 10 11 12 13 14 15 16 17 18
12Z AVG MX 2MIN
DY MAX MIN AVG DEP HDD CDD WTR SNW DPTH SPD SPD DIR MIN PSBL S-S WX SPD DR
================================================================================
1 80 57 69 -2 0 4 0.00 M M 5.2 14 280 M M 1 21 350
2 86 50 68 -4 0 3 0.16 M M 3.6 24 340 M M 3 12 31 320
3 88 60 74 2 0 9 0.00 M M 3.5 14 200 M M 4 12 21 200
4 79 59 69 -3 0 4 0.59 M M 4.5 12 150 M M 4 13 20 290
5 90 70 80 8 0 15 0.69 M M 4.5 18 150 M M 7 123 26 160
6 83 69 76 4 0 11 0.00 M M 5.3 15 10 M M 7 19 40
7 87 64 76 4 0 11 0.00 M M 2.9 12 70 M M 3 16 70
8 82 61 72 0 0 7 0.08 M M 6.5 16 60 M M 4 1 23 20
9 82 55 69 -3 0 4 0.00 M M 2.6 10 70 M M 1 17 70
10 83 54 69 -3 0 4 T M M 4.6 16 210 M M 3 123 20 200
11 87 70 79 7 0 14 T M M 8.7 22 290 M M 3 31 280
12 85 62 74 2 0 9 T M M 8.5 23 300 M M 1 34 310
13 81 58 70 -2 0 5 T M M 3.8 13 30 M M 2 17 30
14 84 54 69 -3 0 4 0.00 M M 4.4 12 140 M M 1 1 19 160
15 79 62 71 -1 0 6 0.78 M M 5.8 20 360 M M 7 13 28 320
16 80 62 71 -1 0 6 0.00 M M 3.6 10 10 M M 5 1 16 20
17 86 60 73 1 0 8 0.00 M M 2.3 10 330 M M 3 128 14 20
18 89 58 74 2 0 9 0.00 M M 3.3 12 280 M M 2 12 18 270
19 88 65 77 5 0 12 0.00 M M 7.5 21 180 M M 2 34 190
20 85 64 75 3 0 10 0.00 M M 9.5 21 270 M M 3 33 290
21 90 59 75 3 0 10 0.00 M M 7.2 20 290 M M 1 28 290
22 90 55 73 1 0 8 0.00 M M 3.8 15 240 M M 1 22 200
23 94 65 80 8 0 15 0.09 M M 4.1 21 350 M M 2 3 41 340
24 83 59 71 -1 0 6 0.06 M M 8.4 29 270 M M 4 13 47 270
25 78 55 67 -5 0 2 0.00 M M 2.7 12 330 M M 0 15 310
26 81 56 69 -3 0 4 0.00 0.0 0 1.7 10 170 M M 4 1 13 200
27 83 63 73 1 0 8 0.14 0.0 0 6.5 23 310 M M 4 1 31 310
28 79 57 68 -4 0 3 T M M 7.5 17 280 M M 2 24 280
29 80 53 67 -5 0 2 0.00 M M 4.7 15 290 M M 1 18 22 290
30 81 53 67 -5 0 2 0.00 M M 2.5 9 200 M M 3 12 14 190
31 83 57 70 -2 0 5 0.48 M M 6.8 17 190 M M 4 13 24 180
================================================================================
SM 2606 1846 0 220 3.07 0.0 156.5 M 92
================================================================================
AV 84.1 59.5 5.0 FASTST M M 3 MAX(MPH)
MISC ----> 29 270 47 270
================================================================================
NOTES:
# LAST OF SEVERAL OCCURRENCES
COLUMN 17 PEAK WIND IN M.P.H.
PRELIMINARY LOCAL CLIMATOLOGICAL DATA (WS FORM: F-6) , PAGE 2
STATION: LONE ROCK WI
MONTH: JULY
YEAR: 2022
LATITUDE: 43 12 N
LONGITUDE: 90 11 W
[TEMPERATURE DATA] [PRECIPITATION DATA] SYMBOLS USED IN COLUMN 16
AVERAGE MONTHLY: 71.8 TOTAL FOR MONTH: 3.07 1 = FOG OR MIST
DPTR FM NORMAL: -0.2 DPTR FM NORMAL: -1.47 2 = FOG REDUCING VISIBILITY
HIGHEST: 94 ON 23 GRTST 24HR 0.78 ON 15-15 TO 1/4 MILE OR LESS
LOWEST: 50 ON 2 3 = THUNDER
SNOW, ICE PELLETS, HAIL 4 = ICE PELLETS
TOTAL MONTH: 0.0 INCH 5 = HAIL
GRTST 24HR 0.0 6 = FREEZING RAIN OR DRIZZLE
GRTST DEPTH: 0 7 = DUSTSTORM OR SANDSTORM:
VSBY 1/2 MILE OR LESS
8 = SMOKE OR HAZE
[NO. OF DAYS WITH] [WEATHER - DAYS WITH] 9 = BLOWING SNOW
X = TORNADO
MAX 32 OR BELOW: 0 0.01 INCH OR MORE: 9
MAX 90 OR ABOVE: 4 0.10 INCH OR MORE: 6
MIN 32 OR BELOW: 0 0.50 INCH OR MORE: 3
MIN 0 OR BELOW: 0 1.00 INCH OR MORE: 0
[HDD (BASE 65) ]
TOTAL THIS MO. 0 CLEAR (SCALE 0-3) 18
DPTR FM NORMAL -7 PTCLDY (SCALE 4-7) 13
TOTAL FM JUL 1 0 CLOUDY (SCALE 8-10) 0
DPTR FM NORMAL 0
[CDD (BASE 65) ]
TOTAL THIS MO. 220
DPTR FM NORMAL -4 [PRESSURE DATA]
TOTAL FM JAN 1 451 HIGHEST SLP M ON M
DPTR FM NORMAL 39 LOWEST SLP 29.53 ON 20
[REMARKS]
#FINAL-07-22#