000
CXUS53 KARX 010930
CF6LSE
PRELIMINARY LOCAL CLIMATOLOGICAL DATA (WS FORM: F-6)
STATION: LA CROSSE WI
MONTH: JUNE
YEAR: 2020
LATITUDE: 43 52 N
LONGITUDE: 91 15 W
TEMPERATURE IN F: :PCPN: SNOW: WIND :SUNSHINE: SKY :PK WND
================================================================================
1 2 3 4 5 6A 6B 7 8 9 10 11 12 13 14 15 16 17 18
12Z AVG MX 2MIN
DY MAX MIN AVG DEP HDD CDD WTR SNW DPTH SPD SPD DIR MIN PSBL S-S WX SPD DR
================================================================================
1 87 62 75 10 0 10 0.07 0.0 0 14.2 28 180 M M 5 39 180
2 96 64 80 15 0 15 1.41 0.0 0 7.9 36 10 M M 2 13 58 340
3 88 61 75 10 0 10 0.00 0.0 0 4.5 14 280 M M 2 12 19 280
4 91 60 76 10 0 11 T 0.0 0 3.4 15 190 M M 1 19 190
5 85 65 75 9 0 10 0.56 0.0 0 7.8 22 290 M M 2 13 32 290
6 82 59 71 5 0 6 T 0.0 0 4.3 10 90 M M 2 17 90
7 85 61 73 6 0 8 0.08 0.0 0 11.6 22 160 M M 2 3 30 140
8 91 69 80 13 0 15 0.00 0.0 0 11.2 20 190 M M 0 25 200
9 83 68 76 9 0 11 1.91 0.0 0 9.7 28 320 M M 4 1 36 330
10 74 62 68 0 0 3 0.03 0.0 0 13.4 26 310 M M 6 1 39 310
11 82 57 70 2 0 5 0.00 0.0 0 10.6 26 300 M M 1 37 260
12 84 57 71 3 0 6 0.00 0.0 0 7.4 16 330 M M 2 20 340
13 72 54 63 -6 2 0 0.00 0.0 0 8.9 16 120 M M 4 21 120
14 78 50 64 -5 1 0 0.00 0.0 0 9.8 20 150 M M 0 30 130
15 82 60 71 2 0 6 0.00 0.0 0 11.4 20 150 M M 2 27 170
16 87 64 76 6 0 11 0.00 0.0 0 10.8 18 190 M M 0 26 190
17 88 61 75 5 0 10 0.00 0.0 0 10.0 23 170 M M 0 31 170
18 88 62 75 5 0 10 0.00 0.0 0 9.0 20 180 M M 1 28 180
19 78 68 73 3 0 8 0.20 0.0 0 5.8 17 190 M M 7 1 24 190
20 80 62 71 0 0 6 0.89 0.0 0 6.0 22 320 M M 9 1 29 320
21 87 59 73 2 0 8 0.93 0.0 0 9.3 31 330 M M 3 123 42 330
22 69 61 65 -6 0 0 0.45 0.0 0 3.6 14 330 M M 7 1 17 20
23 76 57 67 -5 0 2 T 0.0 0 5.6 25 300 M M 6 13 35 340
24 81 55 68 -4 0 3 T 0.0 0 5.4 17 10 M M 2 3 25 350
25 86 57 72 0 0 7 0.00 0.0 0 4.6 10 200 M M 2 12 14 220
26 83 68 76 4 0 11 0.69 0.0 0 5.4 17 190 M M 3 13 21 190
27 87 66 77 5 0 12 0.00 0.0 0 3.6 12 290 M M 1 1 15 290
28 89 64 77 4 0 12 0.00 0.0 0 9.6 20 170 M M 1 27 170
29 83 69 76 3 0 11 0.09 0.0 0 7.7 22 330 M M 4 13 32 320
30 91 71 81 8 0 16 0.00 0.0 0 8.4 17 140 M M 1 24 190
================================================================================
SM 2513 1853 3 243 7.31 0.0 240.9 M 82
================================================================================
AV 83.8 61.8 8.0 FASTST M M 3 MAX(MPH)
MISC ----> # 36 10 # 58 340
================================================================================
NOTES:
# LAST OF SEVERAL OCCURRENCES
COLUMN 17 PEAK WIND IN M.P.H.
PRELIMINARY LOCAL CLIMATOLOGICAL DATA (WS FORM: F-6) , PAGE 2
STATION: LA CROSSE WI
MONTH: JUNE
YEAR: 2020
LATITUDE: 43 52 N
LONGITUDE: 91 15 W
[TEMPERATURE DATA] [PRECIPITATION DATA] SYMBOLS USED IN COLUMN 16
AVERAGE MONTHLY: 72.8 TOTAL FOR MONTH: 7.31 1 = FOG OR MIST
DPTR FM NORMAL: 3.6 DPTR FM NORMAL: 2.97 2 = FOG REDUCING VISIBILITY
HIGHEST: 96 ON 2 GRTST 24HR 1.91 ON 9- 9 TO 1/4 MILE OR LESS
LOWEST: 50 ON 14 3 = THUNDER
SNOW, ICE PELLETS, HAIL 4 = ICE PELLETS
TOTAL MONTH: 0.0 INCH 5 = HAIL
GRTST 24HR 0.0 6 = FREEZING RAIN OR DRIZZLE
GRTST DEPTH: 0 7 = DUSTSTORM OR SANDSTORM:
VSBY 1/2 MILE OR LESS
8 = SMOKE OR HAZE
[NO. OF DAYS WITH] [WEATHER - DAYS WITH] 9 = BLOWING SNOW
X = TORNADO
MAX 32 OR BELOW: 0 0.01 INCH OR MORE: 12
MAX 90 OR ABOVE: 4 0.10 INCH OR MORE: 8
MIN 32 OR BELOW: 0 0.50 INCH OR MORE: 6
MIN 0 OR BELOW: 0 1.00 INCH OR MORE: 2
[HDD (BASE 65) ]
TOTAL THIS MO. 3 CLEAR (SCALE 0-3) 20
DPTR FM NORMAL -35 PTCLDY (SCALE 4-7) 9
TOTAL FM JUL 1 6664 CLOUDY (SCALE 8-10) 1
DPTR FM NORMAL -531
[CDD (BASE 65) ]
TOTAL THIS MO. 243
DPTR FM NORMAL 77 [PRESSURE DATA]
TOTAL FM JAN 1 297 HIGHEST SLP 30.35 ON 13
DPTR FM NORMAL 83 LOWEST SLP 29.24 ON 9
[REMARKS]
#FINAL-06-20#