000
CXUS54 KFWD 010830
CF6LUD
PRELIMINARY LOCAL CLIMATOLOGICAL DATA (WS FORM: F-6)
STATION: DECATUR
MONTH: DECEMBER
YEAR: 2021
LATITUDE: 33 15 N
LONGITUDE: 97 30 W
TEMPERATURE IN F: :PCPN: SNOW: WIND :SUNSHINE: SKY :PK WND
================================================================================
1 2 3 4 5 6A 6B 7 8 9 10 11 12 13 14 15 16 17 18
12Z AVG MX 2MIN
DY MAX MIN AVG DEP HDD CDD WTR SNW DPTH SPD SPD DIR MIN PSBL S-S WX SPD DR
================================================================================
1 73 53 63 16 2 0 0.00 M M 4.8 9 270 M M 0 16 200
2 78 53 66 19 0 1 0.00 M M 5.8 13 180 M M 0 21 180
3 73 60 67 21 0 2 0.00 M M 8.0 14 170 M M 0 17 180
4 74 52 63 17 2 0 0.00 M M 4.5 10 170 M M 1 1 16 190
5 75 49 62 16 3 0 0.00 M M 8.3 14 190 M M 3 23 190
6 67 36 52 7 13 0 0.00 M M 9.5 16 20 M M 2 30 360
7 55 30 43 -2 22 0 0.00 M M 2.9 9 130 M M 0 16 0
8 54 36 45 0 20 0 0.00 M M 6.9 12 150 M M 4 12 17 160
9 78 54 66 22 0 1 0.00 M M 9.8 15 170 M M 0 18 170
10 82 55 69 25 0 4 0.00 M M 10.5 18 210 M M 3 18 25 220
11 54 39 47 3 18 0 0.00 M M 8.4 22 330 M M 0 33 330
12 59 36 48 4 17 0 0.00 M M 9.8 17 170 M M 0 22 170
13 70 42 56 12 9 0 0.00 M M 9.4 13 160 M M 0 18 160
14 78 57 68 25 0 3 0.00 M M 10.7 17 220 M M 5 12 28 220
15 79 66 73 30 0 8 0.00 M M 13.7 25 200 M M 5 40 200
16 71 57 64 21 1 0 0.00 M M 7.0 13 180 M M 6 21 190
17 75 56 66 23 0 1 0.00 M M 7.5 15 190 M M 8 24 190
18 69 34 52 9 13 0 0.00 M M 10.7 17 360 M M 2 24 10
19 47 29 38 -4 27 0 0.00 M M 3.0 9 10 M M 0 M M
20 54 37 46 4 19 0 0.00 M M 5.1 10 100 M M 5 M M
21 64 36 50 8 15 0 0.00 M M 4.8 9 170 M M 0 1 M M
22 62 38 50 8 15 0 0.00 M M 6.1 9 120 M M 0 1 M M
23 76 48 62 20 3 0 0.00 M M 11.1 17 180 M M 1 1 24 170
24 84 58 71 29 0 6 0.00 M M 12.9 18 180 M M 0 25 180
25 80 59 70 28 0 5 0.00 M M 5.3 9 250 M M 0 18 250
26 80 59 70 28 0 5 0.00 M M 11.1 18 180 M M 2 12 25 160
27 77 60 69 27 0 4 0.00 M M 4.1 13 190 M M 0 18 17 190
28 77 58 68 26 0 3 0.00 M M 7.7 15 180 M M 2 1 22 220
29 74 54 64 22 1 0 0.08 M M 3.5 9 130 M M 2 M M
30 70 50 60 18 5 0 0.00 M M 4.6 12 170 M M 1 M M
31 65 58 62 20 3 0 0.16 M M 5.3 12 180 M M 3 1 18 180
================================================================================
SM 2174 1509 208 43 0.24 M 232.8 M 55
================================================================================
AV 70.1 48.7 7.5 FASTST M M 2 MAX(MPH)
MISC ----> 25 200 40 200
================================================================================
NOTES:
# LAST OF SEVERAL OCCURRENCES
COLUMN 17 PEAK WIND IN M.P.H.
PRELIMINARY LOCAL CLIMATOLOGICAL DATA (WS FORM: F-6) , PAGE 2
STATION: DECATUR
MONTH: DECEMBER
YEAR: 2021
LATITUDE: 33 15 N
LONGITUDE: 97 30 W
[TEMPERATURE DATA] [PRECIPITATION DATA] SYMBOLS USED IN COLUMN 16
AVERAGE MONTHLY: 59.4 TOTAL FOR MONTH: 0.24 1 = FOG OR MIST
DPTR FM NORMAL: 15.9 DPTR FM NORMAL: -2.27 2 = FOG REDUCING VISIBILITY
HIGHEST: 84 ON 24 GRTST 24HR 0.16 ON 31-31 TO 1/4 MILE OR LESS
LOWEST: 29 ON 19 3 = THUNDER
SNOW, ICE PELLETS, HAIL 4 = ICE PELLETS
TOTAL MONTH: M 5 = HAIL
GRTST 24HR M ON M 6 = FREEZING RAIN OR DRIZZLE
GRTST DEPTH: M ON M 7 = DUSTSTORM OR SANDSTORM:
VSBY 1/2 MILE OR LESS
8 = SMOKE OR HAZE
[NO. OF DAYS WITH] [WEATHER - DAYS WITH] 9 = BLOWING SNOW
X = TORNADO
MAX 32 OR BELOW: 0 0.01 INCH OR MORE: 2
MAX 90 OR ABOVE: 0 0.10 INCH OR MORE: 1
MIN 32 OR BELOW: 2 0.50 INCH OR MORE: 0
MIN 0 OR BELOW: 0 1.00 INCH OR MORE: 0
[HDD (BASE 65) ]
TOTAL THIS MO. 208 CLEAR (SCALE 0-3) 22
DPTR FM NORMAL -460 PTCLDY (SCALE 4-7) 9
TOTAL FM JUL 1 483 CLOUDY (SCALE 8-10) 0
DPTR FM NORMAL -662
[CDD (BASE 65) ]
TOTAL THIS MO. 43
DPTR FM NORMAL 42 [PRESSURE DATA]
TOTAL FM JAN 1 2512 HIGHEST SLP M ON M
DPTR FM NORMAL 418 LOWEST SLP M ON M
[REMARKS]
#FINAL-12-21#