000
CXUS56 KMTR 010900
CF6LVK
PRELIMINARY LOCAL CLIMATOLOGICAL DATA (WS FORM: F-6)
STATION: LIVERMORE AIRPORT
MONTH: JULY
YEAR: 2022
LATITUDE: 37 42 N
LONGITUDE: 121 49 W
TEMPERATURE IN F: :PCPN: SNOW: WIND :SUNSHINE: SKY :PK WND
================================================================================
1 2 3 4 5 6A 6B 7 8 9 10 11 12 13 14 15 16 17 18
12Z AVG MX 2MIN
DY MAX MIN AVG DEP HDD CDD WTR SNW DPTH SPD SPD DIR MIN PSBL S-S WX SPD DR
================================================================================
1 78 53 66 -5 0 1 0.00 M M 10.6 21 290 M M 3 25 300
2 69 55 62 -9 3 0 0.00 M M 12.1 24 270 M M 8 28 270
3 69 54 62 -9 3 0 T M M 12.5 18 270 M M 6 22 280
4 81 54 68 -4 0 3 0.00 M M 8.6 18 260 M M 7 24 270
5 82 60 71 -1 0 6 0.00 M M 10.3 21 300 M M 6 8 26 310
6 76 58 67 -5 0 2 0.00 M M 13.7 21 280 M M 5 28 280
7 81 56 69 -3 0 4 0.00 M M 8.7 20 270 M M 4 22 270
8 88 56 72 0 0 7 0.00 M M 8.0 18 290 M M 0 22 280
9 83 56 70 -2 0 5 0.00 M M 9.4 18 280 M M 0 21 280
10 98 56 77 5 0 12 0.00 M M 5.6 18 280 M M 0 21 290
11 96 64 80 8 0 15 0.00 M M 7.5 18 280 M M 0 22 310
12 87 59 73 1 0 8 0.00 M M 11.3 20 280 M M 1 24 270
13 85 58 72 0 0 7 0.00 M M 10.8 18 280 M M 3 24 290
14 89 57 73 1 0 8 0.00 M M 7.9 18 290 M M 0 22 290
15 85 54 70 -2 0 5 0.00 M M 8.2 15 310 M M 0 18 290
16 100 57 79 7 0 14 0.00 M M 6.2 14 310 M M 0 17 270
17 97 59 78 6 0 13 0.00 M M 7.1 17 290 M M 0 21 280
18 98 62 80 8 0 15 0.00 M M 8.0 21 290 M M 0 23 280
19 93 58 76 4 0 11 0.00 M M 8.3 20 290 M M 0 24 290
20 93 54 74 2 0 9 0.00 M M 8.8 17 300 M M 0 21 300
21 93 55 74 2 0 9 0.00 M M 8.9 16 280 M M 0 19 280
22 91 56 74 2 0 9 0.00 M M 9.2 20 290 M M 0 24 280
23 90 53 72 0 0 7 0.00 M M 7.9 14 300 M M 0 17 290
24 90 55 73 1 0 8 0.00 M M 7.7 16 300 M M 0 19 300
25 84 55 70 -2 0 5 0.00 M M 9.0 17 290 M M 2 21 290
26 87 58 73 1 0 8 T M M 10.1 18 290 M M 2 23 290
27 88 57 73 1 0 8 0.00 M M 9.4 17 290 M M 2 22 290
28 83 56 70 -2 0 5 0.00 M M 9.9 16 300 M M 1 19 280
29 83 58 71 -1 0 6 0.00 M M 10.3 20 290 M M 4 24 290
30 81 60 71 -1 0 6 0.00 M M 10.0 22 290 M M 4 27 290
31 79 59 69 -3 0 4 0.00 M M 9.1 20 300 M M 3 23 300
================================================================================
SM 2677 1762 6 220 T M 285.1 M 61
================================================================================
AV 86.4 56.8 9.2 FASTST M M 2 MAX(MPH)
MISC ----> 24 270 # 28 270
================================================================================
NOTES:
# LAST OF SEVERAL OCCURRENCES
COLUMN 17 PEAK WIND IN M.P.H.
PRELIMINARY LOCAL CLIMATOLOGICAL DATA (WS FORM: F-6) , PAGE 2
STATION: LIVERMORE AIRPORT
MONTH: JULY
YEAR: 2022
LATITUDE: 37 42 N
LONGITUDE: 121 49 W
[TEMPERATURE DATA] [PRECIPITATION DATA] SYMBOLS USED IN COLUMN 16
AVERAGE MONTHLY: 71.6 TOTAL FOR MONTH: T 1 = FOG OR MIST
DPTR FM NORMAL: -0.6 DPTR FM NORMAL: -0.00 2 = FOG REDUCING VISIBILITY
HIGHEST: 100 ON 16 GRTST 24HR T ON 3- 3 TO 1/4 MILE OR LESS
LOWEST: 53 ON 23, 1 3 = THUNDER
SNOW, ICE PELLETS, HAIL 4 = ICE PELLETS
TOTAL MONTH: M 5 = HAIL
GRTST 24HR M ON M 6 = FREEZING RAIN OR DRIZZLE
GRTST DEPTH: M ON M 7 = DUSTSTORM OR SANDSTORM:
VSBY 1/2 MILE OR LESS
8 = SMOKE OR HAZE
[NO. OF DAYS WITH] [WEATHER - DAYS WITH] 9 = BLOWING SNOW
X = TORNADO
MAX 32 OR BELOW: 0 0.01 INCH OR MORE: 0
MAX 90 OR ABOVE: 11 0.10 INCH OR MORE: 0
MIN 32 OR BELOW: 0 0.50 INCH OR MORE: 0
MIN 0 OR BELOW: 0 1.00 INCH OR MORE: 0
[HDD (BASE 65) ]
TOTAL THIS MO. 6 CLEAR (SCALE 0-3) 23
DPTR FM NORMAL 2 PTCLDY (SCALE 4-7) 8
TOTAL FM JUL 1 6 CLOUDY (SCALE 8-10) 0
DPTR FM NORMAL 6
[CDD (BASE 65) ]
TOTAL THIS MO. 220
DPTR FM NORMAL -6 [PRESSURE DATA]
TOTAL FM JAN 1 492 HIGHEST SLP M ON M
DPTR FM NORMAL 89 LOWEST SLP 29.76 ON 17
[REMARKS]
#FINAL-07-22#