000
CXUS56 KMTR 010900
CF6LVK
PRELIMINARY LOCAL CLIMATOLOGICAL DATA (WS FORM: F-6)
STATION: LIVERMORE AIRPORT
MONTH: MARCH
YEAR: 2022
LATITUDE: 37 42 N
LONGITUDE: 121 49 W
TEMPERATURE IN F: :PCPN: SNOW: WIND :SUNSHINE: SKY :PK WND
================================================================================
1 2 3 4 5 6A 6B 7 8 9 10 11 12 13 14 15 16 17 18
12Z AVG MX 2MIN
DY MAX MIN AVG DEP HDD CDD WTR SNW DPTH SPD SPD DIR MIN PSBL S-S WX SPD DR
================================================================================
1 74 39 57 5 8 0 0.00 M M 2.7 9 270 M M 0 12 270
2 73 40 57 5 8 0 0.00 M M 3.5 16 290 M M 0 20 290
3 60 43 52 0 13 0 T M M 3.0 10 290 M M 5 12 280
4 58 44 51 -2 14 0 0.01 M M 11.1 33 260 M M 8 1 40 270
5 57 35 46 -7 19 0 T M M 4.9 15 250 M M 4 23 250
6 64 30 47 -6 18 0 0.00 M M 3.7 15 280 M M 0 19 280
7 66 32 49 -4 16 0 0.00 M M 3.8 18 40 M M 0 22 40
8 73 33 53 0 12 0 0.00 M M 3.4 16 350 M M 0 21 40
9 68 36 52 -1 13 0 0.00 M M 5.8 15 280 M M 0 21 210
10 66 36 51 -2 14 0 0.00 M M 6.0 20 10 M M 0 1 25 360
11 73 33 53 0 12 0 0.00 M M 2.6 10 270 M M 0 8 13 300
12 72 34 53 0 12 0 0.00 M M 6.8 20 280 M M 2 24 280
13 64 42 53 0 12 0 T M M 6.4 16 280 M M 4 1 19 280
14 73 36 55 2 10 0 0.00 M M 3.1 17 280 M M 1 22 290
15 70 46 58 5 7 0 0.02 M M 5.7 16 270 M M 6 1 19 280
16 72 43 58 4 7 0 0.00 M M 3.7 14 280 M M 1 18 250
17 68 44 56 2 9 0 0.00 M M 5.9 18 290 M M 0 21 290
18 74 39 57 3 8 0 0.00 M M 3.9 16 270 M M 0 19 270
19 58 47 53 -1 12 0 0.02 M M 7.2 16 280 M M 7 19 250
20 70 38 54 0 11 0 0.00 M M 4.6 18 280 M M 0 21 270
21 76 39 58 4 7 0 0.00 M M 3.4 15 260 M M 0 17 290
22 82 50 66 12 0 1 0.00 M M 5.2 15 70 M M 0 20 90
23 80 49 65 11 0 0 0.00 M M 4.2 15 290 M M 0 17 280
24 79 43 61 7 4 0 0.00 M M 3.9 14 290 M M 0 18 290
25 76 46 61 7 4 0 0.00 M M 5.4 12 290 M M 3 14 300
26 75 41 58 4 7 0 0.00 M M 6.9 17 270 M M 0 21 280
27 68 48 58 4 7 0 0.09 M M 7.1 20 240 M M 2 27 200
28 64 49 57 3 8 0 0.34 M M 5.9 14 270 M M 8 1 17 50
29 64 48 56 2 9 0 0.00 M M 6.6 17 290 M M 6 22 290
30 61 47 54 0 11 0 0.00 M M 8.0 17 280 M M 5 21 280
31 69 42 56 1 9 0 0.00 M M 4.1 15 290 M M 2 1 18 290
================================================================================
SM 2147 1272 301 1 0.48 M 158.5 M 64
================================================================================
AV 69.3 41.0 5.1 FASTST M M 2 MAX(MPH)
MISC ----> 33 260 40 270
================================================================================
NOTES:
# LAST OF SEVERAL OCCURRENCES
COLUMN 17 PEAK WIND IN M.P.H.
PRELIMINARY LOCAL CLIMATOLOGICAL DATA (WS FORM: F-6) , PAGE 2
STATION: LIVERMORE AIRPORT
MONTH: MARCH
YEAR: 2022
LATITUDE: 37 42 N
LONGITUDE: 121 49 W
[TEMPERATURE DATA] [PRECIPITATION DATA] SYMBOLS USED IN COLUMN 16
AVERAGE MONTHLY: 55.1 TOTAL FOR MONTH: 0.48 1 = FOG OR MIST
DPTR FM NORMAL: 1.6 DPTR FM NORMAL: -1.77 2 = FOG REDUCING VISIBILITY
HIGHEST: 82 ON 22 GRTST 24HR 0.43 ON 27-28 TO 1/4 MILE OR LESS
LOWEST: 30 ON 6 3 = THUNDER
SNOW, ICE PELLETS, HAIL 4 = ICE PELLETS
TOTAL MONTH: M 5 = HAIL
GRTST 24HR M ON M 6 = FREEZING RAIN OR DRIZZLE
GRTST DEPTH: M ON M 7 = DUSTSTORM OR SANDSTORM:
VSBY 1/2 MILE OR LESS
8 = SMOKE OR HAZE
[NO. OF DAYS WITH] [WEATHER - DAYS WITH] 9 = BLOWING SNOW
X = TORNADO
MAX 32 OR BELOW: 0 0.01 INCH OR MORE: 5
MAX 90 OR ABOVE: 0 0.10 INCH OR MORE: 1
MIN 32 OR BELOW: 2 0.50 INCH OR MORE: 0
MIN 0 OR BELOW: 0 1.00 INCH OR MORE: 0
[HDD (BASE 65) ]
TOTAL THIS MO. 301 CLEAR (SCALE 0-3) 21
DPTR FM NORMAL -57 PTCLDY (SCALE 4-7) 10
TOTAL FM JUL 1 2066 CLOUDY (SCALE 8-10) 0
DPTR FM NORMAL -233
[CDD (BASE 65) ]
TOTAL THIS MO. 1
DPTR FM NORMAL 1 [PRESSURE DATA]
TOTAL FM JAN 1 1 HIGHEST SLP M ON M
DPTR FM NORMAL 1 LOWEST SLP 29.63 ON 27
[REMARKS]
#FINAL-03-22#