000
CXUS56 KMTR 010824
CLMLVK
CLIMATE REPORT
NATIONAL WEATHER SERVICE SAN FRANCISCO BAY AREA
1224 AM PST FRI MAR 01 2024
...................................
...THE LIVERMORE AIRPORT CLIMATE SUMMARY FOR THE MONTH OF FEBRUARY 2024...
CLIMATE NORMAL PERIOD: 1991 TO 2020
CLIMATE RECORD PERIOD: 1930 TO 2024
WEATHER OBSERVED NORMAL DEPART LAST YEAR`S
VALUE DATE(S) VALUE FROM VALUE DATE(S)
NORMAL
................................................................
TEMPERATURE (F)
RECORD
HIGH 80 MM
LOW 26 02/24/2018
02/27/2011
02/14/1949
HIGHEST 71 02/18 69 02/12
LOWEST 34 02/09 29 02/16
02/10
02/11
02/18
AVG. MAXIMUM 61.2 61.0 0.2 57.2
AVG. MINIMUM 41.6 35.9
MEAN 51.4 50.4 1.0 46.6
DAYS MAX >= 90 0 0
DAYS MAX <= 32 0 0
DAYS MIN <= 32 0 5
DAYS MIN <= 0 0 0
PRECIPITATION (INCHES)
RECORD
MAXIMUM 1.98 2023
MINIMUM 0.03 2022
TOTALS 2.80 2.92 -0.12 1.98
DAILY AVG. 0.10 0.07
DAYS >= .01 11 10
DAYS >= .10 10 4
DAYS >= .50 0 1
DAYS >= 1.00 0 0
GREATEST
24 HR. TOTAL 0.73 02/03 TO 02/04 0.68 02/23 TO 02/24
DEGREE DAYS
HEATING TOTAL 373 407 -34 512
SINCE 7/1 1564 1967 -403 MM
COOLING TOTAL 0 0 0 0
SINCE 1/1 0 0 0 MM
................................................................
WIND (MPH)
AVERAGE WIND SPEED 4.7
RESULTANT WIND SPEED/DIRECTION 1/170
HIGHEST WIND SPEED/DIRECTION 36/180 DATE 02/04
HIGHEST GUST SPEED/DIRECTION 52/190 DATE 02/04
SKY COVER
POSSIBLE SUNSHINE (PERCENT) MM
AVERAGE SKY COVER 0.39
NUMBER OF DAYS FAIR 12
NUMBER OF DAYS PC 11
NUMBER OF DAYS CLOUDY 5
AVERAGE RH (PERCENT) 74
WEATHER CONDITIONS. NUMBER OF DAYS WITH
THUNDERSTORM 0 MIXED PRECIP 0
HEAVY RAIN 5 RAIN 8
LIGHT RAIN 14 FREEZING RAIN 0
LT FREEZING RAIN 0 HAIL 0
HEAVY SNOW 0 SNOW 0
LIGHT SNOW 0 SLEET 0
FOG 16 FOG W/VIS <= 1/4 MILE 1
HAZE 1
- INDICATES NEGATIVE NUMBERS.
R INDICATES RECORD WAS SET OR TIED.
MM INDICATES DATA IS MISSING.
T INDICATES TRACE AMOUNT.
$$