000
CXUS56 KOTX 011010
CF6LWS
PRELIMINARY LOCAL CLIMATOLOGICAL DATA (WS FORM: F-6)
STATION: LEWISTON ID AIRPORT
MONTH: DECEMBER
YEAR: 2022
LATITUDE: 46 22 N
LONGITUDE: 117 1 W
TEMPERATURE IN F: :PCPN: SNOW: WIND :SUNSHINE: SKY :PK WND
================================================================================
1 2 3 4 5 6A 6B 7 8 9 10 11 12 13 14 15 16 17 18
12Z AVG MX 2MIN
DY MAX MIN AVG DEP HDD CDD WTR SNW DPTH SPD SPD DIR MIN PSBL S-S WX SPD DR
================================================================================
1 38 27 33 -4 32 0 0.21 T 0 3.0 9 180 M M 8 128 10 200
2 39 26 33 -4 32 0 T T 0 3.8 9 90 M M 4 1 12 90
3 35 24 30 -7 35 0 0.00 0.0 0 9.2 15 80 M M 0 18 80
4 28 22 25 -12 40 0 0.05 0.7 1 5.4 14 80 M M 7 18 18 80
5 30 25 28 -8 37 0 0.05 0.2 1 0.8 7 200 M M 10 18 7 200
6 35 25 30 -6 35 0 0.00 0.0 1 2.1 10 140 M M 6 18 10 130
7 30 23 27 -9 38 0 T M M 1.5 6 190 M M 9 128 8 90
8 38 25 32 -4 33 0 T T 1 8.1 21 100 M M 7 8 22 100
9 45 28 37 1 28 0 T 0.0 0 3.9 14 60 M M 5 1 17 60
10 43 34 39 3 26 0 T 0.0 T 3.6 10 130 M M 8 12 130
11 40 32 36 1 29 0 0.11 0.0 0 1.8 8 310 M M 8 1 11 300
12 37 35 36 1 29 0 0.01 0.0 0 4.8 10 310 M M 10 14 340
13 37 33 35 0 30 0 0.00 0.0 0 1.0 6 140 M M 10 6 130
14 34 32 33 -2 32 0 0.09 0.2 0 3.3 10 290 M M 10 128 13 330
15 34 26 30 -5 35 0 0.00 0.0 0 2.1 7 50 M M 9 9 290
16 33 22 28 -7 37 0 0.00 0.0 0 2.3 8 40 M M 7 9 40
17 35 21 28 -7 37 0 0.00 0.0 0 6.5 26 180 M M 0 34 180
18 36 23 30 -4 35 0 0.01 T M 13.1 28 190 M M 8 34 190
19 32 26 29 -5 36 0 0.13 0.7 0 2.5 9 290 M M 10 168 11 140
20 41 22 32 -2 33 0 0.04 1.0 2 7.8 22 200 M M 9 1 29 180
21 26 7 17 -17 48 0 0.00 0.5 2 6.8 16 270 M M 8 19 270
22 13 5 9 -25 56 0 0.00 0.0 2 4.0 10 70 M M 6 13 80
23 19 12 16 -18 49 0 0.19 1.7 2 3.5 9 290 M M 10 1468 11 280
24 47 19 33 -1 32 0 0.03 0.0 3 7.7 29 150 M M 8 18 37 150
25 45 31 38 4 27 0 0.03 M M 6.3 17 160 M M 7 1 21 110
26 53 40 47 13 18 0 0.08 0.0 0 9.2 18 160 M M 7 26 150
27 55 40 48 14 17 0 0.04 0.0 0 9.6 24 190 M M 8 32 200
28 49 31 40 6 25 0 0.00 0.0 0 4.9 18 260 M M 8 21 260
29 43 29 36 2 29 0 0.00 0.0 0 5.8 23 170 M M 4 29 180
30 50 37 44 10 21 0 0.03 0.0 0 8.2 18 160 M M 8 24 190
31 48 34 41 6 24 0 0.09 0.0 0 2.0 8 180 M M 7 28 9 230
================================================================================
SM 1168 816 1015 0 1.19 5.0 154.6 M 226
================================================================================
AV 37.7 26.3 5.0 FASTST M M 7 MAX(MPH)
MISC ----> 29 150 37 150
================================================================================
NOTES:
# LAST OF SEVERAL OCCURRENCES
COLUMN 17 PEAK WIND IN M.P.H.
PRELIMINARY LOCAL CLIMATOLOGICAL DATA (WS FORM: F-6) , PAGE 2
STATION: LEWISTON ID AIRPORT
MONTH: DECEMBER
YEAR: 2022
LATITUDE: 46 22 N
LONGITUDE: 117 1 W
[TEMPERATURE DATA] [PRECIPITATION DATA] SYMBOLS USED IN COLUMN 16
AVERAGE MONTHLY: 32.0 TOTAL FOR MONTH: 1.19 1 = FOG OR MIST
DPTR FM NORMAL: -3.2 DPTR FM NORMAL: 0.06 2 = FOG REDUCING VISIBILITY
HIGHEST: 55 ON 27 GRTST 24HR 0.22 ON 30- 1 TO 1/4 MILE OR LESS
LOWEST: 5 ON 22 3 = THUNDER
SNOW, ICE PELLETS, HAIL 4 = ICE PELLETS
TOTAL MONTH: 5.0 INCHES 5 = HAIL
GRTST 24HR 1.7 ON 23-23 6 = FREEZING RAIN OR DRIZZLE
GRTST DEPTH: 3 ON 24 7 = DUSTSTORM OR SANDSTORM:
VSBY 1/2 MILE OR LESS
8 = SMOKE OR HAZE
[NO. OF DAYS WITH] [WEATHER - DAYS WITH] 9 = BLOWING SNOW
X = TORNADO
MAX 32 OR BELOW: 7 0.01 INCH OR MORE: 16
MAX 90 OR ABOVE: 0 0.10 INCH OR MORE: 4
MIN 32 OR BELOW: 24 0.50 INCH OR MORE: 0
MIN 0 OR BELOW: 0 1.00 INCH OR MORE: 0
[HDD (BASE 65) ]
TOTAL THIS MO. 1015 CLEAR (SCALE 0-3) 2
DPTR FM NORMAL 90 PTCLDY (SCALE 4-7) 18
TOTAL FM JUL 1 2119 CLOUDY (SCALE 8-10) 11
DPTR FM NORMAL 12
[CDD (BASE 65) ]
TOTAL THIS MO. 0
DPTR FM NORMAL 0 [PRESSURE DATA]
TOTAL FM JAN 1 1150 HIGHEST SLP M ON M
DPTR FM NORMAL 238 LOWEST SLP 29.18 ON 27
[REMARKS]
#FINAL-12-22#