000
CXUS53 KILX 010900
CF6LWV
PRELIMINARY LOCAL CLIMATOLOGICAL DATA (WS FORM: F-6)
STATION: LAWRENCEVILLE IL AIRPORT
MONTH: OCTOBER
YEAR: 2021
LATITUDE: 38 45 N
LONGITUDE: 87 36 W
TEMPERATURE IN F: :PCPN: SNOW: WIND :SUNSHINE: SKY :PK WND
================================================================================
1 2 3 4 5 6A 6B 7 8 9 10 11 12 13 14 15 16 17 18
12Z AVG MX 2MIN
DY MAX MIN AVG DEP HDD CDD WTR SNW DPTH SPD SPD DIR MIN PSBL S-S WX SPD DR
================================================================================
1 86 62 74 10 0 9 0.00 M M 6.3 12 110 M M 1 15 100
2 75 65 70 7 0 5 1.12 M M 7.9 16 180 M M 9 1 23 210
3 80 64 72 9 0 7 0.14 M M 7.4 22 300 M M 7 13 27 250
4 82 61 72 9 0 7 0.00 M M 4.1 13 300 M M 5 12 16 310
5 81 61 71 9 0 6 T M M 5.4 10 60 M M 3 1 15 50
6 77 64 71 9 0 6 0.33 M M 6.2 13 110 M M 4 1 16 100
7 76 64 70 9 0 5 0.35 M M 5.6 14 270 M M 7 13 18 130
8 81 60 71 10 0 6 0.01 M M 2.5 12 260 M M 4 12 16 240
9 86 61 74 13 0 9 0.00 M M 7.5 15 190 M M 1 22 170
10 87 64 76 16 0 11 0.00 M M 10.7 22 190 M M 0 29 180
11 84 64 74 14 0 9 0.69 M M 13.4 31 160 M M 3 3 50 180
12 77 57 67 8 0 2 0.00 M M 6.3 15 240 M M 4 21 250
13 83 67 75 16 0 10 T M M 6.9 13 160 M M 3 18 170
14 83 66 75 16 0 10 0.41 M M 7.4 17 210 M M M 13 22 210
15 76 53 65 7 0 0 0.79 M M 10.2 26 330 M M M 13 37 320
16 65 44 55 -3 10 0 T M M 10.0 25 300 M M M 33 280
17 72 39 56 -1 9 0 0.00 M M 5.6 22 300 M M 0 30 290
18 73 43 58 1 7 0 0.00 M M 4.2 14 220 M M 0 19 220
19 72 43 58 2 7 0 0.00 M M 4.3 15 210 M M 0 18 20 180
20 76 48 62 6 3 0 0.00 M M 8.4 17 190 M M 0 25 200
21 67 53 60 4 5 0 0.00 M M 12.7 24 260 M M 7 8 33 250
22 55 44 50 -5 15 0 T M M 5.8 14 290 M M 8 1 17 280
23 62 43 53 -2 12 0 0.04 M M 4.1 12 200 M M 6 1 16 170
24 78 56 67 13 0 2 0.93 M M 14.6 29 210 M M 6 13 37 190
25 65 47 56 2 9 0 0.24 M M 15.4 26 260 M M 10 13 36 260
26 61 42 52 -1 13 0 0.00 M M 5.9 12 20 M M 1 17 50
27 64 38 51 -2 14 0 0.00 M M 8.3 16 90 M M 0 21 90
28 56 48 52 0 13 0 0.77 M M 9.7 18 90 M M 9 1 26 70
29 66 54 60 8 5 0 0.06 M M 8.5 18 330 M M 9 1 25 320
30 60 53 57 5 8 0 0.21 M M 11.0 17 320 M M 10 1 23 340
31 65 43 54 3 11 0 0.00 M M 9.3 23 310 M M 6 29 310
================================================================================
SM 2271 1671 141 104 6.09 M 245.6 M 123
================================================================================
AV 73.3 53.9 7.9 FASTST M M 4 MAX(MPH)
MISC ----> 31 160 50 180
================================================================================
NOTES:
# LAST OF SEVERAL OCCURRENCES
COLUMN 17 PEAK WIND IN M.P.H.
PRELIMINARY LOCAL CLIMATOLOGICAL DATA (WS FORM: F-6) , PAGE 2
STATION: LAWRENCEVILLE IL AIRPORT
MONTH: OCTOBER
YEAR: 2021
LATITUDE: 38 45 N
LONGITUDE: 87 36 W
[TEMPERATURE DATA] [PRECIPITATION DATA] SYMBOLS USED IN COLUMN 16
AVERAGE MONTHLY: 63.6 TOTAL FOR MONTH: 6.09 1 = FOG OR MIST
DPTR FM NORMAL: 6.0 DPTR FM NORMAL: 2.58 2 = FOG REDUCING VISIBILITY
HIGHEST: 87 ON 10 GRTST 24HR 1.23 ON 2- 3 TO 1/4 MILE OR LESS
LOWEST: 38 ON 27 3 = THUNDER
SNOW, ICE PELLETS, HAIL 4 = ICE PELLETS
TOTAL MONTH: M 5 = HAIL
GRTST 24HR M ON M 6 = FREEZING RAIN OR DRIZZLE
GRTST DEPTH: M ON M 7 = DUSTSTORM OR SANDSTORM:
VSBY 1/2 MILE OR LESS
8 = SMOKE OR HAZE
[NO. OF DAYS WITH] [WEATHER - DAYS WITH] 9 = BLOWING SNOW
X = TORNADO
MAX 32 OR BELOW: 0 0.01 INCH OR MORE: 14
MAX 90 OR ABOVE: 0 0.10 INCH OR MORE: 11
MIN 32 OR BELOW: 0 0.50 INCH OR MORE: 5
MIN 0 OR BELOW: 0 1.00 INCH OR MORE: 1
[HDD (BASE 65) ]
TOTAL THIS MO. 141 CLEAR (SCALE 0-3) 12
DPTR FM NORMAL -121 PTCLDY (SCALE 4-7) 11
TOTAL FM JUL 1 159 CLOUDY (SCALE 8-10) 8
DPTR FM NORMAL -144
[CDD (BASE 65) ]
TOTAL THIS MO. 104
DPTR FM NORMAL 69 [PRESSURE DATA]
TOTAL FM JAN 1 1564 HIGHEST SLP 30.25 ON 31
DPTR FM NORMAL 186 LOWEST SLP 29.42 ON 29
[REMARKS]
#FINAL-10-21#